2020-10-01 08:37:09.612 T:140297961023232 NOTICE: [plugin.video.elementum] INFO library ▶ func2 Trakt sync finished in 13.260460289s
2020-10-01 08:37:44.808 T:140297961023232 NOTICE: [plugin.video.elementum] DEBU main ▶ Notification Got notification from xbmc/Playlist.OnClear: {"playlistid":2}
2020-10-01 08:37:44.810 T:140298019657472 ERROR: CCurlFile::Stat - Failed: Weird server reply(8) for http://192.168.1.157:8080/IMG_20200929_213212.jpg?uri=1&token=Dcq2KV55iRoN
2020-10-01 08:37:44.927 T:140297961023232 NOTICE: [plugin.video.elementum] DEBU main ▶ Notification Got notification from xbmc/Playlist.OnClear: {"playlistid":2}
2020-10-01 08:37:44.939 T:140297961023232 NOTICE: [plugin.video.elementum] DEBU main ▶ Notification Got notification from xbmc/Playlist.OnAdd: {"item":{"file":"http://192.168.1.157:8080/IMG_20200929_213212.jpg?uri=1&token=Dcq2KV55iRoN","type":"picture"},"playlistid":2,"position":0}
2020-10-01 08:37:44.941 T:140297961023232 NOTICE: [plugin.video.elementum] DEBU main ▶ Notification Got notification from xbmc/Player.OnPlay: {"item":{"file":"http://192.168.1.157:8080/IMG_20200929_213212.jpg?uri=1&token=Dcq2KV55iRoN","type":"picture"},"player":{"playerid":2,"speed":1}}
2020-10-01 08:37:45.341 T:140297961023232 NOTICE: [plugin.video.elementum] WARN main ▶ Notification OnPlay. No active player found
2020-10-01 08:37:49.924 T:140298028050176 NOTICE: ES: Client from ::ffff:192.168.1.157 timed out
2020-10-01 08:38:09.121 T:140297754253056 ERROR: CCurlFile::Exists - Failed: Server returned nothing (no headers, no data)(52) for http://192.168.1.157:8080/IMG_20200928_173433.jpg?uri=0&token=Dcq2KV55iRoN
2020-10-01 08:38:11.044 T:140297961023232 NOTICE: [plugin.video.elementum] DEBU main ▶ Notification Got notification from xbmc/Playlist.OnClear: {"playlistid":2}
2020-10-01 08:38:11.428 T:140298019657472 ERROR: CCurlFile::Stat - Failed: Server returned nothing (no headers, no data)(52) for http://192.168.1.157:8080/IMG_20200929_213212.jpg?uri=1&token=Dcq2KV55iRoN
2020-10-01 08:38:11.476 T:140298019657472 ERROR: CCurlFile::FillBuffer - Failed: Server returned nothing (no headers, no data)(52)
2020-10-01 08:38:11.476 T:140298019657472 ERROR: CCurlFile::Open failed with code 0 for http://192.168.1.157:8080/IMG_20200929_213212.jpg?uri=1&token=Dcq2KV55iRoN:
2020-10-01 08:38:17.094 T:140297615894272 ERROR: CCurlFile::Exists - Failed: Server returned nothing (no headers, no data)(52) for http://192.168.1.157:8080/IMG_20200929_213212.jpg?uri=1&token=Dcq2KV55iRoN
2020-10-01 08:38:57.342 T:140297641072384 ERROR: Previous line repeats 3 times.
2020-10-01 08:38:57.342 T:140297641072384 ERROR: CCurlFile::FillBuffer - Failed: Transferred a partial file(18)
2020-10-01 08:38:57.344 T:140297641072384 WARNING: CCurlFile::FillBuffer - Reconnect, (re)try 1
2020-10-01 08:38:57.367 T:140297641072384 ERROR: CCurlFile::FillBuffer - Failed: Couldn't connect to server(7)
2020-10-01 08:38:57.367 T:140297641072384 WARNING: CCurlFile::FillBuffer - Reconnect, (re)try 2
2020-10-01 08:38:57.384 T:140297641072384 ERROR: CCurlFile::FillBuffer - Failed: Couldn't connect to server(7)
2020-10-01 08:38:57.693 T:140297961023232 NOTICE: [plugin.video.elementum] DEBU main ▶ Notification Got notification from xbmc/Playlist.OnClear: {"playlistid":2}
2020-10-01 08:38:57.696 T:140297961023232 NOTICE: [plugin.video.elementum] DEBU main ▶ Notification Got notification from xbmc/Playlist.OnAdd: {"item":{"file":"http://192.168.1.157:8080/IMG_20200929_213212.jpg?uri=1&token=Dcq2KV55iRoN","type":"picture"},"playlistid":2,"position":0}
2020-10-01 08:38:57.793 T:140297469130496 ERROR: CCurlFile::FillBuffer - Failed: Couldn't connect to server(7)
2020-10-01 08:38:57.793 T:140297469130496 ERROR: CCurlFile::Open failed with code 0 for http://192.168.1.157:8080/IMG_20200929_213212.jpg?uri=1&token=Dcq2KV55iRoN:
2020-10-01 08:38:57.799 T:140297961023232 NOTICE: [plugin.video.elementum] DEBU main ▶ Notification Got notification from xbmc/Player.OnPlay: {"item":{"file":"http://192.168.1.157:8080/IMG_20200929_213212.jpg?uri=1&token=Dcq2KV55iRoN","type":"picture"},"player":{"playerid":2,"speed":1}}
2020-10-01 08:38:58.200 T:140297961023232 NOTICE: [plugin.video.elementum] WARN main ▶ Notification OnPlay. No active player found
2020-10-01 08:38:58.210 T:140297961023232 NOTICE: [plugin.video.elementum] DEBU main ▶ Notification Got notification from xbmc/Player.OnStop: {"end":true,"item":{"file":"http://192.168.1.157:8080/IMG_20200929_213212.jpg?uri=1&token=Dcq2KV55iRoN","type":"picture"},"player":{"playerid":2}}
2020-10-01 08:39:01.830 T:140297494308608 WARNING: Repository add-on repository.elementum uses plain HTTP for add-on downloads in path http://127.0.0.1:65220/repository/elgatito/ - this is insecure and will make your Kodi installation vulnerable to attacks if enabled!
2020-10-01 08:39:13.105 T:140298019657472 WARNING: Previous line repeats 4 times.
2020-10-01 08:39:13.107 T:140298019657472 ERROR: CCurlFile::Stat - Failed: Weird server reply(8) for http://192.168.1.157:8080/DSC02469.JPG.jpg?uri=0&token=85H16BCyH6EV
2020-10-01 08:39:13.144 T:140297961023232 NOTICE: [plugin.video.elementum] DEBU main ▶ Notification Got notification from xbmc/Playlist.OnClear: {"playlistid":2}
2020-10-01 08:39:13.376 T:140297961023232 NOTICE: Previous line repeats 1 times.
2020-10-01 08:39:13.376 T:140297961023232 NOTICE: [plugin.video.elementum] DEBU main ▶ Notification Got notification from xbmc/Playlist.OnAdd: {"item":{"file":"http://192.168.1.157:8080/DSC02469.JPG.jpg?uri=0&token=85H16BCyH6EV","type":"picture"},"playlistid":2,"position":0}
2020-10-01 08:39:13.378 T:140297961023232 NOTICE: [plugin.video.elementum] DEBU main ▶ Notification Got notification from xbmc/Player.OnPlay: {"item":{"file":"http://192.168.1.157:8080/DSC02469.JPG.jpg?uri=0&token=85H16BCyH6EV","type":"picture"},"player":{"playerid":2,"speed":1}}
2020-10-01 08:39:13.777 T:140297961023232 NOTICE: [plugin.video.elementum] WARN main ▶ Notification OnPlay. No active player found
2020-10-01 08:39:14.348 T:140297494308608 ERROR: CCurlFile::FillBuffer - Failed: Server returned nothing (no headers, no data)(52)
2020-10-01 08:39:14.348 T:140297494308608 ERROR: CCurlFile::Open failed with code 0 for http://192.168.1.157:8080/DSC02469.JPG.jpg?uri=0&token=85H16BCyH6EV:
2020-10-01 08:39:14.365 T:140299580243584 ERROR: Error loading the current image 0: http://192.168.1.157:8080/DSC02469.JPG.jpg?uri=0&token=85H16BCyH6EV
2020-10-01 08:39:33.840 T:140298028050176 ERROR: Previous line repeats 792 times.
2020-10-01 08:39:33.841 T:140298028050176 NOTICE: ES: Client from ::ffff:192.168.1.157 timed out
2020-10-01 08:39:33.849 T:140299580243584 ERROR: Error loading the current image 0: http://192.168.1.157:8080/DSC02469.JPG.jpg?uri=0&token=85H16BCyH6EV
2020-10-01 08:41:47.284 T:140297519482624 ERROR: Previous line repeats 4569 times.
2020-10-01 08:41:47.284 T:140297519482624 NOTICE: WakeOnAccess [192.168.1.7] trigged by accessing : smb://192.168.1.7/Music/The Velvet Underground/Velvet Underground, The/1967. The Velvet Underground & Nico [POCP-1841]/01. Sunday Morning.flac
2020-10-01 08:41:47.300 T:140297519482624 NOTICE: WakeOnAccess success exit, server already running
2020-10-01 08:41:51.565 T:140297519482624 NOTICE: CDVDAudioCodecFFmpeg::Open() Successful opened audio decoder flac
2020-10-01 08:41:51.606 T:140297961023232 NOTICE: [plugin.video.elementum] DEBU main ▶ Notification Got notification from xbmc/Info.OnChanged: null
2020-10-01 08:41:51.607 T:140297961023232 NOTICE: [plugin.video.elementum] DEBU main ▶ Notification Got notification from xbmc/Player.OnPlay: {"item":{"id":19017,"type":"song"},"player":{"playerid":0,"speed":1}}
2020-10-01 08:41:52.173 T:140297961023232 NOTICE: [plugin.video.elementum] WARN main ▶ Notification OnPlay. No active player found
2020-10-01 08:41:52.178 T:140297961023232 NOTICE: [plugin.video.elementum] DEBU main ▶ Notification Got notification from xbmc/Application.OnVolumeChanged: {"muted":false,"volume":86.66665649414063}
2020-10-01 08:41:52.182 T:140297961023232 NOTICE: [plugin.video.elementum] DEBU main ▶ Notification Got notification from xbmc/Player.OnAVStart: {"item":{"id":19017,"type":"song"},"player":{"playerid":0,"speed":1}}
2020-10-01 08:41:56.351 T:140297961023232 NOTICE: [plugin.video.elementum] INFO library ▶ RefreshTrakt Running Trakt sync
2020-10-01 08:42:07.041 T:140297961023232 NOTICE: [plugin.video.elementum] DEBU main ▶ Notification Got notification from xbmc/Application.OnVolumeChanged: {"muted":false,"volume":89.99999237060547}
2020-10-01 08:42:07.639 T:140297961023232 NOTICE: [plugin.video.elementum] DEBU main ▶ Notification Got notification from xbmc/Application.OnVolumeChanged: {"muted":false,"volume":93.33332824707031}
2020-10-01 08:42:07.744 T:140297961023232 NOTICE: [plugin.video.elementum] DEBU main ▶ Notification Got notification from xbmc/Application.OnVolumeChanged: {"muted":false,"volume":96.66666412353516}
2020-10-01 08:42:07.756 T:140297961023232 NOTICE: [plugin.video.elementum] DEBU main ▶ Notification Got notification from xbmc/Application.OnVolumeChanged: {"muted":false,"volume":100.0}
2020-10-01 08:42:27.237 T:140297961023232 NOTICE: Previous line repeats 8 times.
2020-10-01 08:42:27.237 T:140297961023232 NOTICE: [plugin.video.elementum] WARN library ▶ RefreshTraktWatched Got error from getting watched shows: Bad status getting sync/watched/shows: 524
2020-10-01 08:42:27.238 T:140297961023232 NOTICE: [plugin.video.elementum] DEBU library ▶ func1 Trakt sync watched for '3' finished in 30.335430796s
2020-10-01 08:42:27.252 T:140297961023232 NOTICE: [plugin.video.elementum] DEBU library ▶ RefreshUIDsRunner UIDs refresh finished in 18.878582ms
2020-10-01 08:42:27.253 T:140297961023232 NOTICE: [plugin.video.elementum] INFO library ▶ func2 Trakt sync finished in 30.901137226s
2020-10-01 08:43:27.302 T:140298277590784 WARNING: Repository add-on repository.elementum uses plain HTTP for add-on downloads in path http://127.0.0.1:65220/repository/elgatito/ - this is insecure and will make your Kodi installation vulnerable to attacks if enabled!
2020-10-01 08:44:39.363 T:140297632679680 NOTICE: CDVDAudioCodecFFmpeg::Open() Successful opened audio decoder flac
2020-10-01 08:44:44.350 T:140297961023232 NOTICE: [plugin.video.elementum] DEBU main ▶ Notification Got notification from xbmc/Player.OnAVStart: {"item":{"id":19018,"type":"song"},"player":{"playerid":0,"speed":1}}
2020-10-01 08:44:44.507 T:140297961023232 NOTICE: [plugin.video.elementum] DEBU main ▶ Notification Got notification from xbmc/Info.OnChanged: null
2020-10-01 08:44:44.509 T:140297961023232 NOTICE: [plugin.video.elementum] DEBU main ▶ Notification Got notification from xbmc/Player.OnPlay: {"item":{"id":19018,"type":"song"},"player":{"playerid":0,"speed":1}}
2020-10-01 08:44:44.915 T:140297961023232 NOTICE: [plugin.video.elementum] WARN main ▶ Notification OnPlay. No active player found
2020-10-01 08:44:44.918 T:140297961023232 NOTICE: [plugin.video.elementum] DEBU main ▶ Notification Got notification from xbmc/AudioLibrary.OnUpdate: {"id":19017,"type":"song"}
2020-10-01 08:46:56.353 T:140297961023232 NOTICE: [plugin.video.elementum] INFO library ▶ RefreshTrakt Running Trakt sync
2020-10-01 08:47:00.804 T:140297961023232 NOTICE: [plugin.video.elementum] DEBU trakt ▶ SetMultipleWatched Setting watch state for 5 episode items
2020-10-01 08:47:01.358 T:140297961023232 NOTICE: [plugin.video.elementum] DEBU library ▶ func1 Trakt sync watched for '3' finished in 4.469863989s
2020-10-01 08:47:01.371 T:140297961023232 NOTICE: [plugin.video.elementum] DEBU library ▶ RefreshUIDsRunner UIDs refresh finished in 12.99274ms
2020-10-01 08:47:01.373 T:140297961023232 NOTICE: [plugin.video.elementum] INFO library ▶ func2 Trakt sync finished in 5.021867226s
2020-10-01 08:49:16.204 T:140297632679680 NOTICE: CDVDAudioCodecFFmpeg::Open() Successful opened audio decoder flac
2020-10-01 08:49:22.045 T:140297961023232 NOTICE: [plugin.video.elementum] DEBU main ▶ Notification Got notification from xbmc/Player.OnAVStart: {"item":{"id":19019,"type":"song"},"player":{"playerid":0,"speed":1}}
2020-10-01 08:49:22.054 T:140297961023232 NOTICE: [plugin.video.elementum] DEBU main ▶ Notification Got notification from xbmc/Info.OnChanged: null
2020-10-01 08:49:22.063 T:140297961023232 NOTICE: [plugin.video.elementum] DEBU main ▶ Notification Got notification from xbmc/Player.OnPlay: {"item":{"id":19019,"type":"song"},"player":{"playerid":0,"speed":1}}
2020-10-01 08:49:22.465 T:140297961023232 NOTICE: [plugin.video.elementum] WARN main ▶ Notification OnPlay. No active player found
2020-10-01 08:49:22.468 T:140297961023232 NOTICE: [plugin.video.elementum] DEBU main ▶ Notification Got notification from xbmc/AudioLibrary.OnUpdate: {"id":19018,"type":"song"}
2020-10-01 08:51:53.718 T:140297590716160 NOTICE: CDVDAudioCodecFFmpeg::Open() Successful opened audio decoder flac
2020-10-01 08:51:56.354 T:140297961023232 NOTICE: [plugin.video.elementum] INFO library ▶ RefreshTrakt Running Trakt sync
2020-10-01 08:51:59.169 T:140297961023232 NOTICE: [plugin.video.elementum] DEBU main ▶ Notification Got notification from xbmc/Player.OnAVStart: {"item":{"id":19020,"type":"song"},"player":{"playerid":0,"speed":1}}
2020-10-01 08:51:59.172 T:140297961023232 NOTICE: [plugin.video.elementum] DEBU main ▶ Notification Got notification from xbmc/Info.OnChanged: null
2020-10-01 08:51:59.178 T:140297961023232 NOTICE: [plugin.video.elementum] DEBU main ▶ Notification Got notification from xbmc/Player.OnPlay: {"item":{"id":19020,"type":"song"},"player":{"playerid":0,"speed":1}}
2020-10-01 08:51:59.578 T:140297961023232 NOTICE: [plugin.video.elementum] WARN main ▶ Notification OnPlay. No active player found
2020-10-01 08:51:59.584 T:140297961023232 NOTICE: [plugin.video.elementum] DEBU main ▶ Notification Got notification from xbmc/AudioLibrary.OnUpdate: {"id":19019,"type":"song"}
2020-10-01 08:52:01.550 T:140297961023232 NOTICE: [plugin.video.elementum] DEBU trakt ▶ SetMultipleWatched Setting watch state for 5 episode items
2020-10-01 08:52:02.380 T:140297961023232 NOTICE: [plugin.video.elementum] DEBU library ▶ func1 Trakt sync watched for '3' finished in 5.472476257s
2020-10-01 08:52:02.399 T:140297961023232 NOTICE: [plugin.video.elementum] DEBU library ▶ RefreshUIDsRunner UIDs refresh finished in 20.434321ms
2020-10-01 08:52:02.403 T:140297961023232 NOTICE: [plugin.video.elementum] INFO library ▶ func2 Trakt sync finished in 6.050830664s
2020-10-01 08:53:34.609 T:140298277590784 WARNING: Repository add-on repository.elementum uses plain HTTP for add-on downloads in path http://127.0.0.1:65220/repository/elgatito/ - this is insecure and will make your Kodi installation vulnerable to attacks if enabled!
2020-10-01 08:56:56.352 T:140297961023232 NOTICE: [plugin.video.elementum] INFO library ▶ RefreshTrakt Running Trakt sync
2020-10-01 08:57:01.518 T:140297961023232 NOTICE: [plugin.video.elementum] DEBU trakt ▶ SetMultipleWatched Setting watch state for 5 episode items
2020-10-01 08:57:01.973 T:140297961023232 NOTICE: [plugin.video.elementum] DEBU library ▶ func1 Trakt sync watched for '3' finished in 5.077682325s
2020-10-01 08:57:01.995 T:140297961023232 NOTICE: [plugin.video.elementum] DEBU library ▶ RefreshUIDsRunner UIDs refresh finished in 21.760421ms
2020-10-01 08:57:01.996 T:140297961023232 NOTICE: [plugin.video.elementum] INFO library ▶ func2 Trakt sync finished in 5.644929809s
2020-10-01 08:57:02.307 T:140297632679680 NOTICE: WakeOnAccess [192.168.1.7] trigged by accessing : smb://192.168.1.7/Music/The Velvet Underground/Velvet Underground, The/1967. The Velvet Underground & Nico [POCP-1841]/05. Run Run Run.flac
2020-10-01 08:57:02.318 T:140297632679680 NOTICE: WakeOnAccess success exit, server already running
2020-10-01 08:57:02.432 T:140297632679680 NOTICE: CDVDAudioCodecFFmpeg::Open() Successful opened audio decoder flac
2020-10-01 08:57:07.320 T:140297961023232 NOTICE: [plugin.video.elementum] DEBU main ▶ Notification Got notification from xbmc/Player.OnAVStart: {"item":{"id":19021,"type":"song"},"player":{"playerid":0,"speed":1}}
2020-10-01 08:57:08.235 T:140297961023232 NOTICE: [plugin.video.elementum] DEBU main ▶ Notification Got notification from xbmc/Info.OnChanged: null
2020-10-01 08:57:08.240 T:140297961023232 NOTICE: [plugin.video.elementum] DEBU main ▶ Notification Got notification from xbmc/Player.OnPlay: {"item":{"id":19021,"type":"song"},"player":{"playerid":0,"speed":1}}
2020-10-01 08:57:08.640 T:140297961023232 NOTICE: [plugin.video.elementum] WARN main ▶ Notification OnPlay. No active player found
2020-10-01 08:57:08.648 T:140297961023232 NOTICE: [plugin.video.elementum] DEBU main ▶ Notification Got notification from xbmc/AudioLibrary.OnUpdate: {"id":19020,"type":"song"}
2020-10-01 09:01:21.315 T:140297615894272 NOTICE: CDVDAudioCodecFFmpeg::Open() Successful opened audio decoder flac
2020-10-01 09:01:26.298 T:140297961023232 NOTICE: [plugin.video.elementum] DEBU main ▶ Notification Got notification from xbmc/Player.OnAVStart: {"item":{"id":19022,"type":"song"},"player":{"playerid":0,"speed":1}}
2020-10-01 09:01:26.620 T:140297961023232 NOTICE: [plugin.video.elementum] DEBU main ▶ Notification Got notification from xbmc/Info.OnChanged: null
2020-10-01 09:01:26.624 T:140297961023232 NOTICE: [plugin.video.elementum] DEBU main ▶ Notification Got notification from xbmc/Player.OnPlay: {"item":{"id":19022,"type":"song"},"player":{"playerid":0,"speed":1}}
2020-10-01 09:01:27.029 T:140297961023232 NOTICE: [plugin.video.elementum] WARN main ▶ Notification OnPlay. No active player found
2020-10-01 09:01:27.032 T:140297961023232 NOTICE: [plugin.video.elementum] DEBU main ▶ Notification Got notification from xbmc/AudioLibrary.OnUpdate: {"id":19021,"type":"song"}
2020-10-01 09:01:56.353 T:140297961023232 NOTICE: [plugin.video.elementum] INFO library ▶ RefreshTrakt Running Trakt sync
2020-10-01 09:02:27.233 T:140297961023232 NOTICE: [plugin.video.elementum] WARN library ▶ RefreshTraktWatched Got error from getting watched shows: Bad status getting sync/watched/shows: 524
2020-10-01 09:02:27.234 T:140297961023232 NOTICE: [plugin.video.elementum] DEBU library ▶ func1 Trakt sync watched for '3' finished in 30.324522555s
2020-10-01 09:02:27.250 T:140297961023232 NOTICE: [plugin.video.elementum] DEBU library ▶ RefreshUIDsRunner UIDs refresh finished in 18.151533ms
2020-10-01 09:02:27.250 T:140297961023232 NOTICE: [plugin.video.elementum] INFO library ▶ func2 Trakt sync finished in 30.898139195s
2020-10-01 09:03:39.766 T:140298277590784 WARNING: Repository add-on repository.elementum uses plain HTTP for add-on downloads in path http://127.0.0.1:65220/repository/elgatito/ - this is insecure and will make your Kodi installation vulnerable to attacks if enabled!
2020-10-01 09:06:56.353 T:140297961023232 NOTICE: [plugin.video.elementum] INFO library ▶ RefreshTrakt Running Trakt sync
2020-10-01 09:06:57.706 T:140297961023232 NOTICE: [plugin.video.elementum] DEBU trakt ▶ SetMultipleWatched Setting watch state for 5 episode items
2020-10-01 09:06:58.520 T:140297961023232 NOTICE: [plugin.video.elementum] DEBU library ▶ func1 Trakt sync watched for '3' finished in 1.621135213s
2020-10-01 09:06:58.539 T:140297961023232 NOTICE: [plugin.video.elementum] DEBU library ▶ RefreshUIDsRunner UIDs refresh finished in 19.440388ms
2020-10-01 09:06:58.540 T:140297961023232 NOTICE: [plugin.video.elementum] INFO library ▶ func2 Trakt sync finished in 2.18910665s
2020-10-01 09:07:18.387 T:140297615894272 NOTICE: WakeOnAccess [192.168.1.7] trigged by accessing : smb://192.168.1.7/Music/The Velvet Underground/Velvet Underground, The/1967. The Velvet Underground & Nico [POCP-1841]/07. Heroin.flac
2020-10-01 09:07:18.395 T:140297615894272 NOTICE: WakeOnAccess success exit, server already running
2020-10-01 09:07:18.441 T:140297615894272 NOTICE: CDVDAudioCodecFFmpeg::Open() Successful opened audio decoder flac
2020-10-01 09:07:23.435 T:140297961023232 NOTICE: [plugin.video.elementum] DEBU main ▶ Notification Got notification from xbmc/Player.OnAVStart: {"item":{"id":19023,"type":"song"},"player":{"playerid":0,"speed":1}}
2020-10-01 09:07:23.447 T:140297961023232 NOTICE: [plugin.video.elementum] DEBU main ▶ Notification Got notification from xbmc/Info.OnChanged: null
2020-10-01 09:07:23.452 T:140297961023232 NOTICE: [plugin.video.elementum] DEBU main ▶ Notification Got notification from xbmc/Player.OnPlay: {"item":{"id":19023,"type":"song"},"player":{"playerid":0,"speed":1}}
2020-10-01 09:07:24.381 T:140297961023232 NOTICE: [plugin.video.elementum] WARN main ▶ Notification OnPlay. No active player found
2020-10-01 09:07:24.385 T:140297961023232 NOTICE: [plugin.video.elementum] DEBU main ▶ Notification Got notification from xbmc/AudioLibrary.OnUpdate: {"id":19022,"type":"song"}
2020-10-01 09:11:56.355 T:140297961023232 NOTICE: [plugin.video.elementum] INFO library ▶ RefreshTrakt Running Trakt sync
2020-10-01 09:12:14.431 T:140297961023232 NOTICE: [plugin.video.elementum] DEBU trakt ▶ SetMultipleWatched Setting watch state for 5 episode items
2020-10-01 09:12:15.018 T:140297961023232 NOTICE: [plugin.video.elementum] DEBU library ▶ func1 Trakt sync watched for '3' finished in 18.119618899s
2020-10-01 09:12:15.034 T:140297961023232 NOTICE: [plugin.video.elementum] DEBU library ▶ RefreshUIDsRunner UIDs refresh finished in 16.559394ms
2020-10-01 09:12:15.035 T:140297961023232 NOTICE: [plugin.video.elementum] INFO library ▶ func2 Trakt sync finished in 18.681992816s
2020-10-01 09:13:44.059 T:140298277590784 WARNING: Repository add-on repository.elementum uses plain HTTP for add-on downloads in path http://127.0.0.1:65220/repository/elgatito/ - this is insecure and will make your Kodi installation vulnerable to attacks if enabled!
2020-10-01 09:13:53.160 T:140297427281664 ERROR: GetDirectory - Error getting RandomAlbums
2020-10-01 09:13:53.478 T:140299580243584 ERROR: Previous line repeats 3 times.
2020-10-01 09:13:53.478 T:140299580243584 ERROR: CBinaryAddonManager::GetInstalledAddonInfo: Requested addon '' unknown as binary
2020-10-01 09:13:53.480 T:140297427281664 NOTICE: WakeOnAccess [192.168.1.7] trigged by accessing : smb://192.168.1.7/Music/The Velvet Underground/Velvet Underground, The/1967. The Velvet Underground & Nico [POCP-1841]/cdart.png
2020-10-01 09:13:53.496 T:140297427281664 NOTICE: WakeOnAccess success exit, server already running
2020-10-01 09:13:55.250 T:140297961023232 NOTICE: [plugin.video.elementum] DEBU main ▶ Notification Got notification from xbmc/Player.OnSeek: {"item":{"id":19023,"type":"song"},"player":{"playerid":0,"seekoffset":{"hours":0,"milliseconds":994,"minutes":0,"seconds":9},"speed":1,"time":{"hours":0,"milliseconds":84,"minutes":6,"seconds":41}}}
2020-10-01 09:13:58.149 T:140297961023232 NOTICE: [plugin.video.elementum] DEBU main ▶ Notification Got notification from xbmc/Player.OnPause: {"item":{"id":19023,"type":"song"},"player":{"playerid":0,"speed":0}}
2020-10-01 09:13:58.157 T:140297961023232 NOTICE: [plugin.video.elementum] DEBU main ▶ Notification Got notification from xbmc/Player.OnSpeedChanged: {"item":{"id":19023,"type":"song"},"player":{"playerid":0,"speed":0}}
2020-10-01 09:13:59.261 T:140297961023232 NOTICE: [plugin.video.elementum] DEBU main ▶ Notification Got notification from xbmc/Player.OnResume: {"item":{"id":19023,"type":"song"},"player":{"playerid":0,"speed":1}}
2020-10-01 09:13:59.266 T:140297961023232 NOTICE: [plugin.video.elementum] DEBU main ▶ Notification Got notification from xbmc/Player.OnSpeedChanged: {"item":{"id":19023,"type":"song"},"player":{"playerid":0,"speed":1}}
2020-10-01 09:14:20.541 T:140297485915904 NOTICE: CDVDAudioCodecFFmpeg::Open() Successful opened audio decoder flac
2020-10-01 09:14:21.155 T:140297427281664 ERROR: GetDirectory - Error getting RandomAlbums
2020-10-01 09:14:25.586 T:140297961023232 ERROR: Previous line repeats 3 times.
2020-10-01 09:14:25.586 T:140297961023232 NOTICE: [plugin.video.elementum] DEBU main ▶ Notification Got notification from xbmc/Player.OnAVStart: {"item":{"id":19024,"type":"song"},"player":{"playerid":0,"speed":1}}
2020-10-01 09:14:26.369 T:140297961023232 NOTICE: [plugin.video.elementum] DEBU main ▶ Notification Got notification from xbmc/Info.OnChanged: null
2020-10-01 09:14:26.372 T:140297961023232 NOTICE: [plugin.video.elementum] DEBU main ▶ Notification Got notification from xbmc/Player.OnPlay: {"item":{"id":19024,"type":"song"},"player":{"playerid":0,"speed":1}}
2020-10-01 09:14:26.776 T:140297961023232 NOTICE: [plugin.video.elementum] WARN main ▶ Notification OnPlay. No active player found
2020-10-01 09:14:26.781 T:140297961023232 NOTICE: [plugin.video.elementum] DEBU main ▶ Notification Got notification from xbmc/AudioLibrary.OnUpdate: {"id":19023,"type":"song"}
2020-10-01 09:14:31.848 T:140299580243584 WARNING: Repository add-on repository.elementum uses plain HTTP for add-on downloads in path http://127.0.0.1:65220/repository/elgatito/ - this is insecure and will make your Kodi installation vulnerable to attacks if enabled!
2020-10-01 09:14:33.090 T:140297485915904 WARNING: Previous line repeats 3 times.
2020-10-01 09:14:33.090 T:140297485915904 ERROR: GetDirectory - Error getting None
2020-10-01 09:14:41.047 T:140299580243584 ERROR: Previous line repeats 3 times.
2020-10-01 09:14:41.047 T:140299580243584 WARNING: Skin has invalid include: NormalButton1
2020-10-01 09:14:55.485 T:140298028050176 WARNING: Previous line repeats 2 times.
2020-10-01 09:14:55.485 T:140298028050176 NOTICE: ES: Client from ::ffff:192.168.1.157 timed out
2020-10-01 09:15:10.798 T:140297519482624 ERROR: GetDirectory - Error getting RandomAlbums
2020-10-01 09:15:15.063 T:140299580243584 WARNING: Repository add-on repository.elementum uses plain HTTP for add-on downloads in path http://127.0.0.1:65220/repository/elgatito/ - this is insecure and will make your Kodi installation vulnerable to attacks if enabled!
2020-10-01 09:16:28.112 T:140297485915904 WARNING: Previous line repeats 7 times.
2020-10-01 09:16:28.112 T:140297485915904 ERROR: GetDirectory - Error getting None
2020-10-01 09:16:56.353 T:140297961023232 ERROR: Previous line repeats 3 times.
2020-10-01 09:16:56.353 T:140297961023232 NOTICE: [plugin.video.elementum] INFO library ▶ RefreshTrakt Running Trakt sync
2020-10-01 09:16:58.852 T:140297485915904 NOTICE: CDVDAudioCodecFFmpeg::Open() Successful opened audio decoder flac
2020-10-01 09:17:03.888 T:140297961023232 NOTICE: [plugin.video.elementum] DEBU main ▶ Notification Got notification from xbmc/Player.OnAVStart: {"item":{"id":19025,"type":"song"},"player":{"playerid":0,"speed":1}}
2020-10-01 09:17:03.892 T:140297961023232 NOTICE: [plugin.video.elementum] DEBU main ▶ Notification Got notification from xbmc/Info.OnChanged: null
2020-10-01 09:17:03.897 T:140297961023232 NOTICE: [plugin.video.elementum] DEBU main ▶ Notification Got notification from xbmc/Player.OnPlay: {"item":{"id":19025,"type":"song"},"player":{"playerid":0,"speed":1}}
2020-10-01 09:17:04.548 T:140297961023232 NOTICE: [plugin.video.elementum] WARN main ▶ Notification OnPlay. No active player found
2020-10-01 09:17:04.559 T:140297961023232 NOTICE: [plugin.video.elementum] DEBU main ▶ Notification Got notification from xbmc/AudioLibrary.OnUpdate: {"id":19024,"type":"song"}
2020-10-01 09:17:11.394 T:140297582323456 WARNING: Repository add-on repository.elementum uses plain HTTP for add-on downloads in path http://127.0.0.1:65220/repository/elgatito/ - this is insecure and will make your Kodi installation vulnerable to attacks if enabled!
2020-10-01 09:17:16.765 T:140297961023232 WARNING: Previous line repeats 4 times.
2020-10-01 09:17:16.765 T:140297961023232 NOTICE: [plugin.video.elementum] DEBU trakt ▶ SetMultipleWatched Setting watch state for 5 episode items
2020-10-01 09:17:17.827 T:140297961023232 NOTICE: [plugin.video.elementum] DEBU library ▶ func1 Trakt sync watched for '3' finished in 20.935389662s
2020-10-01 09:17:17.843 T:140297961023232 NOTICE: [plugin.video.elementum] DEBU library ▶ RefreshUIDsRunner UIDs refresh finished in 17.949788ms
2020-10-01 09:17:17.845 T:140297961023232 NOTICE: [plugin.video.elementum] INFO library ▶ func2 Trakt sync finished in 21.492911173s
2020-10-01 09:19:07.326 T:140297615894272 NOTICE: CDVDAudioCodecFFmpeg::Open() Successful opened audio decoder flac
2020-10-01 09:19:12.351 T:140297961023232 NOTICE: [plugin.video.elementum] DEBU main ▶ Notification Got notification from xbmc/Player.OnAVStart: {"item":{"id":19026,"type":"song"},"player":{"playerid":0,"speed":1}}
2020-10-01 09:19:13.247 T:140297961023232 NOTICE: [plugin.video.elementum] DEBU main ▶ Notification Got notification from xbmc/Info.OnChanged: null
2020-10-01 09:19:13.248 T:140297961023232 NOTICE: [plugin.video.elementum] DEBU main ▶ Notification Got notification from xbmc/Player.OnPlay: {"item":{"id":19026,"type":"song"},"player":{"playerid":0,"speed":1}}
2020-10-01 09:19:13.651 T:140297961023232 NOTICE: [plugin.video.elementum] WARN main ▶ Notification OnPlay. No active player found
2020-10-01 09:19:13.657 T:140297961023232 NOTICE: [plugin.video.elementum] DEBU main ▶ Notification Got notification from xbmc/AudioLibrary.OnUpdate: {"id":19025,"type":"song"}
2020-10-01 09:21:56.353 T:140297961023232 NOTICE: [plugin.video.elementum] INFO library ▶ RefreshTrakt Running Trakt sync
2020-10-01 09:22:19.234 T:140297477523200 NOTICE: CDVDAudioCodecFFmpeg::Open() Successful opened audio decoder flac
2020-10-01 09:22:22.882 T:140297961023232 NOTICE: [plugin.video.elementum] DEBU trakt ▶ SetMultipleWatched Setting watch state for 5 episode items
2020-10-01 09:22:23.614 T:140297961023232 NOTICE: [plugin.video.elementum] DEBU library ▶ func1 Trakt sync watched for '3' finished in 26.641199665s
2020-10-01 09:22:23.636 T:140297961023232 NOTICE: [plugin.video.elementum] DEBU library ▶ RefreshUIDsRunner UIDs refresh finished in 21.002087ms
2020-10-01 09:22:23.636 T:140297961023232 NOTICE: [plugin.video.elementum] INFO library ▶ func2 Trakt sync finished in 27.284660406s
2020-10-01 09:22:24.182 T:140297961023232 NOTICE: [plugin.video.elementum] DEBU main ▶ Notification Got notification from xbmc/Player.OnAVStart: {"item":{"id":19027,"type":"song"},"player":{"playerid":0,"speed":1}}
2020-10-01 09:22:24.183 T:140297961023232 NOTICE: [plugin.video.elementum] DEBU main ▶ Notification Got notification from xbmc/Info.OnChanged: null
2020-10-01 09:22:24.190 T:140297961023232 NOTICE: [plugin.video.elementum] DEBU main ▶ Notification Got notification from xbmc/Player.OnPlay: {"item":{"id":19027,"type":"song"},"player":{"playerid":0,"speed":1}}
2020-10-01 09:22:24.749 T:140297961023232 NOTICE: [plugin.video.elementum] WARN main ▶ Notification OnPlay. No active player found
2020-10-01 09:22:24.760 T:140297961023232 NOTICE: [plugin.video.elementum] DEBU main ▶ Notification Got notification from xbmc/AudioLibrary.OnUpdate: {"id":19026,"type":"song"}
2020-10-01 09:22:43.498 T:140297615894272 NOTICE: [script.yatse.kodi] Using fake _subprocess module
2020-10-01 09:22:43.501 T:140297615894272 NOTICE: [script.yatse.kodi] Starting script version: 2.3.0
2020-10-01 09:22:43.502 T:140297615894272 NOTICE: [script.yatse.kodi] Parameters: {'action': 'share', 'queue': 'false', 'data': 'http%3A%2F%2F192.168.1.157%3A48458%2F2A536481246AF03500EFBD2F5B2D8A84%2Ffile%253A%252F%252F%252Fstorage%252F5B91-2922%252FImaging%252520Edge%252520Mobile%252FDSC02485.JPG', 'type': 'unresolvedurl'}
2020-10-01 09:22:43.503 T:140297615894272 NOTICE: [script.yatse.kodi] Trying to resolve URL (play): http://192.168.1.157:48458/2A536481246AF03500EFBD2F5B2D8A84/file%3A%2F%2F%2Fstorage%2F5B91-2922%2FImaging%2520Edge%2520Mobile%2FDSC02485.JPG
2020-10-01 09:22:43.503 T:140297615894272 NOTICE: [script.yatse.kodi] Trying to resolve with YoutubeDL
2020-10-01 09:22:43.504 T:140297615894272 ERROR: WARNING: Assuming --restrict-filenames since file system encoding cannot encode all characters. Set the LC_ALL environment variable to fix this.
2020-10-01 09:22:50.703 T:140297615894272 ERROR: WARNING: Falling back on generic information extractor.
2020-10-01 09:22:50.735 T:140297615894272 ERROR: WARNING: URL could be a direct video link, returning it as such.
2020-10-01 09:22:50.736 T:140297615894272 ERROR: WARNING: "url" field is not a string - forcing string conversion, there is an error in extractor
2020-10-01 09:22:50.742 T:140297615894272 NOTICE: [script.yatse.kodi] YoutubeDL full result: {u'upload_date': None, u'protocol': u'http', u'extractor': u'generic', u'direct': True, u'playlist_index': None, u'playlist': None, u'title': u'file:///storage/5B91-2922/Imaging%20Edge%20Mobile/DSC02485', u'id': u'file:///storage/5B91-2922/Imaging%20Edge%20Mobile/DSC02485', u'webpage_url_basename': u'file%3A%2F%2F%2Fstorage%2F5B91-2922%2FImaging%2520Edge%2520Mobile%2FDSC02485.JPG', u'display_id': u'file:///storage/5B91-2922/Imaging%20Edge%20Mobile/DSC02485', u'format': u'0 - unknown', u'requested_subtitles': None, u'format_id': u'0', u'url': u'http://192.168.1.157:48458/2A536481246AF03500EFBD2F5B2D8A84/file%3A%2F%2F%2Fstorage%2F5B91-2922%2FImaging%2520Edge%2520Mobile%2FDSC02485.JPG', u'extractor_key': u'Generic', u'http_headers': {u'Accept-Charset': u'ISO-8859-1,utf-8;q=0.7,*;q=0.7', u'Accept-Language': u'en-us,en;q=0.5', u'Accept-Encoding': u'gzip, deflate', u'Accept': u'text/html,application/xhtml+xml,application/xml;q=0.9,*/*;q=0.8', u'User-Agent': u'Mozilla/5.0 (Windows NT 10.0; Win64; x64) AppleWebKit/537.36 (KHTML, like Gecko) Chrome/71.0.3578.104 Safari/537.36'}, u'ext': u'jpg', u'webpage_url': 'http://192.168.1.157:48458/2A536481246AF03500EFBD2F5B2D8A84/file%3A%2F%2F%2Fstorage%2F5B91-2922%2FImaging%2520Edge%2520Mobile%2FDSC02485.JPG'}
2020-10-01 09:22:50.743 T:140297615894272 NOTICE: [script.yatse.kodi] Url resolved by YoutubeDL: http://192.168.1.157:48458/2A536481246AF03500EFBD2F5B2D8A84/file%3A%2F%2F%2Fstorage%2F5B91-2922%2FImaging%2520Edge%2520Mobile%2FDSC02485.JPG
2020-10-01 09:22:50.810 T:140297615894272 NOTICE: [script.yatse.kodi] Is audio: False | Is picture: True
2020-10-01 09:22:50.858 T:140297615894272 NOTICE: [script.yatse.kodi] Playing url: http://192.168.1.157:48458/2A536481246AF03500EFBD2F5B2D8A84/file%3A%2F%2F%2Fstorage%2F5B91-2922%2FImaging%2520Edge%2520Mobile%2FDSC02485.JPG
2020-10-01 09:22:50.911 T:140297961023232 NOTICE: [plugin.video.elementum] DEBU main ▶ Notification Got notification from xbmc/Playlist.OnClear: {"playlistid":0}
2020-10-01 09:22:50.914 T:140297961023232 NOTICE: [plugin.video.elementum] DEBU main ▶ Notification Got notification from xbmc/Playlist.OnClear: {"playlistid":1}
2020-10-01 09:22:51.419 T:140297961023232 NOTICE: [plugin.video.elementum] DEBU main ▶ Notification Got notification from xbmc/Player.OnStop: {"end":true,"item":{"file":"http://192.168.1.157:8080/DSC02469.JPG.jpg?uri=0&token=85H16BCyH6EV","type":"picture"},"player":{"playerid":2}}
2020-10-01 09:22:51.421 T:140297961023232 NOTICE: [plugin.video.elementum] DEBU main ▶ Notification Got notification from xbmc/Playlist.OnClear: {"playlistid":2}
2020-10-01 09:22:51.435 T:140297961023232 NOTICE: [plugin.video.elementum] DEBU main ▶ Notification Got notification from xbmc/Playlist.OnAdd: {"item":{"file":"http://192.168.1.157:48458/2A536481246AF03500EFBD2F5B2D8A84/file%3A%2F%2F%2Fstorage%2F5B91-2922%2FImaging%2520Edge%2520Mobile%2FDSC02485.JPG","type":"picture"},"playlistid":2,"position":0}
2020-10-01 09:22:51.444 T:140297961023232 NOTICE: [plugin.video.elementum] DEBU main ▶ Notification Got notification from xbmc/Player.OnPlay: {"item":{"file":"http://192.168.1.157:48458/2A536481246AF03500EFBD2F5B2D8A84/file%3A%2F%2F%2Fstorage%2F5B91-2922%2FImaging%2520Edge%2520Mobile%2FDSC02485.JPG","type":"picture"},"player":{"playerid":2,"speed":1}}
2020-10-01 09:22:51.847 T:140297961023232 NOTICE: [plugin.video.elementum] WARN main ▶ Notification OnPlay. No active player found
2020-10-01 09:23:26.222 T:140297961023232 NOTICE: [plugin.video.elementum] DEBU main ▶ Notification Got notification from xbmc/Player.OnStop: {"end":true,"item":{"file":"http://192.168.1.157:48458/2A536481246AF03500EFBD2F5B2D8A84/file%3A%2F%2F%2Fstorage%2F5B91-2922%2FImaging%2520Edge%2520Mobile%2FDSC02485.JPG","type":"picture"},"player":{"playerid":2}}
2020-10-01 09:23:36.277 T:140297485915904 NOTICE: [script.yatse.kodi] Using fake _subprocess module
2020-10-01 09:23:36.279 T:140297485915904 NOTICE: [script.yatse.kodi] Starting script version: 2.3.0
2020-10-01 09:23:36.279 T:140297485915904 NOTICE: [script.yatse.kodi] Parameters: {'action': 'share', 'queue': 'false', 'data': 'http%3A%2F%2F192.168.1.157%3A48458%2F8B6949DB9E08610537FEFC68FB929AAA%2Ffile%253A%252F%252F%252Fstorage%252F5B91-2922%252FImaging%252520Edge%252520Mobile%252FDSC02484.JPG', 'type': 'unresolvedurl'}
2020-10-01 09:23:36.279 T:140297485915904 NOTICE: [script.yatse.kodi] Trying to resolve URL (play): http://192.168.1.157:48458/8B6949DB9E08610537FEFC68FB929AAA/file%3A%2F%2F%2Fstorage%2F5B91-2922%2FImaging%2520Edge%2520Mobile%2FDSC02484.JPG
2020-10-01 09:23:36.280 T:140297485915904 NOTICE: [script.yatse.kodi] Trying to resolve with YoutubeDL
2020-10-01 09:23:36.280 T:140297485915904 ERROR: WARNING: Assuming --restrict-filenames since file system encoding cannot encode all characters. Set the LC_ALL environment variable to fix this.
2020-10-01 09:23:43.605 T:140297485915904 ERROR: WARNING: Falling back on generic information extractor.
2020-10-01 09:23:43.638 T:140297485915904 ERROR: WARNING: URL could be a direct video link, returning it as such.
2020-10-01 09:23:43.641 T:140297485915904 ERROR: WARNING: "url" field is not a string - forcing string conversion, there is an error in extractor
2020-10-01 09:23:43.650 T:140297485915904 NOTICE: [script.yatse.kodi] YoutubeDL full result: {u'upload_date': None, u'protocol': u'http', u'extractor': u'generic', u'direct': True, u'playlist_index': None, u'playlist': None, u'title': u'file:///storage/5B91-2922/Imaging%20Edge%20Mobile/DSC02484', u'id': u'file:///storage/5B91-2922/Imaging%20Edge%20Mobile/DSC02484', u'webpage_url_basename': u'file%3A%2F%2F%2Fstorage%2F5B91-2922%2FImaging%2520Edge%2520Mobile%2FDSC02484.JPG', u'display_id': u'file:///storage/5B91-2922/Imaging%20Edge%20Mobile/DSC02484', u'format': u'0 - unknown', u'requested_subtitles': None, u'format_id': u'0', u'url': u'http://192.168.1.157:48458/8B6949DB9E08610537FEFC68FB929AAA/file%3A%2F%2F%2Fstorage%2F5B91-2922%2FImaging%2520Edge%2520Mobile%2FDSC02484.JPG', u'extractor_key': u'Generic', u'http_headers': {u'Accept-Charset': u'ISO-8859-1,utf-8;q=0.7,*;q=0.7', u'Accept-Language': u'en-us,en;q=0.5', u'Accept-Encoding': u'gzip, deflate', u'Accept': u'text/html,application/xhtml+xml,application/xml;q=0.9,*/*;q=0.8', u'User-Agent': u'Mozilla/5.0 (Windows NT 10.0; Win64; x64) AppleWebKit/537.36 (KHTML, like Gecko) Chrome/69.0.3497.95 Safari/537.36'}, u'ext': u'jpg', u'webpage_url': 'http://192.168.1.157:48458/8B6949DB9E08610537FEFC68FB929AAA/file%3A%2F%2F%2Fstorage%2F5B91-2922%2FImaging%2520Edge%2520Mobile%2FDSC02484.JPG'}
2020-10-01 09:23:43.650 T:140297485915904 NOTICE: [script.yatse.kodi] Url resolved by YoutubeDL: http://192.168.1.157:48458/8B6949DB9E08610537FEFC68FB929AAA/file%3A%2F%2F%2Fstorage%2F5B91-2922%2FImaging%2520Edge%2520Mobile%2FDSC02484.JPG
2020-10-01 09:23:43.710 T:140297485915904 NOTICE: [script.yatse.kodi] Is audio: False | Is picture: True
2020-10-01 09:23:43.711 T:140297485915904 NOTICE: [script.yatse.kodi] Playing url: http://192.168.1.157:48458/8B6949DB9E08610537FEFC68FB929AAA/file%3A%2F%2F%2Fstorage%2F5B91-2922%2FImaging%2520Edge%2520Mobile%2FDSC02484.JPG
2020-10-01 09:23:44.486 T:140297961023232 NOTICE: [plugin.video.elementum] DEBU main ▶ Notification Got notification from xbmc/Player.OnStop: {"end":true,"item":{"file":"http://192.168.1.157:48458/2A536481246AF03500EFBD2F5B2D8A84/file%3A%2F%2F%2Fstorage%2F5B91-2922%2FImaging%2520Edge%2520Mobile%2FDSC02485.JPG","type":"picture"},"player":{"playerid":2}}
2020-10-01 09:23:44.487 T:140297961023232 NOTICE: [plugin.video.elementum] DEBU main ▶ Notification Got notification from xbmc/Playlist.OnClear: {"playlistid":2}
2020-10-01 09:23:44.492 T:140297961023232 NOTICE: [plugin.video.elementum] DEBU main ▶ Notification Got notification from xbmc/Playlist.OnAdd: {"item":{"file":"http://192.168.1.157:48458/8B6949DB9E08610537FEFC68FB929AAA/file%3A%2F%2F%2Fstorage%2F5B91-2922%2FImaging%2520Edge%2520Mobile%2FDSC02484.JPG","type":"picture"},"playlistid":2,"position":0}
2020-10-01 09:23:44.493 T:140297961023232 NOTICE: [plugin.video.elementum] DEBU main ▶ Notification Got notification from xbmc/Player.OnPlay: {"item":{"file":"http://192.168.1.157:48458/8B6949DB9E08610537FEFC68FB929AAA/file%3A%2F%2F%2Fstorage%2F5B91-2922%2FImaging%2520Edge%2520Mobile%2FDSC02484.JPG","type":"picture"},"player":{"playerid":2,"speed":1}}
2020-10-01 09:23:44.897 T:140297961023232 NOTICE: [plugin.video.elementum] WARN main ▶ Notification OnPlay. No active player found
2020-10-01 09:23:52.380 T:140298277590784 WARNING: Repository add-on repository.elementum uses plain HTTP for add-on downloads in path http://127.0.0.1:65220/repository/elgatito/ - this is insecure and will make your Kodi installation vulnerable to attacks if enabled!
2020-10-01 09:24:28.107 T:140297632679680 ERROR: CCurlFile::FillBuffer - Failed: Timeout was reached(28)
2020-10-01 09:24:28.107 T:140297632679680 WARNING: CCurlFile::FillBuffer - Reconnect, (re)try 1
2020-10-01 09:24:34.287 T:140297961023232 NOTICE: [plugin.video.elementum] DEBU main ▶ Notification Got notification from xbmc/Player.OnStop: {"end":true,"item":{"file":"http://192.168.1.157:48458/8B6949DB9E08610537FEFC68FB929AAA/file%3A%2F%2F%2Fstorage%2F5B91-2922%2FImaging%2520Edge%2520Mobile%2FDSC02484.JPG","type":"picture"},"player":{"playerid":2}}
2020-10-01 09:25:11.124 T:140297632679680 ERROR: CCurlFile::FillBuffer - Failed: Timeout was reached(28)
2020-10-01 09:25:11.124 T:140297632679680 WARNING: CCurlFile::FillBuffer - Reconnect, (re)try 1
2020-10-01 09:25:33.455 T:140297632679680 ERROR: CCurlFile::FillBuffer - Failed: Timeout was reached(28)
2020-10-01 09:25:33.455 T:140297632679680 WARNING: CCurlFile::FillBuffer - Reconnect, (re)try 1
2020-10-01 09:25:35.367 T:140297443952384 ERROR: GetDirectory - Error getting None
2020-10-01 09:25:35.730 T:140297961023232 ERROR: Previous line repeats 3 times.
2020-10-01 09:25:35.730 T:140297961023232 NOTICE: [plugin.video.elementum] DEBU main ▶ Notification Got notification from xbmc/Player.OnStop: {"end":false,"item":{"id":19027,"type":"song"}}
2020-10-01 09:26:56.351 T:140297961023232 NOTICE: [plugin.video.elementum] INFO library ▶ RefreshTrakt Running Trakt sync
2020-10-01 09:27:08.914 T:140299580243584 NOTICE: Samba is idle. Closing the remaining connections
2020-10-01 09:27:19.648 T:140297961023232 NOTICE: [plugin.video.elementum] DEBU trakt ▶ SetMultipleWatched Setting watch state for 5 episode items
2020-10-01 09:27:20.162 T:140297961023232 NOTICE: [plugin.video.elementum] DEBU library ▶ func1 Trakt sync watched for '3' finished in 23.253846144s
2020-10-01 09:27:20.180 T:140297961023232 NOTICE: [plugin.video.elementum] DEBU library ▶ RefreshUIDsRunner UIDs refresh finished in 19.752036ms
2020-10-01 09:27:20.182 T:140297961023232 NOTICE: [plugin.video.elementum] INFO library ▶ func2 Trakt sync finished in 23.830338369s
2020-10-01 09:28:00.741 T:140297590716160 NOTICE: WakeOnAccess [192.168.1.7] trigged by accessing : smb://192.168.1.7/Music/1A New Music/Jonathan Wilson/Gentle Spirit/01 Jonathan Wilson - Gentle Spirit.flac
2020-10-01 09:28:00.756 T:140297590716160 NOTICE: WakeOnAccess success exit, server already running
2020-10-01 09:28:00.792 T:140297961023232 NOTICE: [plugin.video.elementum] DEBU main ▶ Notification Got notification from xbmc/Playlist.OnAdd: {"item":{"id":21079,"type":"song"},"playlistid":0,"position":0}
2020-10-01 09:28:00.801 T:140297961023232 NOTICE: [plugin.video.elementum] DEBU main ▶ Notification Got notification from xbmc/Playlist.OnAdd: {"item":{"id":21080,"type":"song"},"playlistid":0,"position":1}
2020-10-01 09:28:00.804 T:140297961023232 NOTICE: [plugin.video.elementum] DEBU main ▶ Notification Got notification from xbmc/Playlist.OnAdd: {"item":{"id":21081,"type":"song"},"playlistid":0,"position":2}
2020-10-01 09:28:00.810 T:140297961023232 NOTICE: [plugin.video.elementum] DEBU main ▶ Notification Got notification from xbmc/Playlist.OnAdd: {"item":{"id":21084,"type":"song"},"playlistid":0,"position":3}
2020-10-01 09:28:00.816 T:140297961023232 NOTICE: [plugin.video.elementum] DEBU main ▶ Notification Got notification from xbmc/Playlist.OnAdd: {"item":{"id":21086,"type":"song"},"playlistid":0,"position":4}
2020-10-01 09:28:00.820 T:140297961023232 NOTICE: [plugin.video.elementum] DEBU main ▶ Notification Got notification from xbmc/Playlist.OnAdd: {"item":{"id":21087,"type":"song"},"playlistid":0,"position":5}
2020-10-01 09:28:00.828 T:140297961023232 NOTICE: [plugin.video.elementum] DEBU main ▶ Notification Got notification from xbmc/Playlist.OnAdd: {"item":{"id":21089,"type":"song"},"playlistid":0,"position":6}
2020-10-01 09:28:00.830 T:140297961023232 NOTICE: [plugin.video.elementum] DEBU main ▶ Notification Got notification from xbmc/Playlist.OnAdd: {"item":{"id":21091,"type":"song"},"playlistid":0,"position":7}
2020-10-01 09:28:00.831 T:140297961023232 NOTICE: [plugin.video.elementum] DEBU main ▶ Notification Got notification from xbmc/Playlist.OnAdd: {"item":{"id":21093,"type":"song"},"playlistid":0,"position":8}
2020-10-01 09:28:00.832 T:140297961023232 NOTICE: [plugin.video.elementum] DEBU main ▶ Notification Got notification from xbmc/Playlist.OnAdd: {"item":{"id":21095,"type":"song"},"playlistid":0,"position":9}
2020-10-01 09:28:00.833 T:140297961023232 NOTICE: [plugin.video.elementum] DEBU main ▶ Notification Got notification from xbmc/Playlist.OnAdd: {"item":{"id":21097,"type":"song"},"playlistid":0,"position":10}
2020-10-01 09:28:00.834 T:140297961023232 NOTICE: [plugin.video.elementum] DEBU main ▶ Notification Got notification from xbmc/Playlist.OnAdd: {"item":{"id":21099,"type":"song"},"playlistid":0,"position":11}
2020-10-01 09:28:01.897 T:140297590716160 NOTICE: CDVDAudioCodecFFmpeg::Open() Successful opened audio decoder flac
2020-10-01 09:28:02.249 T:140297961023232 NOTICE: [plugin.video.elementum] DEBU main ▶ Notification Got notification from xbmc/Info.OnChanged: null
2020-10-01 09:28:02.253 T:140297961023232 NOTICE: [plugin.video.elementum] DEBU main ▶ Notification Got notification from xbmc/Player.OnPlay: {"item":{"id":21079,"type":"song"},"player":{"playerid":0,"speed":1}}
2020-10-01 09:28:02.657 T:140297961023232 NOTICE: [plugin.video.elementum] WARN main ▶ Notification OnPlay. No active player found
2020-10-01 09:28:02.661 T:140297961023232 NOTICE: [plugin.video.elementum] DEBU main ▶ Notification Got notification from xbmc/Player.OnAVStart: {"item":{"id":21079,"type":"song"},"player":{"playerid":0,"speed":1}}
2020-10-01 09:28:06.870 T:140297961023232 NOTICE: [plugin.video.elementum] DEBU main ▶ Notification Got notification from xbmc/Application.OnVolumeChanged: {"muted":false,"volume":100.0}
2020-10-01 09:31:48.015 T:140297641072384 ERROR: GetDirectory - Error getting None
2020-10-01 09:31:56.354 T:140297961023232 ERROR: Previous line repeats 3 times.
2020-10-01 09:31:56.354 T:140297961023232 NOTICE: [plugin.video.elementum] INFO library ▶ RefreshTrakt Running Trakt sync
2020-10-01 09:32:20.884 T:140297961023232 NOTICE: [plugin.video.elementum] DEBU trakt ▶ SetMultipleWatched Setting watch state for 5 episode items
2020-10-01 09:32:22.082 T:140297961023232 NOTICE: [plugin.video.elementum] DEBU library ▶ func1 Trakt sync watched for '3' finished in 25.203098129s
2020-10-01 09:32:22.094 T:140297961023232 NOTICE: [plugin.video.elementum] DEBU library ▶ RefreshUIDsRunner UIDs refresh finished in 14.949216ms
2020-10-01 09:32:22.096 T:140297961023232 NOTICE: [plugin.video.elementum] INFO library ▶ func2 Trakt sync finished in 25.744328645s