2019-11-04 12:31:48.953 T:1455403232 DEBUG: JSONRPC: Incoming request: {"id":908,"jsonrpc":"2.0","method":"Application.GetProperties","params":{"properties":["volume","muted"]}}
2019-11-04 12:31:50.508 T:1455403232 DEBUG: CWebServer[8080]: request received for /jsonrpc
2019-11-04 12:31:50.508 T:1455403232 DEBUG: JSONRPC: Incoming request: {"id":52,"jsonrpc":"2.0","method":"Player.GetActivePlayers"}
2019-11-04 12:31:50.544 T:1455403232 DEBUG: CWebServer[8080]: request received for /jsonrpc
2019-11-04 12:31:50.544 T:1455403232 DEBUG: JSONRPC: Incoming request: {"id":408,"jsonrpc":"2.0","method":"Application.GetProperties","params":{"properties":["volume","muted"]}}
2019-11-04 12:31:52.121 T:1455403232 DEBUG: CWebServer[8080]: request received for /jsonrpc
2019-11-04 12:31:52.121 T:1455403232 DEBUG: JSONRPC: Incoming request: {"id":125,"jsonrpc":"2.0","method":"Player.GetActivePlayers"}
2019-11-04 12:31:52.152 T:1455403232 DEBUG: CWebServer[8080]: request received for /jsonrpc
2019-11-04 12:31:52.153 T:1455403232 DEBUG: JSONRPC: Incoming request: {"id":487,"jsonrpc":"2.0","method":"Application.GetProperties","params":{"properties":["volume","muted"]}}
2019-11-04 12:31:53.701 T:1455403232 DEBUG: CWebServer[8080]: request received for /jsonrpc
2019-11-04 12:31:53.701 T:1455403232 DEBUG: JSONRPC: Incoming request: {"id":780,"jsonrpc":"2.0","method":"Player.GetActivePlayers"}
2019-11-04 12:31:53.723 T:1455403232 DEBUG: CWebServer[8080]: request received for /jsonrpc
2019-11-04 12:31:53.723 T:1455403232 DEBUG: JSONRPC: Incoming request: {"id":756,"jsonrpc":"2.0","method":"Application.GetProperties","params":{"properties":["volume","muted"]}}
2019-11-04 12:31:55.269 T:1455403232 DEBUG: CWebServer[8080]: request received for /jsonrpc
2019-11-04 12:31:55.269 T:1455403232 DEBUG: JSONRPC: Incoming request: {"id":581,"jsonrpc":"2.0","method":"Player.GetActivePlayers"}
2019-11-04 12:31:55.307 T:1455403232 DEBUG: CWebServer[8080]: request received for /jsonrpc
2019-11-04 12:31:55.307 T:1455403232 DEBUG: JSONRPC: Incoming request: {"id":46,"jsonrpc":"2.0","method":"Application.GetProperties","params":{"properties":["volume","muted"]}}
2019-11-04 12:31:56.260 T:1455403232 DEBUG: CWebServer[8080]: request received for /jsonrpc
2019-11-04 12:31:56.260 T:1455403232 DEBUG: JSONRPC: Incoming request: {"id":371,"jsonrpc":"2.0","method":"Files.GetSources","params":{"sort":{"method":"label","order":"ascending"},"media":"pictures"}}
2019-11-04 12:31:56.267 T:1411379424 DEBUG: CWebServer[8080]: request received for /jsonrpc
2019-11-04 12:31:56.267 T:1411379424 DEBUG: JSONRPC: Incoming request: {"id":612,"jsonrpc":"2.0","method":"Files.GetSources","params":{"sort":{"method":"label","order":"ascending"},"media":"music"}}
2019-11-04 12:31:57.396 T:1455403232 DEBUG: CWebServer[8080]: request received for /jsonrpc
2019-11-04 12:31:57.396 T:1455403232 DEBUG: JSONRPC: Incoming request: {"id":661,"jsonrpc":"2.0","method":"Player.GetActivePlayers"}
2019-11-04 12:31:57.567 T:1455403232 DEBUG: CWebServer[8080]: request received for /jsonrpc
2019-11-04 12:31:57.568 T:1455403232 DEBUG: JSONRPC: Incoming request: {"id":564,"jsonrpc":"2.0","method":"Application.GetProperties","params":{"properties":["volume","muted"]}}
2019-11-04 12:31:59.103 T:1455403232 DEBUG: CWebServer[8080]: request received for /jsonrpc
2019-11-04 12:31:59.104 T:1455403232 DEBUG: JSONRPC: Incoming request: {"id":229,"jsonrpc":"2.0","method":"Player.GetActivePlayers"}
2019-11-04 12:31:59.133 T:1455403232 DEBUG: CWebServer[8080]: request received for /jsonrpc
2019-11-04 12:31:59.133 T:1455403232 DEBUG: JSONRPC: Incoming request: {"id":609,"jsonrpc":"2.0","method":"Application.GetProperties","params":{"properties":["volume","muted"]}}
2019-11-04 12:32:00.731 T:1455403232 DEBUG: CWebServer[8080]: request received for /jsonrpc
2019-11-04 12:32:00.731 T:1455403232 DEBUG: JSONRPC: Incoming request: {"id":407,"jsonrpc":"2.0","method":"Files.GetDirectory","params":{"sort":{"method":"label","order":"ascending"},"properties":["title","rating","genre","artist","track","season","episode","year","duration","album","showtitle","playcount","file","mimetype","size","lastmodified","resume","art","runtime","displayartist"],"directory":"addons://sources/image/","media":"pictures"}}
2019-11-04 12:32:02.155 T:1455403232 DEBUG: CWebServer[8080]: request received for /jsonrpc
2019-11-04 12:32:02.156 T:1455403232 DEBUG: JSONRPC: Incoming request: {"id":170,"jsonrpc":"2.0","method":"Player.GetActivePlayers"}
2019-11-04 12:32:02.193 T:1455403232 DEBUG: CWebServer[8080]: request received for /jsonrpc
2019-11-04 12:32:02.193 T:1455403232 DEBUG: JSONRPC: Incoming request: {"id":238,"jsonrpc":"2.0","method":"Application.GetProperties","params":{"properties":["volume","muted"]}}
2019-11-04 12:32:03.738 T:1455403232 DEBUG: CWebServer[8080]: request received for /jsonrpc
2019-11-04 12:32:03.739 T:1455403232 DEBUG: JSONRPC: Incoming request: {"id":327,"jsonrpc":"2.0","method":"Player.GetActivePlayers"}
2019-11-04 12:32:03.762 T:1455403232 DEBUG: CWebServer[8080]: request received for /jsonrpc
2019-11-04 12:32:03.762 T:1455403232 DEBUG: JSONRPC: Incoming request: {"id":900,"jsonrpc":"2.0","method":"Application.GetProperties","params":{"properties":["volume","muted"]}}
2019-11-04 12:32:05.302 T:1455403232 DEBUG: CWebServer[8080]: request received for /jsonrpc
2019-11-04 12:32:05.303 T:1455403232 DEBUG: JSONRPC: Incoming request: {"id":346,"jsonrpc":"2.0","method":"Player.GetActivePlayers"}
2019-11-04 12:32:05.394 T:1455403232 DEBUG: CWebServer[8080]: request received for /jsonrpc
2019-11-04 12:32:05.395 T:1455403232 DEBUG: JSONRPC: Incoming request: {"id":953,"jsonrpc":"2.0","method":"Application.GetProperties","params":{"properties":["volume","muted"]}}
2019-11-04 12:32:05.881 T:1411379424 DEBUG: CWebServer[8080]: request received for /jsonrpc
2019-11-04 12:32:05.887 T:1455403232 DEBUG: Previous line repeats 1 times.
2019-11-04 12:32:05.887 T:1455403232 DEBUG: JSONRPC: Incoming request: {"id":550,"jsonrpc":"2.0","method":"Files.GetSources","params":{"sort":{"method":"label","order":"ascending"},"media":"music"}}
2019-11-04 12:32:05.887 T:1411379424 DEBUG: JSONRPC: Incoming request: {"id":304,"jsonrpc":"2.0","method":"Files.GetSources","params":{"sort":{"method":"label","order":"ascending"},"media":"pictures"}}
2019-11-04 12:32:06.102 T:1595736288 DEBUG: Thread JobWorker 1595736288 terminating (autodelete)
2019-11-04 12:32:07.081 T:1455403232 DEBUG: CWebServer[8080]: request received for /jsonrpc
2019-11-04 12:32:07.082 T:1455403232 DEBUG: JSONRPC: Incoming request: {"id":887,"jsonrpc":"2.0","method":"Files.GetDirectory","params":{"sort":{"method":"label","order":"ascending"},"properties":["title","rating","genre","artist","track","season","episode","year","duration","album","showtitle","playcount","file","mimetype","size","lastmodified","resume","art","runtime","displayartist"],"directory":"smb://192.168.0.21/image-testing/","media":"pictures"}}
2019-11-04 12:32:07.083 T:1455403232 DEBUG: CUtil::GetMatchingSource: no matching source found for [smb://192.168.0.21/image-testing/]
2019-11-04 12:32:07.329 T:1455403232 DEBUG: Previous line repeats 3 times.
2019-11-04 12:32:07.329 T:1455403232 DEBUG: OpenDir: Using authentication url smb://192.168.0.21/image-testing
2019-11-04 12:32:08.568 T:1411379424 DEBUG: CWebServer[8080]: request received for /jsonrpc
2019-11-04 12:32:08.568 T:1411379424 DEBUG: JSONRPC: Incoming request: {"id":705,"jsonrpc":"2.0","method":"Player.GetActivePlayers"}
2019-11-04 12:32:08.593 T:1411379424 DEBUG: CWebServer[8080]: request received for /jsonrpc
2019-11-04 12:32:08.593 T:1411379424 DEBUG: JSONRPC: Incoming request: {"id":31,"jsonrpc":"2.0","method":"Application.GetProperties","params":{"properties":["volume","muted"]}}
2019-11-04 12:32:10.129 T:1455403232 DEBUG: CWebServer[8080]: request received for /jsonrpc
2019-11-04 12:32:10.129 T:1455403232 DEBUG: JSONRPC: Incoming request: {"id":591,"jsonrpc":"2.0","method":"Player.GetActivePlayers"}
2019-11-04 12:32:10.152 T:1455403232 DEBUG: CWebServer[8080]: request received for /jsonrpc
2019-11-04 12:32:10.152 T:1455403232 DEBUG: JSONRPC: Incoming request: {"id":937,"jsonrpc":"2.0","method":"Application.GetProperties","params":{"properties":["volume","muted"]}}
2019-11-04 12:32:11.362 T:1455403232 DEBUG: CWebServer[8080]: request received for /jsonrpc
2019-11-04 12:32:11.367 T:1455403232 DEBUG: JSONRPC: Incoming request: {"id":326,"jsonrpc":"2.0","method":"Player.Open","params":{"item":{"file":"smb://192.168.0.21/image-testing/01.png"}}}
2019-11-04 12:32:11.460 T:1455403232 DEBUG: CSMBFile::Open - opened smb://192.168.0.21/image-testing/01.png, fd=10002
2019-11-04 12:32:11.503 T:1455403232 DEBUG: CSMBFile::Close closing fd 10002
2019-11-04 12:32:11.519 T:1900265696 DEBUG: CAnnouncementManager - Announcement: OnStop from xbmc
2019-11-04 12:32:11.519 T:1900265696 DEBUG: GOT ANNOUNCEMENT, type: 1, from xbmc, message OnStop
2019-11-04 12:32:11.520 T:1900265696 DEBUG: CAnnouncementManager - Announcement: OnClear from xbmc
2019-11-04 12:32:11.520 T:1900265696 DEBUG: GOT ANNOUNCEMENT, type: 2, from xbmc, message OnClear
2019-11-04 12:32:11.520 T:1900265696 DEBUG: CAnnouncementManager - Announcement: OnAdd from xbmc
2019-11-04 12:32:11.520 T:1900265696 DEBUG: GOT ANNOUNCEMENT, type: 2, from xbmc, message OnAdd
2019-11-04 12:32:11.560 T:1900278704 DEBUG: Activating window ID: 12007
2019-11-04 12:32:11.560 T:1900265696 DEBUG: CAnnouncementManager - Announcement: OnPlay from xbmc
2019-11-04 12:32:11.560 T:1900278704 DEBUG: ------ Window Init (SlideShow.xml) ------
2019-11-04 12:32:11.561 T:1900265696 DEBUG: GOT ANNOUNCEMENT, type: 1, from xbmc, message OnPlay
2019-11-04 12:32:11.562 T:1900278704 DEBUG: Loading the current image 0: smb://192.168.0.21/image-testing/01.png
2019-11-04 12:32:11.562 T:1595736288 DEBUG: Thread BgPicLoader start, auto delete: false
2019-11-04 12:32:11.597 T:1595736288 DEBUG: CSMBFile::Open - opened smb://192.168.0.21/image-testing/01.png, fd=10002
2019-11-04 12:32:11.621 T:1502339296 NOTICE: [plugin.video.elementum] DEBU main ▶ Notification Got notification from xbmc/Player.OnStop: {"end":true,"item":{"file":"smb://192.168.0.21/image-testing/01.png","type":"picture"},"player":{"playerid":2}}
2019-11-04 12:32:11.623 T:1502339296 NOTICE: [plugin.video.elementum] DEBU main ▶ Notification Got notification from xbmc/Playlist.OnClear: {"playlistid":2}
2019-11-04 12:32:11.632 T:1502339296 NOTICE: [plugin.video.elementum] DEBU main ▶ Notification Got notification from xbmc/Playlist.OnAdd: {"item":{"file":"smb://192.168.0.21/image-testing/01.png","type":"picture"},"playlistid":2,"position":0}
2019-11-04 12:32:11.636 T:1502339296 NOTICE: [plugin.video.elementum] DEBU main ▶ Notification Got notification from xbmc/Player.OnPlay: {"item":{"file":"smb://192.168.0.21/image-testing/01.png","type":"picture"},"player":{"playerid":2,"speed":1}}
2019-11-04 12:32:11.694 T:1455403232 DEBUG: CWebServer[8080]: request received for /jsonrpc
2019-11-04 12:32:11.694 T:1455403232 DEBUG: JSONRPC: Incoming request: {"id":420,"jsonrpc":"2.0","method":"Player.GetActivePlayers"}
2019-11-04 12:32:11.723 T:1455403232 DEBUG: CWebServer[8080]: request received for /jsonrpc
2019-11-04 12:32:11.723 T:1455403232 DEBUG: JSONRPC: Incoming request: {"id":151,"jsonrpc":"2.0","method":"Application.GetProperties","params":{"properties":["volume","muted"]}}
2019-11-04 12:32:11.753 T:1455403232 DEBUG: CWebServer[8080]: request received for /jsonrpc
2019-11-04 12:32:11.753 T:1455403232 DEBUG: JSONRPC: Incoming request: {"id":689,"jsonrpc":"2.0","method":"Player.GetProperties","params":{"properties":["audiostreams","canseek","currentaudiostream","currentsubtitle","partymode","playlistid","position","repeat","shuffled","speed","subtitleenabled","subtitles","time","totaltime","type","videostreams","currentvideostream"],"playerid":2}}
2019-11-04 12:32:11.921 T:1595736288 DEBUG: CSMBFile::Close closing fd 10002
2019-11-04 12:32:11.923 T:1595736288 DEBUG: Finished background loading slot 0, 0: smb://192.168.0.21/image-testing/01.png
2019-11-04 12:32:11.953 T:1900278704 DEBUG: CSMBFile::Open - opened smb://192.168.0.21/image-testing/01.png, fd=10002
2019-11-04 12:32:11.992 T:1900278704 DEBUG: CSMBFile::Close closing fd 10002
2019-11-04 12:32:12.036 T:1502339296 NOTICE: [plugin.video.elementum] WARN main ▶ Notification OnPlay. No active player found
2019-11-04 12:32:12.674 T:1399390432 DEBUG: CWebServer[8080]: request received for /jsonrpc?PlaylistCollection
2019-11-04 12:32:12.675 T:1399390432 DEBUG: JSONRPC: Incoming request: {"jsonrpc":"2.0","method":"Playlist.GetItems","id":"1572892332008","params":{"playlistid":0,"properties":["title","thumbnail","file","artist","genre","year","rating","album","track","duration","playcount","dateadded","episode","artistid","albumid","tvshowid"],"limits":{"start":0}}}
2019-11-04 12:32:13.677 T:1455403232 DEBUG: CWebServer[8080]: request received for /jsonrpc
2019-11-04 12:32:13.678 T:1455403232 DEBUG: JSONRPC: Incoming request: {"id":698,"jsonrpc":"2.0","method":"Player.Open","params":{"item":{"file":"smb://192.168.0.21/image-testing/02.jpg"}}}
2019-11-04 12:32:13.686 T:1399390432 DEBUG: CWebServer[8080]: request received for /jsonrpc?Application.GetProperties
2019-11-04 12:32:13.686 T:1399390432 DEBUG: JSONRPC: Incoming request: [{"jsonrpc":"2.0","method":"Application.GetProperties","params":[["volume","muted","version"]],"id":68}]
2019-11-04 12:32:13.722 T:1411379424 DEBUG: CWebServer[8080]: request received for /jsonrpc
2019-11-04 12:32:13.723 T:1411379424 DEBUG: JSONRPC: Incoming request: {"id":444,"jsonrpc":"2.0","method":"Player.Open","params":{"item":{"file":"smb://192.168.0.21/image-testing/01.png"}}}
2019-11-04 12:32:13.731 T:1399390432 DEBUG: CWebServer[8080]: request received for /jsonrpc?Player.GetActivePlayers
2019-11-04 12:32:13.731 T:1399390432 DEBUG: JSONRPC: Incoming request: [{"jsonrpc":"2.0","method":"Player.GetActivePlayers","params":{},"id":69}]
2019-11-04 12:32:13.774 T:1399390432 DEBUG: CWebServer[8080]: request received for /jsonrpc?Base
2019-11-04 12:32:13.774 T:1399390432 DEBUG: JSONRPC: Incoming request: [{"jsonrpc":"2.0","method":"Player.GetProperties","params":[2,["playlistid","speed","position","totaltime","time","percentage","shuffled","repeat","canrepeat","canshuffle","canseek","partymode"]],"id":70},{"jsonrpc":"2.0","method":"Player.GetItem","params":[2,["title","thumbnail","file","artist","genre","year","rating","album","track","duration","playcount","dateadded","episode","artistid","albumid","tvshowid","fanart"]],"id":71}]
2019-11-04 12:32:13.802 T:1455403232 DEBUG: CSMBFile::Open - opened smb://192.168.0.21/image-testing/02.jpg, fd=10002
2019-11-04 12:32:13.839 T:1411379424 DEBUG: CSMBFile::Open - opened smb://192.168.0.21/image-testing/01.png, fd=10003
2019-11-04 12:32:13.907 T:1455403232 DEBUG: CSMBFile::Close closing fd 10002
2019-11-04 12:32:13.932 T:1411379424 DEBUG: CSMBFile::Close closing fd 10003
2019-11-04 12:32:13.945 T:1900265696 DEBUG: CAnnouncementManager - Announcement: OnStop from xbmc
2019-11-04 12:32:13.945 T:1900265696 DEBUG: GOT ANNOUNCEMENT, type: 1, from xbmc, message OnStop
2019-11-04 12:32:13.946 T:1900265696 DEBUG: CAnnouncementManager - Announcement: OnClear from xbmc
2019-11-04 12:32:13.946 T:1900265696 DEBUG: GOT ANNOUNCEMENT, type: 2, from xbmc, message OnClear
2019-11-04 12:32:13.946 T:1900265696 DEBUG: CAnnouncementManager - Announcement: OnStop from xbmc
2019-11-04 12:32:13.946 T:1900265696 DEBUG: GOT ANNOUNCEMENT, type: 1, from xbmc, message OnStop
2019-11-04 12:32:13.946 T:1900265696 DEBUG: CAnnouncementManager - Announcement: OnAdd from xbmc
2019-11-04 12:32:13.946 T:1900265696 DEBUG: GOT ANNOUNCEMENT, type: 2, from xbmc, message OnAdd
2019-11-04 12:32:13.947 T:1900265696 DEBUG: CAnnouncementManager - Announcement: OnClear from xbmc
2019-11-04 12:32:13.947 T:1900265696 DEBUG: GOT ANNOUNCEMENT, type: 2, from xbmc, message OnClear
2019-11-04 12:32:13.947 T:1900265696 DEBUG: CAnnouncementManager - Announcement: OnAdd from xbmc
2019-11-04 12:32:13.947 T:1900265696 DEBUG: GOT ANNOUNCEMENT, type: 2, from xbmc, message OnAdd
2019-11-04 12:32:13.947 T:1900278704 DEBUG: Loading the current image 0: smb://192.168.0.21/image-testing/01.png
2019-11-04 12:32:13.962 T:1900278704 DEBUG: Activating window ID: 12007
2019-11-04 12:32:13.962 T:1900265696 DEBUG: CAnnouncementManager - Announcement: OnPlay from xbmc
2019-11-04 12:32:13.962 T:1900278704 DEBUG: Activating window ID: 12007
2019-11-04 12:32:13.962 T:1900265696 DEBUG: GOT ANNOUNCEMENT, type: 1, from xbmc, message OnPlay
2019-11-04 12:32:13.962 T:1900265696 DEBUG: CAnnouncementManager - Announcement: OnPlay from xbmc
2019-11-04 12:32:13.962 T:1900265696 DEBUG: GOT ANNOUNCEMENT, type: 1, from xbmc, message OnPlay
2019-11-04 12:32:13.982 T:1595736288 DEBUG: CSMBFile::Open - opened smb://192.168.0.21/image-testing/01.png, fd=10003
2019-11-04 12:32:14.022 T:1502339296 NOTICE: [plugin.video.elementum] DEBU main ▶ Notification Got notification from xbmc/Player.OnStop: {"end":true,"item":{"file":"smb://192.168.0.21/image-testing/01.png","type":"picture"},"player":{"playerid":2}}
2019-11-04 12:32:14.024 T:1502339296 NOTICE: [plugin.video.elementum] DEBU main ▶ Notification Got notification from xbmc/Playlist.OnClear: {"playlistid":2}
2019-11-04 12:32:14.031 T:1502339296 NOTICE: [plugin.video.elementum] DEBU main ▶ Notification Got notification from xbmc/Player.OnStop: {"end":true,"item":{"file":"smb://192.168.0.21/image-testing/01.png","type":"picture"},"player":{"playerid":2}}
2019-11-04 12:32:14.037 T:1502339296 NOTICE: [plugin.video.elementum] DEBU main ▶ Notification Got notification from xbmc/Playlist.OnAdd: {"item":{"file":"smb://192.168.0.21/image-testing/02.jpg","type":"picture"},"playlistid":2,"position":0}
2019-11-04 12:32:14.043 T:1502339296 NOTICE: [plugin.video.elementum] DEBU main ▶ Notification Got notification from xbmc/Playlist.OnClear: {"playlistid":2}
2019-11-04 12:32:14.053 T:1502339296 NOTICE: [plugin.video.elementum] DEBU main ▶ Notification Got notification from xbmc/Playlist.OnAdd: {"item":{"file":"smb://192.168.0.21/image-testing/01.png","type":"picture"},"playlistid":2,"position":0}
2019-11-04 12:32:14.055 T:1502339296 NOTICE: [plugin.video.elementum] DEBU main ▶ Notification Got notification from xbmc/Player.OnPlay: {"item":{"file":"smb://192.168.0.21/image-testing/01.png","type":"picture"},"player":{"playerid":2,"speed":1}}
2019-11-04 12:32:14.248 T:1900278704 DEBUG: ------ Window Deinit (SlideShow.xml) ------
2019-11-04 12:32:14.248 T:1900278704 DEBUG: Waiting for BackgroundLoader thread to close
2019-11-04 12:32:14.308 T:1595736288 DEBUG: CSMBFile::Close closing fd 10003
2019-11-04 12:32:14.310 T:1595736288 DEBUG: Finished background loading slot 0, 0: smb://192.168.0.21/image-testing/01.png
2019-11-04 12:32:14.319 T:1900278704 DEBUG: Stopping BackgroundLoader thread
2019-11-04 12:32:14.319 T:1595736288 DEBUG: Time for loading 2 images: 724 ms, average 362 ms
2019-11-04 12:32:14.319 T:1595736288 DEBUG: Thread BgPicLoader 1595736288 terminating
2019-11-04 12:32:14.455 T:1502339296 NOTICE: [plugin.video.elementum] WARN main ▶ Notification OnPlay. No active player found
2019-11-04 12:32:14.459 T:1502339296 NOTICE: [plugin.video.elementum] DEBU main ▶ Notification Got notification from xbmc/Player.OnPlay: {"item":{"file":"smb://192.168.0.21/image-testing/01.png","type":"picture"},"player":{"playerid":2,"speed":1}}
2019-11-04 12:32:14.862 T:1502339296 NOTICE: [plugin.video.elementum] WARN main ▶ Notification OnPlay. No active player found
2019-11-04 12:32:15.087 T:1399390432 DEBUG: CWebServer[8080]: request received for /jsonrpc?Application.GetProperties
2019-11-04 12:32:15.087 T:1399390432 DEBUG: JSONRPC: Incoming request: [{"jsonrpc":"2.0","method":"Application.GetProperties","params":[["volume","muted","version"]],"id":72}]
2019-11-04 12:32:15.124 T:1399390432 DEBUG: CWebServer[8080]: request received for /jsonrpc?Player.GetActivePlayers
2019-11-04 12:32:15.124 T:1399390432 DEBUG: JSONRPC: Incoming request: [{"jsonrpc":"2.0","method":"Player.GetActivePlayers","params":{},"id":73}]
2019-11-04 12:32:15.331 T:1455403232 DEBUG: CWebServer[8080]: request received for /jsonrpc
2019-11-04 12:32:15.331 T:1455403232 DEBUG: JSONRPC: Incoming request: {"id":563,"jsonrpc":"2.0","method":"Player.Open","params":{"item":{"file":"smb://192.168.0.21/image-testing/02.jpg"}}}
2019-11-04 12:32:15.424 T:1455403232 DEBUG: CSMBFile::Open - opened smb://192.168.0.21/image-testing/02.jpg, fd=10003
2019-11-04 12:32:15.474 T:1455403232 DEBUG: CSMBFile::Close closing fd 10003
2019-11-04 12:32:15.482 T:1900265696 DEBUG: CAnnouncementManager - Announcement: OnStop from xbmc
2019-11-04 12:32:15.483 T:1900265696 DEBUG: GOT ANNOUNCEMENT, type: 1, from xbmc, message OnStop
2019-11-04 12:32:15.483 T:1900265696 DEBUG: CAnnouncementManager - Announcement: OnClear from xbmc
2019-11-04 12:32:15.483 T:1900265696 DEBUG: GOT ANNOUNCEMENT, type: 2, from xbmc, message OnClear
2019-11-04 12:32:15.483 T:1900265696 DEBUG: CAnnouncementManager - Announcement: OnAdd from xbmc
2019-11-04 12:32:15.483 T:1900265696 DEBUG: GOT ANNOUNCEMENT, type: 2, from xbmc, message OnAdd
2019-11-04 12:32:15.524 T:1900278704 DEBUG: Activating window ID: 12007
2019-11-04 12:32:15.524 T:1900265696 DEBUG: CAnnouncementManager - Announcement: OnPlay from xbmc
2019-11-04 12:32:15.524 T:1900278704 DEBUG: ------ Window Init (SlideShow.xml) ------
2019-11-04 12:32:15.524 T:1900265696 DEBUG: GOT ANNOUNCEMENT, type: 1, from xbmc, message OnPlay
2019-11-04 12:32:15.526 T:1900278704 DEBUG: Loading the current image 0: smb://192.168.0.21/image-testing/02.jpg
2019-11-04 12:32:15.526 T:1595736288 DEBUG: Thread BgPicLoader start, auto delete: false
2019-11-04 12:32:15.560 T:1595736288 DEBUG: CSMBFile::Open - opened smb://192.168.0.21/image-testing/02.jpg, fd=10003
2019-11-04 12:32:15.566 T:1502339296 NOTICE: [plugin.video.elementum] DEBU main ▶ Notification Got notification from xbmc/Player.OnStop: {"end":true,"item":{"file":"smb://192.168.0.21/image-testing/01.png","type":"picture"},"player":{"playerid":2}}
2019-11-04 12:32:15.574 T:1502339296 NOTICE: [plugin.video.elementum] DEBU main ▶ Notification Got notification from xbmc/Playlist.OnClear: {"playlistid":2}
2019-11-04 12:32:15.577 T:1502339296 NOTICE: [plugin.video.elementum] DEBU main ▶ Notification Got notification from xbmc/Playlist.OnAdd: {"item":{"file":"smb://192.168.0.21/image-testing/02.jpg","type":"picture"},"playlistid":2,"position":0}
2019-11-04 12:32:15.579 T:1502339296 NOTICE: [plugin.video.elementum] DEBU main ▶ Notification Got notification from xbmc/Player.OnPlay: {"item":{"file":"smb://192.168.0.21/image-testing/02.jpg","type":"picture"},"player":{"playerid":2,"speed":1}}
2019-11-04 12:32:15.616 T:1595736288 DEBUG: CSMBFile::Close closing fd 10003
2019-11-04 12:32:15.631 T:1595736288 DEBUG: COMXCoreComponent::Initialize OMX.broadcom.image_decode input port 320 output port 321 m_handle 0x6dd35ab8
2019-11-04 12:32:15.632 T:1595736288 DEBUG: COMXCoreComponent::AllocInputBuffers component(OMX.broadcom.image_decode) - port(320), nBufferCountMin(2), nBufferCountActual(2), nBufferSize(81920), nBufferAlignment(16)
2019-11-04 12:32:15.635 T:1595736288 DEBUG: COMXCoreComponent::Initialize OMX.broadcom.resize input port 60 output port 61 m_handle 0x6dd7a090
2019-11-04 12:32:15.636 T:1595736288 DEBUG: COMXCoreComponent::Initialize OMX.broadcom.egl_render input port 220 output port 221 m_handle 0x6dd81d50
2019-11-04 12:32:15.637 T:1595736288 DEBUG: COMXCoreComponent::UseEGLImage component(OMX.broadcom.egl_render) - port(221), nBufferCountMin(1), nBufferCountActual(1), nBufferSize(15360) nBufferAlignment(16)
2019-11-04 12:32:15.643 T:1399390432 DEBUG: CWebServer[8080]: request received for /image/image://smb%3a%2f%2f192.168.0.21%2fimage-testing%2f01.png/transform?size=thumb
2019-11-04 12:32:15.645 T:1578950880 DEBUG: CWebServer[8080]: request received for /
2019-11-04 12:32:15.790 T:1595736288 DEBUG: COMXCoreComponent::Deinitialize : OMX.broadcom.image_decode handle 0x6dd35ab8
2019-11-04 12:32:15.790 T:1595736288 DEBUG: COMXCoreComponent::Deinitialize : OMX.broadcom.resize handle 0x6dd7a090
2019-11-04 12:32:15.792 T:1595736288 DEBUG: COMXCoreComponent::Deinitialize : OMX.broadcom.egl_render handle 0x6dd81d50
2019-11-04 12:32:15.792 T:1595736288 DEBUG: DecodeJpegToTexture: decoded smb://192.168.0.21/image-testing/02.jpg 1024x576
2019-11-04 12:32:15.792 T:1595736288 DEBUG: Finished background loading slot 0, 0: smb://192.168.0.21/image-testing/02.jpg
2019-11-04 12:32:15.831 T:1455403232 DEBUG: CWebServer[8080]: request received for /jsonrpc
2019-11-04 12:32:15.831 T:1455403232 DEBUG: JSONRPC: Incoming request: {"id":578,"jsonrpc":"2.0","method":"Player.GetActivePlayers"}
2019-11-04 12:32:15.853 T:1455403232 DEBUG: CWebServer[8080]: request received for /jsonrpc
2019-11-04 12:32:15.853 T:1455403232 DEBUG: JSONRPC: Incoming request: {"id":508,"jsonrpc":"2.0","method":"Application.GetProperties","params":{"properties":["volume","muted"]}}
2019-11-04 12:32:15.872 T:1455403232 DEBUG: CWebServer[8080]: request received for /jsonrpc
2019-11-04 12:32:15.872 T:1455403232 DEBUG: JSONRPC: Incoming request: {"id":909,"jsonrpc":"2.0","method":"Player.GetProperties","params":{"properties":["audiostreams","canseek","currentaudiostream","currentsubtitle","partymode","playlistid","position","repeat","shuffled","speed","subtitleenabled","subtitles","time","totaltime","type","videostreams","currentvideostream"],"playerid":2}}
2019-11-04 12:32:15.902 T:1455403232 DEBUG: CWebServer[8080]: request received for /jsonrpc
2019-11-04 12:32:15.902 T:1455403232 DEBUG: JSONRPC: Incoming request: {"id":547,"jsonrpc":"2.0","method":"Player.GetItem","params":{"properties":["album","albumartist","artist","episode","art","file","genre","plot","rating","season","showtitle","studio","imdbnumber","tagline","title","track","year","streamdetails","originaltitle","playcount","runtime","duration","cast","writer","director","userrating","firstaired","displayartist"],"playerid":2}}
2019-11-04 12:32:15.980 T:1502339296 NOTICE: [plugin.video.elementum] WARN main ▶ Notification OnPlay. No active player found
2019-11-04 12:32:16.104 T:1399390432 DEBUG: CWebServer[8080]: request received for /jsonrpc?Application.GetProperties
2019-11-04 12:32:16.104 T:1399390432 DEBUG: JSONRPC: Incoming request: [{"jsonrpc":"2.0","method":"Application.GetProperties","params":[["volume","muted","version"]],"id":74}]
2019-11-04 12:32:16.136 T:1399390432 DEBUG: CWebServer[8080]: request received for /jsonrpc?Player.GetActivePlayers
2019-11-04 12:32:16.137 T:1399390432 DEBUG: JSONRPC: Incoming request: [{"jsonrpc":"2.0","method":"Player.GetActivePlayers","params":{},"id":75}]
2019-11-04 12:32:16.175 T:1399390432 DEBUG: CWebServer[8080]: request received for /jsonrpc?Base
2019-11-04 12:32:16.175 T:1399390432 DEBUG: JSONRPC: Incoming request: [{"jsonrpc":"2.0","method":"Player.GetProperties","params":[2,["playlistid","speed","position","totaltime","time","percentage","shuffled","repeat","canrepeat","canshuffle","canseek","partymode"]],"id":76},{"jsonrpc":"2.0","method":"Player.GetItem","params":[2,["title","thumbnail","file","artist","genre","year","rating","album","track","duration","playcount","dateadded","episode","artistid","albumid","tvshowid","fanart"]],"id":77}]
2019-11-04 12:32:17.118 T:1399390432 DEBUG: CWebServer[8080]: request received for /jsonrpc?Application.GetProperties
2019-11-04 12:32:17.124 T:1399390432 DEBUG: JSONRPC: Incoming request: [{"jsonrpc":"2.0","method":"Application.GetProperties","params":[["volume","muted","version"]],"id":78}]
2019-11-04 12:32:17.164 T:1399390432 DEBUG: CWebServer[8080]: request received for /jsonrpc?Player.GetActivePlayers
2019-11-04 12:32:17.164 T:1399390432 DEBUG: JSONRPC: Incoming request: [{"jsonrpc":"2.0","method":"Player.GetActivePlayers","params":{},"id":79}]
2019-11-04 12:32:17.194 T:1399390432 DEBUG: CWebServer[8080]: request received for /jsonrpc?Base
2019-11-04 12:32:17.194 T:1399390432 DEBUG: JSONRPC: Incoming request: [{"jsonrpc":"2.0","method":"Player.GetProperties","params":[2,["playlistid","speed","position","totaltime","time","percentage","shuffled","repeat","canrepeat","canshuffle","canseek","partymode"]],"id":80},{"jsonrpc":"2.0","method":"Player.GetItem","params":[2,["title","thumbnail","file","artist","genre","year","rating","album","track","duration","playcount","dateadded","episode","artistid","albumid","tvshowid","fanart"]],"id":81}]
2019-11-04 12:32:17.707 T:1455403232 DEBUG: CWebServer[8080]: request received for /jsonrpc
2019-11-04 12:32:17.707 T:1455403232 DEBUG: JSONRPC: Incoming request: {"id":58,"jsonrpc":"2.0","method":"Player.Open","params":{"item":{"file":"smb://192.168.0.21/image-testing/03.png"}}}
2019-11-04 12:32:17.803 T:1455403232 DEBUG: CSMBFile::Open - opened smb://192.168.0.21/image-testing/03.png, fd=10003
2019-11-04 12:32:17.847 T:1455403232 DEBUG: CSMBFile::Close closing fd 10003
2019-11-04 12:32:17.857 T:1900265696 DEBUG: CAnnouncementManager - Announcement: OnStop from xbmc
2019-11-04 12:32:17.857 T:1900265696 DEBUG: GOT ANNOUNCEMENT, type: 1, from xbmc, message OnStop
2019-11-04 12:32:17.858 T:1900278704 DEBUG: Loading the current image 0: smb://192.168.0.21/image-testing/02.jpg
2019-11-04 12:32:17.859 T:1900265696 DEBUG: CAnnouncementManager - Announcement: OnClear from xbmc
2019-11-04 12:32:17.859 T:1900265696 DEBUG: GOT ANNOUNCEMENT, type: 2, from xbmc, message OnClear
2019-11-04 12:32:17.859 T:1900265696 DEBUG: CAnnouncementManager - Announcement: OnAdd from xbmc
2019-11-04 12:32:17.859 T:1900265696 DEBUG: GOT ANNOUNCEMENT, type: 2, from xbmc, message OnAdd
2019-11-04 12:32:17.860 T:1900278704 DEBUG: Activating window ID: 12007
2019-11-04 12:32:17.860 T:1900265696 DEBUG: CAnnouncementManager - Announcement: OnPlay from xbmc
2019-11-04 12:32:17.860 T:1900265696 DEBUG: GOT ANNOUNCEMENT, type: 1, from xbmc, message OnPlay
2019-11-04 12:32:17.888 T:1502339296 NOTICE: [plugin.video.elementum] DEBU main ▶ Notification Got notification from xbmc/Player.OnStop: {"end":true,"item":{"file":"smb://192.168.0.21/image-testing/02.jpg","type":"picture"},"player":{"playerid":2}}
2019-11-04 12:32:17.891 T:1502339296 NOTICE: [plugin.video.elementum] DEBU main ▶ Notification Got notification from xbmc/Playlist.OnClear: {"playlistid":2}
2019-11-04 12:32:17.895 T:1502339296 NOTICE: [plugin.video.elementum] DEBU main ▶ Notification Got notification from xbmc/Playlist.OnAdd: {"item":{"file":"smb://192.168.0.21/image-testing/03.png","type":"picture"},"playlistid":2,"position":0}
2019-11-04 12:32:17.899 T:1502339296 NOTICE: [plugin.video.elementum] DEBU main ▶ Notification Got notification from xbmc/Player.OnPlay: {"item":{"file":"smb://192.168.0.21/image-testing/03.png","type":"picture"},"player":{"playerid":2,"speed":1}}
2019-11-04 12:32:17.900 T:1595736288 DEBUG: CSMBFile::Open - opened smb://192.168.0.21/image-testing/02.jpg, fd=10003
2019-11-04 12:32:17.947 T:1595736288 DEBUG: CSMBFile::Close closing fd 10003
2019-11-04 12:32:17.959 T:1595736288 DEBUG: COMXCoreComponent::Initialize OMX.broadcom.image_decode input port 320 output port 321 m_handle 0x6dd81d50
2019-11-04 12:32:17.960 T:1595736288 DEBUG: COMXCoreComponent::AllocInputBuffers component(OMX.broadcom.image_decode) - port(320), nBufferCountMin(2), nBufferCountActual(2), nBufferSize(81920), nBufferAlignment(16)
2019-11-04 12:32:17.962 T:1595736288 DEBUG: COMXCoreComponent::Initialize OMX.broadcom.resize input port 60 output port 61 m_handle 0x6dd7a090
2019-11-04 12:32:17.963 T:1595736288 DEBUG: COMXCoreComponent::Initialize OMX.broadcom.egl_render input port 220 output port 221 m_handle 0x6dd35ab8
2019-11-04 12:32:17.964 T:1595736288 DEBUG: COMXCoreComponent::UseEGLImage component(OMX.broadcom.egl_render) - port(221), nBufferCountMin(1), nBufferCountActual(1), nBufferSize(15360) nBufferAlignment(16)
2019-11-04 12:32:18.115 T:1595736288 DEBUG: COMXCoreComponent::Deinitialize : OMX.broadcom.image_decode handle 0x6dd81d50
2019-11-04 12:32:18.116 T:1595736288 DEBUG: COMXCoreComponent::Deinitialize : OMX.broadcom.resize handle 0x6dd7a090
2019-11-04 12:32:18.117 T:1595736288 DEBUG: COMXCoreComponent::Deinitialize : OMX.broadcom.egl_render handle 0x6dd35ab8
2019-11-04 12:32:18.118 T:1595736288 DEBUG: DecodeJpegToTexture: decoded smb://192.168.0.21/image-testing/02.jpg 1024x576
2019-11-04 12:32:18.126 T:1399390432 DEBUG: CWebServer[8080]: request received for /jsonrpc?Application.GetProperties
2019-11-04 12:32:18.126 T:1399390432 DEBUG: JSONRPC: Incoming request: [{"jsonrpc":"2.0","method":"Application.GetProperties","params":[["volume","muted","version"]],"id":82}]
2019-11-04 12:32:18.133 T:1900278704 DEBUG: Loading the current image 0: smb://192.168.0.21/image-testing/03.png
2019-11-04 12:32:18.164 T:1399390432 DEBUG: CWebServer[8080]: request received for /jsonrpc?Player.GetActivePlayers
2019-11-04 12:32:18.164 T:1399390432 DEBUG: JSONRPC: Incoming request: [{"jsonrpc":"2.0","method":"Player.GetActivePlayers","params":{},"id":83}]
2019-11-04 12:32:18.165 T:1595736288 DEBUG: CSMBFile::Open - opened smb://192.168.0.21/image-testing/03.png, fd=10003
2019-11-04 12:32:18.168 T:1900278704 DEBUG: ------ Window Deinit (SlideShow.xml) ------
2019-11-04 12:32:18.168 T:1900278704 DEBUG: Waiting for BackgroundLoader thread to close
2019-11-04 12:32:18.299 T:1502339296 NOTICE: [plugin.video.elementum] WARN main ▶ Notification OnPlay. No active player found
2019-11-04 12:32:18.337 T:1595736288 DEBUG: CSMBFile::Close closing fd 10003
2019-11-04 12:32:18.338 T:1595736288 DEBUG: Finished background loading slot 0, 0: smb://192.168.0.21/image-testing/03.png
2019-11-04 12:32:18.341 T:1900278704 DEBUG: Stopping BackgroundLoader thread
2019-11-04 12:32:18.341 T:1595736288 DEBUG: Time for loading 3 images: 730 ms, average 243 ms
2019-11-04 12:32:18.341 T:1595736288 DEBUG: Thread BgPicLoader 1595736288 terminating
2019-11-04 12:32:19.148 T:1399390432 DEBUG: CWebServer[8080]: request received for /jsonrpc?Application.GetProperties
2019-11-04 12:32:19.148 T:1399390432 DEBUG: JSONRPC: Incoming request: [{"jsonrpc":"2.0","method":"Application.GetProperties","params":[["volume","muted","version"]],"id":84}]
2019-11-04 12:32:19.150 T:1578950880 DEBUG: CWebServer[8080]: request received for /jsonrpc?Application.GetProperties
2019-11-04 12:32:19.150 T:1578950880 DEBUG: JSONRPC: Incoming request: [{"jsonrpc":"2.0","method":"Application.GetProperties","params":[["volume","muted","version"]],"id":85}]
2019-11-04 12:32:19.194 T:1399390432 DEBUG: CWebServer[8080]: request received for /jsonrpc?Player.GetActivePlayers
2019-11-04 12:32:19.194 T:1399390432 DEBUG: JSONRPC: Incoming request: [{"jsonrpc":"2.0","method":"Player.GetActivePlayers","params":{},"id":86}]
2019-11-04 12:32:19.211 T:1399390432 DEBUG: CWebServer[8080]: request received for /jsonrpc?Player.GetActivePlayers
2019-11-04 12:32:19.211 T:1399390432 DEBUG: JSONRPC: Incoming request: [{"jsonrpc":"2.0","method":"Player.GetActivePlayers","params":{},"id":87}]
2019-11-04 12:32:19.638 T:1399390432 DEBUG: CWebServer[8080]: request received for /images/fanart_default/cans.jpg
2019-11-04 12:32:19.675 T:1399390432 DEBUG: CWebServer[8080]: request received for /image/image://smb%3a%2f%2f192.168.0.21%2fimage-testing%2f02.jpg/transform?size=thumb
2019-11-04 12:32:19.689 T:1455403232 DEBUG: CWebServer[8080]: request received for /jsonrpc
2019-11-04 12:32:19.689 T:1455403232 DEBUG: JSONRPC: Incoming request: {"id":620,"jsonrpc":"2.0","method":"Player.Open","params":{"item":{"file":"smb://192.168.0.21/image-testing/04.png"}}}
2019-11-04 12:32:19.791 T:1455403232 DEBUG: CSMBFile::Open - opened smb://192.168.0.21/image-testing/04.png, fd=10003
2019-11-04 12:32:19.836 T:1455403232 DEBUG: CSMBFile::Close closing fd 10003
2019-11-04 12:32:19.851 T:1900265696 DEBUG: CAnnouncementManager - Announcement: OnStop from xbmc
2019-11-04 12:32:19.851 T:1900265696 DEBUG: GOT ANNOUNCEMENT, type: 1, from xbmc, message OnStop
2019-11-04 12:32:19.852 T:1900265696 DEBUG: CAnnouncementManager - Announcement: OnClear from xbmc
2019-11-04 12:32:19.852 T:1900265696 DEBUG: GOT ANNOUNCEMENT, type: 2, from xbmc, message OnClear
2019-11-04 12:32:19.852 T:1900265696 DEBUG: CAnnouncementManager - Announcement: OnAdd from xbmc
2019-11-04 12:32:19.852 T:1900265696 DEBUG: GOT ANNOUNCEMENT, type: 2, from xbmc, message OnAdd
2019-11-04 12:32:19.893 T:1900278704 DEBUG: Activating window ID: 12007
2019-11-04 12:32:19.893 T:1900265696 DEBUG: CAnnouncementManager - Announcement: OnPlay from xbmc
2019-11-04 12:32:19.893 T:1900278704 DEBUG: ------ Window Init (SlideShow.xml) ------
2019-11-04 12:32:19.893 T:1900265696 DEBUG: GOT ANNOUNCEMENT, type: 1, from xbmc, message OnPlay
2019-11-04 12:32:19.894 T:1900278704 DEBUG: Loading the current image 0: smb://192.168.0.21/image-testing/04.png
2019-11-04 12:32:19.894 T:1595736288 DEBUG: Thread BgPicLoader start, auto delete: false
2019-11-04 12:32:19.906 T:1502339296 NOTICE: [plugin.video.elementum] DEBU main ▶ Notification Got notification from xbmc/Player.OnStop: {"end":true,"item":{"file":"smb://192.168.0.21/image-testing/03.png","type":"picture"},"player":{"playerid":2}}
2019-11-04 12:32:19.912 T:1502339296 NOTICE: [plugin.video.elementum] DEBU main ▶ Notification Got notification from xbmc/Playlist.OnClear: {"playlistid":2}
2019-11-04 12:32:19.917 T:1502339296 NOTICE: [plugin.video.elementum] DEBU main ▶ Notification Got notification from xbmc/Playlist.OnAdd: {"item":{"file":"smb://192.168.0.21/image-testing/04.png","type":"picture"},"playlistid":2,"position":0}
2019-11-04 12:32:19.927 T:1502339296 NOTICE: [plugin.video.elementum] DEBU main ▶ Notification Got notification from xbmc/Player.OnPlay: {"item":{"file":"smb://192.168.0.21/image-testing/04.png","type":"picture"},"player":{"playerid":2,"speed":1}}
2019-11-04 12:32:19.934 T:1595736288 DEBUG: CSMBFile::Open - opened smb://192.168.0.21/image-testing/04.png, fd=10003
2019-11-04 12:32:19.959 T:1455403232 DEBUG: CWebServer[8080]: request received for /jsonrpc
2019-11-04 12:32:19.959 T:1455403232 DEBUG: JSONRPC: Incoming request: {"id":60,"jsonrpc":"2.0","method":"Player.GetActivePlayers"}
2019-11-04 12:32:19.982 T:1455403232 DEBUG: CWebServer[8080]: request received for /jsonrpc
2019-11-04 12:32:19.983 T:1455403232 DEBUG: JSONRPC: Incoming request: {"id":169,"jsonrpc":"2.0","method":"Application.GetProperties","params":{"properties":["volume","muted"]}}
2019-11-04 12:32:20.024 T:1455403232 DEBUG: CWebServer[8080]: request received for /jsonrpc
2019-11-04 12:32:20.024 T:1455403232 DEBUG: JSONRPC: Incoming request: {"id":277,"jsonrpc":"2.0","method":"Player.GetProperties","params":{"properties":["audiostreams","canseek","currentaudiostream","currentsubtitle","partymode","playlistid","position","repeat","shuffled","speed","subtitleenabled","subtitles","time","totaltime","type","videostreams","currentvideostream"],"playerid":2}}
2019-11-04 12:32:20.133 T:1399390432 DEBUG: CWebServer[8080]: request received for /jsonrpc?Application.GetProperties
2019-11-04 12:32:20.133 T:1399390432 DEBUG: JSONRPC: Incoming request: [{"jsonrpc":"2.0","method":"Application.GetProperties","params":[["volume","muted","version"]],"id":88}]
2019-11-04 12:32:20.187 T:1399390432 DEBUG: CWebServer[8080]: request received for /jsonrpc?Player.GetActivePlayers
2019-11-04 12:32:20.187 T:1399390432 DEBUG: JSONRPC: Incoming request: [{"jsonrpc":"2.0","method":"Player.GetActivePlayers","params":{},"id":89}]
2019-11-04 12:32:20.221 T:1399390432 DEBUG: CWebServer[8080]: request received for /jsonrpc?Base
2019-11-04 12:32:20.221 T:1399390432 DEBUG: JSONRPC: Incoming request: [{"jsonrpc":"2.0","method":"Player.GetProperties","params":[2,["playlistid","speed","position","totaltime","time","percentage","shuffled","repeat","canrepeat","canshuffle","canseek","partymode"]],"id":90},{"jsonrpc":"2.0","method":"Player.GetItem","params":[2,["title","thumbnail","file","artist","genre","year","rating","album","track","duration","playcount","dateadded","episode","artistid","albumid","tvshowid","fanart"]],"id":91}]
2019-11-04 12:32:20.327 T:1502339296 NOTICE: [plugin.video.elementum] WARN main ▶ Notification OnPlay. No active player found
2019-11-04 12:32:20.887 T:1595736288 DEBUG: CSMBFile::Close closing fd 10003
2019-11-04 12:32:20.889 T:1595736288 DEBUG: Finished background loading slot 0, 0: smb://192.168.0.21/image-testing/04.png
2019-11-04 12:32:20.931 T:1900278704 DEBUG: CSMBFile::Open - opened smb://192.168.0.21/image-testing/04.png, fd=10003
2019-11-04 12:32:20.971 T:1900278704 DEBUG: CSMBFile::Close closing fd 10003
2019-11-04 12:32:21.139 T:1399390432 DEBUG: CWebServer[8080]: request received for /jsonrpc?Application.GetProperties
2019-11-04 12:32:21.139 T:1399390432 DEBUG: JSONRPC: Incoming request: [{"jsonrpc":"2.0","method":"Application.GetProperties","params":[["volume","muted","version"]],"id":92}]
2019-11-04 12:32:21.164 T:1399390432 DEBUG: CWebServer[8080]: request received for /jsonrpc?Player.GetActivePlayers
2019-11-04 12:32:21.164 T:1399390432 DEBUG: JSONRPC: Incoming request: [{"jsonrpc":"2.0","method":"Player.GetActivePlayers","params":{},"id":93}]
2019-11-04 12:32:21.191 T:1399390432 DEBUG: CWebServer[8080]: request received for /jsonrpc?Base
2019-11-04 12:32:21.191 T:1399390432 DEBUG: JSONRPC: Incoming request: [{"jsonrpc":"2.0","method":"Player.GetProperties","params":[2,["playlistid","speed","position","totaltime","time","percentage","shuffled","repeat","canrepeat","canshuffle","canseek","partymode"]],"id":94},{"jsonrpc":"2.0","method":"Player.GetItem","params":[2,["title","thumbnail","file","artist","genre","year","rating","album","track","duration","playcount","dateadded","episode","artistid","albumid","tvshowid","fanart"]],"id":95}]
2019-11-04 12:32:22.041 T:1900278704 DEBUG: COMXCoreComponent::Initialize OMX.broadcom.image_decode input port 320 output port 321 m_handle 0x4a73f10
2019-11-04 12:32:22.043 T:1900278704 DEBUG: COMXCoreComponent::AllocInputBuffers component(OMX.broadcom.image_decode) - port(320), nBufferCountMin(2), nBufferCountActual(2), nBufferSize(7124416), nBufferAlignment(16)
2019-11-04 12:32:22.089 T:1900278704 DEBUG: COMXCoreComponent::Initialize OMX.broadcom.resize input port 60 output port 61 m_handle 0x465c498
2019-11-04 12:32:22.093 T:1900278704 DEBUG: COMXCoreComponent::Initialize OMX.broadcom.egl_render input port 220 output port 221 m_handle 0x4996960
2019-11-04 12:32:22.095 T:1900278704 DEBUG: COMXCoreComponent::UseEGLImage component(OMX.broadcom.egl_render) - port(221), nBufferCountMin(1), nBufferCountActual(1), nBufferSize(15360) nBufferAlignment(16)
2019-11-04 12:32:22.150 T:1399390432 DEBUG: CWebServer[8080]: request received for /jsonrpc?Application.GetProperties
2019-11-04 12:32:22.150 T:1399390432 DEBUG: JSONRPC: Incoming request: [{"jsonrpc":"2.0","method":"Application.GetProperties","params":[["volume","muted","version"]],"id":96}]
2019-11-04 12:32:22.156 T:1578950880 DEBUG: CWebServer[8080]: request received for /jsonrpc?Application.GetProperties
2019-11-04 12:32:22.156 T:1578950880 DEBUG: JSONRPC: Incoming request: [{"jsonrpc":"2.0","method":"Application.GetProperties","params":[["volume","muted","version"]],"id":97}]
2019-11-04 12:32:22.207 T:1399390432 DEBUG: CWebServer[8080]: request received for /jsonrpc?Player.GetActivePlayers
2019-11-04 12:32:22.207 T:1399390432 DEBUG: JSONRPC: Incoming request: [{"jsonrpc":"2.0","method":"Player.GetActivePlayers","params":{},"id":98}]
2019-11-04 12:32:22.224 T:1578950880 DEBUG: CWebServer[8080]: request received for /jsonrpc?Player.GetActivePlayers
2019-11-04 12:32:22.225 T:1578950880 DEBUG: JSONRPC: Incoming request: [{"jsonrpc":"2.0","method":"Player.GetActivePlayers","params":{},"id":99}]
2019-11-04 12:32:22.936 T:1455403232 DEBUG: CWebServer[8080]: request received for /jsonrpc
2019-11-04 12:32:22.936 T:1455403232 DEBUG: JSONRPC: Incoming request: {"id":683,"jsonrpc":"2.0","method":"Player.Open","params":{"item":{"file":"smb://192.168.0.21/image-testing/05.jpg"}}}
2019-11-04 12:32:23.030 T:1455403232 DEBUG: CSMBFile::Open - opened smb://192.168.0.21/image-testing/05.jpg, fd=10003
2019-11-04 12:32:23.072 T:1455403232 DEBUG: CSMBFile::Close closing fd 10003
2019-11-04 12:32:23.159 T:1663140064 DEBUG: CWebServer[8080]: request received for /jsonrpc?PlaylistCollection
2019-11-04 12:32:23.159 T:1663140064 DEBUG: JSONRPC: Incoming request: {"jsonrpc":"2.0","method":"Playlist.GetItems","id":"1572892342520","params":{"playlistid":0,"properties":["title","thumbnail","file","artist","genre","year","rating","album","track","duration","playcount","dateadded","episode","artistid","albumid","tvshowid"],"limits":{"start":0}}}
2019-11-04 12:32:23.204 T:1900278704 DEBUG: COMXCoreComponent::Deinitialize : OMX.broadcom.image_decode handle 0x4a73f10
2019-11-04 12:32:23.205 T:1900278704 DEBUG: COMXCoreComponent::Deinitialize : OMX.broadcom.resize handle 0x465c498
2019-11-04 12:32:23.207 T:1900278704 DEBUG: COMXCoreComponent::Deinitialize : OMX.broadcom.egl_render handle 0x4996960
2019-11-04 12:32:23.207 T:1900278704 DEBUG: DecodeJpegToTexture: decoded special://skin/extras/homeBackgrounds/andre-benz-248744.jpg 810x540
2019-11-04 12:32:23.215 T:1900265696 DEBUG: CAnnouncementManager - Announcement: OnStop from xbmc
2019-11-04 12:32:23.215 T:1900265696 DEBUG: GOT ANNOUNCEMENT, type: 1, from xbmc, message OnStop
2019-11-04 12:32:23.216 T:1900265696 DEBUG: CAnnouncementManager - Announcement: OnClear from xbmc
2019-11-04 12:32:23.216 T:1900265696 DEBUG: GOT ANNOUNCEMENT, type: 2, from xbmc, message OnClear
2019-11-04 12:32:23.216 T:1900265696 DEBUG: CAnnouncementManager - Announcement: OnAdd from xbmc
2019-11-04 12:32:23.216 T:1900265696 DEBUG: GOT ANNOUNCEMENT, type: 2, from xbmc, message OnAdd
2019-11-04 12:32:23.217 T:1900278704 DEBUG: Loading the current image 0: smb://192.168.0.21/image-testing/05.jpg
2019-11-04 12:32:23.224 T:1900265696 DEBUG: CAnnouncementManager - Announcement: OnPlay from xbmc
2019-11-04 12:32:23.225 T:1900265696 DEBUG: GOT ANNOUNCEMENT, type: 1, from xbmc, message OnPlay
2019-11-04 12:32:23.225 T:1900278704 DEBUG: Activating window ID: 12007
2019-11-04 12:32:23.235 T:1502339296 NOTICE: [plugin.video.elementum] DEBU main ▶ Notification Got notification from xbmc/Player.OnStop: {"end":true,"item":{"file":"smb://192.168.0.21/image-testing/04.png","type":"picture"},"player":{"playerid":2}}
2019-11-04 12:32:23.242 T:1502339296 NOTICE: [plugin.video.elementum] DEBU main ▶ Notification Got notification from xbmc/Playlist.OnClear: {"playlistid":2}
2019-11-04 12:32:23.251 T:1502339296 NOTICE: [plugin.video.elementum] DEBU main ▶ Notification Got notification from xbmc/Playlist.OnAdd: {"item":{"file":"smb://192.168.0.21/image-testing/05.jpg","type":"picture"},"playlistid":2,"position":0}
2019-11-04 12:32:23.252 T:1502339296 NOTICE: [plugin.video.elementum] DEBU main ▶ Notification Got notification from xbmc/Player.OnPlay: {"item":{"file":"smb://192.168.0.21/image-testing/05.jpg","type":"picture"},"player":{"playerid":2,"speed":1}}
2019-11-04 12:32:23.255 T:1595736288 DEBUG: CSMBFile::Open - opened smb://192.168.0.21/image-testing/05.jpg, fd=10003
2019-11-04 12:32:23.266 T:1399390432 DEBUG: CWebServer[8080]: request received for /jsonrpc?Base
2019-11-04 12:32:23.266 T:1399390432 DEBUG: JSONRPC: Incoming request: [{"jsonrpc":"2.0","method":"Player.GetProperties","params":[2,["playlistid","speed","position","totaltime","time","percentage","shuffled","repeat","canrepeat","canshuffle","canseek","partymode"]],"id":100},{"jsonrpc":"2.0","method":"Player.GetItem","params":[2,["title","thumbnail","file","artist","genre","year","rating","album","track","duration","playcount","dateadded","episode","artistid","albumid","tvshowid","fanart"]],"id":101}]
2019-11-04 12:32:23.304 T:1399390432 DEBUG: CWebServer[8080]: request received for /jsonrpc?Base
2019-11-04 12:32:23.304 T:1399390432 DEBUG: JSONRPC: Incoming request: [{"jsonrpc":"2.0","method":"Player.GetProperties","params":[2,["playlistid","speed","position","totaltime","time","percentage","shuffled","repeat","canrepeat","canshuffle","canseek","partymode"]],"id":102},{"jsonrpc":"2.0","method":"Player.GetItem","params":[2,["title","thumbnail","file","artist","genre","year","rating","album","track","duration","playcount","dateadded","episode","artistid","albumid","tvshowid","fanart"]],"id":103}]
2019-11-04 12:32:23.352 T:1595736288 DEBUG: CSMBFile::Close closing fd 10003
2019-11-04 12:32:23.362 T:1595736288 DEBUG: COMXCoreComponent::Initialize OMX.broadcom.image_decode input port 320 output port 321 m_handle 0x5a8623f0
2019-11-04 12:32:23.363 T:1595736288 DEBUG: COMXCoreComponent::AllocInputBuffers component(OMX.broadcom.image_decode) - port(320), nBufferCountMin(2), nBufferCountActual(2), nBufferSize(148112), nBufferAlignment(16)
2019-11-04 12:32:23.367 T:1595736288 DEBUG: COMXCoreComponent::Initialize OMX.broadcom.resize input port 60 output port 61 m_handle 0x5a8ccc70
2019-11-04 12:32:23.370 T:1595736288 DEBUG: COMXCoreComponent::Initialize OMX.broadcom.egl_render input port 220 output port 221 m_handle 0x5a8f4390
2019-11-04 12:32:23.371 T:1595736288 DEBUG: COMXCoreComponent::UseEGLImage component(OMX.broadcom.egl_render) - port(221), nBufferCountMin(1), nBufferCountActual(1), nBufferSize(15360) nBufferAlignment(16)
2019-11-04 12:32:23.523 T:1900278704 DEBUG: ------ Window Deinit (SlideShow.xml) ------
2019-11-04 12:32:23.523 T:1900278704 DEBUG: Waiting for BackgroundLoader thread to close
2019-11-04 12:32:23.541 T:1595736288 DEBUG: COMXCoreComponent::Deinitialize : OMX.broadcom.image_decode handle 0x5a8623f0
2019-11-04 12:32:23.542 T:1595736288 DEBUG: COMXCoreComponent::Deinitialize : OMX.broadcom.resize handle 0x5a8ccc70
2019-11-04 12:32:23.544 T:1595736288 DEBUG: COMXCoreComponent::Deinitialize : OMX.broadcom.egl_render handle 0x5a8f4390
