I/PackageManager( 820): init_copy idx=0: InstallParams{1a481ece file=/data/local/tmp/org.leetzone.android.yatsewidgetfree_8.9.0-310734_minAPI16(arm64-v8a)(nodpi)_apkmirror.com.apk cid=null}
I/PackageManager( 820): mcs_bound
I/PackageManager( 820): startCopy UserHandle{-1}: InstallParams{1a481ece file=/data/local/tmp/org.leetzone.android.yatsewidgetfree_8.9.0-310734_minAPI16(arm64-v8a)(nodpi)_apkmirror.com.apk cid=null}
D/PackageParser( 8650): isLcaROM() return false
D/ListView( 7887): mSelectorRect.setEmpty in layoutChildren this=android.widget.ListView{311f3998 VFED.VC. .F....ID 0,0-1080,1725 #102000a android:id/list}
D/PreferenceFragment( 7887): onSaveInstanceState, this = DevelopmentSettings{28a74713 #0 id=0x7f1002db}
V/ActivityThread( 7887): Finishing stop of ActivityRecord{3b033e25 token=android.os.BinderProxy@12eeebfa {com.android.settings/com.android.settings.SubSettings}}: show=true win=com.android.internal.policy.impl.MiuiPhoneWindow@3a4777a8
D/PreferenceFragment( 7887): onStop, this = DevelopmentSettings{28a74713 #0 id=0x7f1002db}
V/SettingsInterface( 8650): invalidate [global]: current 8 != cached 6
V/SettingsProvider( 820): call(global:sys_storage_full_threshold_bytes) for 0
D/SettingsProvider( 820): lookupValue table global cache.fullyMatchesDisk() sys_storage_full_threshold_bytes
V/SettingsProvider( 820): call(global:verifier_verify_adb_installs) for 0
D/SettingsProvider( 820): lookupValue table global cache contains Key verifier_verify_adb_installs , value = Bundle[{value=0}]
D/PackageParser( 8650): isLcaROM() return false
D/DefContainer( 8650): Copying /data/local/tmp/org.leetzone.android.yatsewidgetfree_8.9.0-310734_minAPI16(arm64-v8a)(nodpi)_apkmirror.com.apk to base.apk
D/PackageParser( 820): isLcaROM() return false
V/SettingsInterface( 2187): from settings cache , name = time_12_24 , value = null
I/art ( 2187): Note: end time exceeds epoch:
I/PackageManager( 820): Apk copy done
I/PackageManager( 820): Checking for more work or unbind...
D/PackageManager( 820): installPackageLI: path=/data/app/vmdl1977301721.tmp
I/PackageManager( 820): Posting delayed MCS_UNBIND
I/PackageManager( 820): Start parsing apk: null
D/PackageParser( 820): isLcaROM() return false
W/PackageParser( 820): Unknown element under : uses-permission-sdk-23 at /data/app/vmdl1977301721.tmp/base.apk Binary XML file line #25
W/PackageParser( 820): Unknown element under : uses-permission-sdk-23 at /data/app/vmdl1977301721.tmp/base.apk Binary XML file line #26
W/PackageParser( 820): Unknown element under : uses-permission-sdk-23 at /data/app/vmdl1977301721.tmp/base.apk Binary XML file line #27
D/OpenSSLLib( 820): OpensslErr:Module:13(114:155); file:external/openssl/crypto/asn1/asn1_lib.c ;Line:142;Function:ASN1_get_object
W/Watchdog( 820): SWT Watchdog after wait current time:43817679
D/AES ( 820): AEEIOCTL_GET/SET_SF_STATE IOCTL,cmd= 1074294797, lParam=0.
W/Watchdog( 820): **Get SF Time **1
D/AES ( 820): AEEIOCTL_RT_MON_Kick IOCTL,cmd= -2147192822, lParam=300.
W/Watchdog( 820): SWT Watchdog before synchronized:43817679
W/Watchdog( 820): SWT Watchdog after synchronized:43817679
W/Watchdog( 820): SWT Watchdog before wait timeout:30000
D/InputReader( 820): InputReader::monitor: lock
W/Watchdog( 820): SWT Watchdog before wait current time:43817679
D/InputReader( 820): InputReader::monitor: wait
W/Watchdog( 820): SWT Watchdog before wait start:43817679
W/Watchdog( 820): SWT Watchdog before wait CHECK_INTERVAL:30000
D/InputReader( 820): InputReader::monitor: unlock
D/InputReader( 820): InputReader::monitor: done
D/PerfServiceManager( 820): [PerfService] MESSAGE_TIMER_SCN_USER_BASE:73
I/libPerfService( 820): 9: set: 1
I/libPerfService( 820): 9: set freq: 0
I/libPerfService( 820): 9: set gpu level: 0
D/OpenSSLLib( 820): OpensslErr:Module:13(114:155); file:external/openssl/crypto/asn1/asn1_lib.c ;Line:142;Function:ASN1_get_object
D/ActivityThread( 3089): SVC-Destroying service: com.google.android.gms.checkin.CheckinApiService@972964
I/art ( 820): Background sticky concurrent mark sweep GC freed 231996(11MB) AllocSpace objects, 55(3MB) LOS objects, 16% free, 40MB/48MB, paused 3.860ms total 109.903ms
D/PackageManager( 820): manifestDigest was not present, but parser got: ManifestDigest {mDigest=08,8d,38,9f,f4,ab,21,49,b8,da,4c,1e,5f,3b,c2,3f,ea,e2,b3,43,71,05,d3,8e,83,e0,50,51,4c,6d,d7,1a,}
D/PackageManager( 820): Renaming /data/app/vmdl1977301721.tmp to /data/app/org.leetzone.android.yatsewidgetfree-1
I/PackageManager( 820): Start installation for package: null
D/PackageManager( 820): installNewPackageLI: Package{3eb8c701 org.leetzone.android.yatsewidgetfree}
W/PackageManager( 820): Package org.leetzone.android.yatsewidgetfree desires unavailable shared library org.apache.http.legacy; ignoring!
D/installd( 291): do_install : org.leetzone.android.yatsewidgetfree 10134 10134 default
D/PackageParser( 820): isLcaROM() return false
D/NativeLibraryHelper( 820): mod time st->st_mtime : 315410400 vs modifiedTime. 315410400
D/NativeLibraryHelper( 820): mod time st->st_mtime : 315410400 vs modifiedTime. 315410400
I/PackageManager( 820): Linking native library dir for /data/app/org.leetzone.android.yatsewidgetfree-1
I/PackageManager( 820): Perform pre-dex opt for package: org.leetzone.android.yatsewidgetfree
I/art ( 820): DexFile_isDexOptNeeded failed to open oat file '/data/dalvik-cache/arm64/data@app@org.leetzone.android.yatsewidgetfree-1@base.apk@classes.dex' for file location '/data/app/org.leetzone.android.yatsewidgetfree-1/base.apk': Failed to open oat filename for reading: No such file or directory
I/art ( 820): DexFile_isDexOptNeeded failed to open oat file '/data/app/org.leetzone.android.yatsewidgetfree-1/arm64/base.odex' for file location '/data/app/org.leetzone.android.yatsewidgetfree-1/base.apk': Failed to open oat filename for reading: No such file or directory
I/PackageManager( 820): Running dexopt on: /data/app/org.leetzone.android.yatsewidgetfree-1/base.apk pkg=org.leetzone.android.yatsewidgetfree isa=arm64 vmSafeMode=false
I/dex2oat ( 1991): /system/bin/dex2oat --zip-fd=11 --zip-location=/data/app/org.leetzone.android.yatsewidgetfree-1/base.apk --oat-fd=12 --oat-location=/data/dalvik-cache/arm64/data@app@org.leetzone.android.yatsewidgetfree-1@base.apk@classes.dex --instruction-set=arm64 --instruction-set-features=default --runtime-arg -Xms64m --runtime-arg -Xmx512m --compiler-filter=speed
V/SettingsInterface( 2187): from settings cache , name = time_12_24 , value = null
I/art ( 2187): Note: end time exceeds epoch:
W/dex2oat ( 1991): Before Android 4.1, method android.graphics.drawable.Drawable me.zhanghai.android.materialprogressbar.MaterialProgressBar.getCurrentDrawable() would have incorrectly overridden the package-private method in android.widget.ProgressBar
I/supolicy( 2004): --- SELinux policy patch start ---
I/supolicy( 2004): --- SELinux policy patch end ---
V/SettingsInterface( 2187): from settings cache , name = time_12_24 , value = null
I/art ( 2187): Note: end time exceeds epoch:
V/SettingsInterface( 2187): from settings cache , name = time_12_24 , value = null
I/art ( 2187): Note: end time exceeds epoch:
W/dex2oat ( 1991): Verification of void com.mikepenz.community_material_typeface_library.CommunityMaterial$a.() took 151.903ms
V/SettingsInterface( 2187): from settings cache , name = time_12_24 , value = null
I/art ( 2187): Note: end time exceeds epoch:
I/thermal_repeater( 310): oh, queryMdThermalInfo (0)Bad file number
I/thermal_repeater( 310): [recvMdThermalInfo] ret=27, strLen=127, 3, 35, -127, -1, 32767, 17
W/dex2oat ( 1991): Verification of java.lang.Object c.g.a.b.e.b.b.M.a(java.lang.Object, java.lang.Object) took 108.478ms
W/dex2oat ( 1991): Verification of java.lang.Object c.g.a.b.e.b.b.M.c(java.lang.Object) took 105.306ms
W/dex2oat ( 1991): Verification of java.lang.Object c.g.a.b.e.b.b.Y.c(java.lang.Object) took 135.342ms
D/TaskScheduler(31497): Shutdown MiFG service for system recycling
D/ActivityThread(31497): SVC-Destroying service: com.mfashiongallery.emag.MiFGService@30fd03a3
D/MiFGService(31497): Service onDestroy
I/ActivityManager( 820): Killing 31607:com.instagram.android/u0a105 (adj 15): empty #17
I/ProcessStatsService( 820): Prepared write state in 4ms
V/SettingsInterface( 2187): from settings cache , name = time_12_24 , value = null
I/art ( 2187): Note: end time exceeds epoch:
D/DisplayManagerService( 820): Display listener for pid 31607 died.
D/ActivityManager( 820): SVC-handleAppDiedLocked: app = ProcessRecord{3509b851 31607:com.instagram.android/u0a105}, app.pid = 31607
V/ActivityManager( 820): cleanUpApplicationRecordLocked:restart=false
D/ActivityManager( 820): SVC-mBroadcastQueues: com.android.server.am.BroadcastQueue@d813144
D/ActivityManager( 820): SVC-mBroadcastQueues: com.android.server.am.BroadcastQueue@3b9ce22d
D/ActivityThread(31861): SVC-Destroying service: com.facebook.video.heroplayer.service.HeroService@7df36f5
W/libprocessgroup( 820): failed to open /acct/uid_10105/pid_31607/cgroup.procs: No such file or directory
W/dex2oat ( 1991): Compilation of void I.run() took 241.001ms
W/dex2oat ( 1991): Compilation of void androidx.constraintlayout.widget.ConstraintLayout.onMeasure(int, int) took 179.122ms
D/BatteryService( 820): mBatteryVoltage=4136, batteryLevel=50
V/ActivityManager( 820): Broadcast sticky: Intent { act=android.intent.action.BATTERY_CHANGED flg=0x60000010 (has extras) } ordered=false userid=-1 callerApp=null
D/UsbDeviceManager( 820): onReceive - BATTERY_CHANGED - mPlugType: 2, mSettingUsbCharging: false, mConnected: true, mSettingUsbBicr: false
D/WifiService( 820): onReceive, action:android.intent.action.BATTERY_CHANGED
D/BatteryController( 1236): action=android.intent.action.BATTERY_CHANGED; mCharging=true
D/WifiController( 820): DeviceActiveState{ when=-1ms what=155652 arg1=2 target=com.android.internal.util.StateMachine$SmHandler }
D/WifiController( 820): StaEnabledState{ when=-1ms what=155652 arg1=2 target=com.android.internal.util.StateMachine$SmHandler }
V/SettingsInterface( 1236): from settings cache , name = charging_sounds_enabled , value = null
D/WifiController( 820): DefaultState{ when=-1ms what=155652 arg1=2 target=com.android.internal.util.StateMachine$SmHandler }
D/WifiController( 820): battery changed pluggedType: 2
D/WifiController( 820): wifiSleepPolicy:2
D/WifiController( 820): wifiSleepPolicy:2
I/BatteryInfoReceiver( 1339): ACTION_BATTERY_CHANGED
V/SettingsInterface( 2187): from settings cache , name = time_12_24 , value = null
I/art ( 2187): Note: end time exceeds epoch:
F/libc ( 1991): Fatal signal 7 (SIGBUS), code 1, fault addr 0xffff00c7 in tid 2001 (Compiler driver)
D/AEE/AED ( 286): $===AEE===AEE===AEE===$
D/AEE/AED ( 286): p 0 poll events 1 revents 0
D/AEE/AED ( 286): not know revents:0
D/AEE/AED ( 286): p 1 poll events 1 revents 0
D/AEE/AED ( 286): not know revents:0
D/AEE/AED ( 286): p 2 poll events 1 revents 1
D/AEE/AED ( 286): aed_main_fork_worker: generator 0xab80c7f0, worker 0xfff9f008, recv_fd 0
D/AEE/AED ( 286): p 3 poll events 1 revents 0
D/AEE/AED ( 286): not know revents:0
D/AEE/AED ( 286): p 4 poll events 1 revents 0
D/AEE/AED ( 286): not know revents:0
D/AEE/AED ( 286): p 5 poll events 0 revents 0
D/AEE/AED ( 286): not know revents:0
I/AEE/AED ( 2064): handle_request(0)
I/AEE/AED ( 2064): check process 1991 name:main
I/AEE/AED ( 2064): tid 2001 abort msg address is:0x00000000, si_code is:1 (request from 1991:50134)
I/AEE/AED ( 2064): BOOM: pid=1991 uid=50134 gid=50134 tid=2001
I/AEE/AED ( 2064): [OnPurpose Redunant in void preset_info(aed_report_record*, int, int)] pid: 1991, tid: 2001, name: Compiler driver >>> /system/bin/dex2oat <<<
I/AEE/AED ( 2064): *** *** *** *** *** *** *** *** *** *** *** *** *** *** *** ***
W/NativeCrashListener( 820): Couldn't find ProcessRecord for pid 1991
I/AEE/AED ( 2064): Build fingerprint: 'Xiaomi/hennessy/hennessy:5.0.2/LRX22G/V8.1.3.0.LHNCNDI:user/release-keys'
I/AEE/AED ( 2064): Revision: '0'
I/AEE/AED ( 2064): ABI: 'arm'
I/AEE/AED ( 2064): pid: 1991, tid: 2001, name: Compiler driver >>> /system/bin/dex2oat <<<
I/AEE/AED ( 2064): signal 7 (SIGBUS), code 1 (BUS_ADRALN), fault addr 0xffff00c7
I/AEE/AED ( 2064): r0 f36be038 r1 f35c0c68 r2 000000be r3 ffff00b7
E/AEE/AED ( 2064): AM write failure (32 / Broken pipe)
I/AEE/AED ( 2064): r4 ffffffff r5 ffff00be r6 00000000 r7 00000000
I/AEE/AED ( 2064): r8 f3ac00b0 r9 f40968f8 sl f4096758 fp f3cbcce8
I/AEE/AED ( 2064): ip f707e9a4 sp f40966d0 lr f36be018 pc f6ec6ae8 cpsr a00d0030
I/AEE/AED ( 2064):
I/AEE/AED ( 2064): backtrace:
I/AEE/AED ( 2064): #00 pc 0008eae8 /system/lib/libart-compiler.so
I/AEE/AED ( 2064): #01 pc 00090af9 /system/lib/libart-compiler.so (_ZN3art19LocalValueNumbering15HandlePutObjectEPNS_3MIRE+56)
I/AEE/AED ( 2064): #02 pc 001f6153 /system/lib/libart-compiler.so (_ZN3art19LocalValueNumbering14GetValueNumberEPNS_3MIRE+946)
I/AEE/AED ( 2064): #03 pc 001350ab /system/lib/libart-compiler.so (_ZN3art8MIRGraph28ApplyGlobalValueNumberingEndEv+138)
I/AEE/AED ( 2064): #04 pc 00203eef /system/lib/libart-compiler.so (_ZN3art20MTK_PassDriverMEOpts9ApplyPassEPNS_14PassDataHolderEPKNS_4PassE+38)
I/AEE/AED ( 2064): #05 pc 001fc269 /system/lib/libart-compiler.so
I/AEE/AED ( 2064): #06 pc 001fb77b /system/lib/libart-compiler.so (_ZN3art13RunPassDriverEPNS_15CompilationUnitE+218)
I/AEE/AED ( 2064): #07 pc 00138729 /system/lib/libart-compiler.so
I/AEE/AED ( 2064): #08 pc 000ff1e9 /system/lib/libart-compiler.so (_ZNK3art13QuickCompiler7CompileEPKNS_7DexFile8CodeItemEjNS_10InvokeTypeEtjP8_jobjectRKS1_+80)
I/AEE/AED ( 2064): #09 pc 0014fc11 /system/lib/libart-compiler.so (_ZN3art14CompilerDriver13CompileMethodEPKNS_7DexFile8CodeItemEjNS_10InvokeTypeEtjP8_jobjectRKS1_NS_24DexToDexCompilationLevelE+936)
I/AEE/AED ( 2064): #10 pc 001502d3 /system/lib/libart-compiler.so (_ZN3art14CompilerDriver12CompileClassEPKNS_26ParallelCompilationManagerEj+1162)
I/AEE/AED ( 2064): #11 pc 00146331 /system/lib/libart-compiler.so
I/AEE/AED ( 2064): #12 pc 00233791 /system/lib/libart.so (_ZN3art16ThreadPoolWorker3RunEv+32)
I/AEE/AED ( 2064): #13 pc 00233fc5 /system/lib/libart.so (_ZN3art16ThreadPoolWorker8CallbackEPv+44)
I/AEE/AED ( 2064): #14 pc 00015c6b /system/lib/libc.so (_ZL15__pthread_startPv+30)
I/AEE/AED ( 2064): #15 pc 00013cfb /system/lib/libc.so (__start_thread+6)
I/AEE/AED ( 2064):
I/AEE/AED ( 2064): Tombstone written to: /data/tombstones/tombstone_03
E/AEE/AED ( 2064): request.action: 0
V/SettingsProvider( 820): call(global:dropbox:SYSTEM_TOMBSTONE) for 0
D/SettingsProvider( 820): lookupValue table global cache.fullyMatchesDisk() dropbox:SYSTEM_TOMBSTONE
V/AEE/AED ( 2064): dashboard_record_update() : rec->module = /system/bin/dex2oat
D/AEE/AED ( 2064): Duplicated exception, cnt = 5
D/AEE/AED ( 2064): Last exception time: 1550964346
D/AEE/AED ( 2064): cur time: 1550971010
D/AEE/AED ( 2064): Skip for Exp level'0'
I/BootReceiver( 820): Copying /data/tombstones/tombstone_03 to DropBox (SYSTEM_TOMBSTONE)
D/AEE/AED ( 286): $===AEE===AEE===AEE===$
D/AEE/AED ( 286): p 0 poll events 1 revents 0
D/AEE/AED ( 286): not know revents:0
D/AEE/AED ( 286): p 1 poll events 1 revents 0
D/AEE/AED ( 286): not know revents:0
D/AEE/AED ( 286): p 2 poll events 1 revents 0
D/AEE/AED ( 286): not know revents:0
D/AEE/AED ( 286): p 3 poll events 1 revents 0
D/AEE/AED ( 286): not know revents:0
D/AEE/AED ( 286): p 4 poll events 1 revents 0
D/AEE/AED ( 286): not know revents:0
D/AEE/AED ( 286): p 5 poll events 0 revents 0
D/AEE/AED ( 286): not know revents:0
E/SharedPreferencesImpl( 820): Couldn't create directory for SharedPreferences file shared_prefs/log_files.xml
V/SettingsInterface( 820): from settings cache , name = dropbox:SYSTEM_TOMBSTONE , value = null
V/SettingsInterface( 820): from settings cache , name = dropbox_age_seconds , value = null
V/SettingsInterface( 820): from settings cache , name = dropbox_max_files , value = null
V/SettingsInterface( 820): from settings cache , name = dropbox_quota_percent , value = null
V/SettingsInterface( 820): from settings cache , name = dropbox_reserve_percent , value = null
V/SettingsInterface( 820): from settings cache , name = dropbox_quota_kb , value = null
E/installd( 291): DexInv: --- END '/data/app/org.leetzone.android.yatsewidgetfree-1/base.apk' --- status=0x0007, process failed
I/PackageManager( 820): Dexopt done on: org.leetzone.android.yatsewidgetfree
I/SELinux ( 265): avc: received policyload notice (seqno=8766)
D/installd( 291): do_remove : org.leetzone.android.yatsewidgetfree 0
D/installd( 291): uninstall : org.leetzone.android.yatsewidgetfree
W/PackageManager( 820): Package couldn't be installed in /data/app/org.leetzone.android.yatsewidgetfree-1
W/PackageManager( 820): com.android.server.pm.PackageManagerException: scanPackageLI
W/PackageManager( 820): at com.android.server.pm.PackageManagerService.scanPackageDirtyLI(PackageManagerService.java)
W/PackageManager( 820): at com.android.server.pm.PackageManagerService.scanPackageLI(PackageManagerService.java)
W/PackageManager( 820): at com.android.server.pm.PackageManagerService.installNewPackageLI(PackageManagerService.java)
W/PackageManager( 820): at com.android.server.pm.PackageManagerService.installPackageLI(PackageManagerService.java)
W/PackageManager( 820): at com.android.server.pm.PackageManagerService.access$2800(PackageManagerService.java)
W/PackageManager( 820): at com.android.server.pm.PackageManagerService$6.run(PackageManagerService.java)
W/PackageManager( 820): at android.os.Handler.handleCallback(Handler.java)
W/PackageManager( 820): at android.os.Handler.dispatchMessage(Handler.java)
W/PackageManager( 820): at android.os.Looper.loop(Looper.java)
W/PackageManager( 820): at android.os.HandlerThread.run(HandlerThread.java)
W/PackageManager( 820): at com.android.server.ServiceThread.run(ServiceThread.java)
I/PackageManager( 820): Installation done for package: null
V/PackageManager( 820): + starting restore round-trip 9
V/PackageManager( 820): No restore - queue post-install for 9
V/PackageManager( 820): Handling post-install for 9