22:30:48.980 T:19752 DEBUG: ffmpeg[4D28]: [swscaler] No accelerated colorspace conversion found from yuv420p to bgra.
22:30:48.982 T:21384 DEBUG: ffmpeg[5388]: [swscaler] No accelerated colorspace conversion found from yuv420p to bgra.
22:30:49.017 T:20484 DEBUG: ffmpeg[5004]: [swscaler] No accelerated colorspace conversion found from yuv420p to bgra.
22:30:49.047 T:12644 DEBUG: ffmpeg[3164]: [swscaler] No accelerated colorspace conversion found from yuv420p to bgra.
22:30:49.097 T:20484 DEBUG: ffmpeg[5004]: [swscaler] No accelerated colorspace conversion found from yuv420p to bgra.
22:30:49.110 T:18940 DEBUG: Keyboard: scancode: 0x4d, sym: 0x0113, unicode: 0x0000, modifier: 0x0
22:30:49.111 T:18940 DEBUG: CInputManager::HandleKey: right (0xf083) pressed, action is Right
22:30:49.243 T:18940 DEBUG: Keyboard: scancode: 0x4d, sym: 0x0113, unicode: 0x0000, modifier: 0x0
22:30:49.593 T:18940 DEBUG: Keyboard: scancode: 0x50, sym: 0x0112, unicode: 0x0000, modifier: 0x0
22:30:49.593 T:18940 DEBUG: CInputManager::HandleKey: down (0xf081) pressed, action is Down
22:30:49.599 T:12644 DEBUG: ffmpeg[3164]: [swscaler] No accelerated colorspace conversion found from yuv420p to bgra.
22:30:49.599 T:21384 DEBUG: ffmpeg[5388]: [swscaler] No accelerated colorspace conversion found from yuv420p to bgra.
22:30:49.600 T:20484 DEBUG: ffmpeg[5004]: [swscaler] No accelerated colorspace conversion found from yuv420p to bgra.
22:30:49.604 T:12644 DEBUG: ffmpeg[3164]: [swscaler] No accelerated colorspace conversion found from yuv420p to bgra.
22:30:49.605 T:21384 DEBUG: ffmpeg[5388]: [swscaler] No accelerated colorspace conversion found from yuv420p to bgra.
22:30:49.607 T:19752 DEBUG: ffmpeg[4D28]: [swscaler] No accelerated colorspace conversion found from yuv420p to bgra.
22:30:49.695 T:19752 ERROR: CImageLoader::DoWork - Direct texture file loading failed for special://masterprofile/Thumbnails/b/bf675756.jpg
22:30:49.696 T:12644 ERROR: CImageLoader::DoWork - Direct texture file loading failed for special://masterprofile/Thumbnails/9/92bbf6a9.jpg
22:30:49.696 T:20484 ERROR: CImageLoader::DoWork - Direct texture file loading failed for special://masterprofile/Thumbnails/4/4299239e.jpg
22:30:49.697 T:19752 INFO: XCURL::DllLibCurlGlobal::easy_acquire - Created session to http://image.tmdb.org
22:30:49.699 T:21384 INFO: Previous line repeats 2 times.
22:30:49.699 T:21384 DEBUG: ffmpeg[5388]: [swscaler] No accelerated colorspace conversion found from yuv420p to bgra.
22:30:49.700 T:21384 ERROR: CImageLoader::DoWork - Direct texture file loading failed for special://masterprofile/Thumbnails/e/e94cbc60.jpg
22:30:49.700 T:21384 INFO: XCURL::DllLibCurlGlobal::easy_acquire - Created session to http://image.tmdb.org
22:30:49.710 T:18940 DEBUG: Keyboard: scancode: 0x50, sym: 0x0112, unicode: 0x0000, modifier: 0x0
22:30:49.737 T:13508 NOTICE: script.module.metadatautils --> Rate limiter active for themoviedb.org - delaying request with 4 seconds - Configure a personal API key in the settings to get rid of this message and the delay.
22:30:49.759 T:12644 DEBUG: CCurlFile::GetMimeType - http://image.tmdb.org/t/p/original/w0carH29kLHzgL3RVuynMWfNkmb.jpg -> image/jpeg
22:30:49.759 T:12644 DEBUG: CurlFile::Open(0x3a1327a0) http://image.tmdb.org/t/p/original/w0carH29kLHzgL3RVuynMWfNkmb.jpg
22:30:49.760 T:19752 DEBUG: CCurlFile::GetMimeType - http://image.tmdb.org/t/p/original/foQSCFIWoxQWbtuUgShZipHxlPb.jpg -> image/jpeg
22:30:49.761 T:19752 DEBUG: CurlFile::Open(0x3a1341a0) http://image.tmdb.org/t/p/original/foQSCFIWoxQWbtuUgShZipHxlPb.jpg
22:30:49.768 T:21384 DEBUG: CCurlFile::GetMimeType - http://image.tmdb.org/t/p/original/ub87KyLiEVNVGgSEs9PtH0GDdJD.jpg -> image/jpeg
22:30:49.768 T:21384 DEBUG: CurlFile::Open(0x3a133e60) http://image.tmdb.org/t/p/original/ub87KyLiEVNVGgSEs9PtH0GDdJD.jpg
22:30:49.793 T:18940 DEBUG: Keyboard: scancode: 0x50, sym: 0x0112, unicode: 0x0000, modifier: 0x0
22:30:49.793 T:18940 DEBUG: CInputManager::HandleKey: down (0xf081) pressed, action is Down
22:30:49.889 T:6108 NOTICE: script.module.metadatautils --> Rate limiter active for themoviedb.org - delaying request with 5 seconds - Configure a personal API key in the settings to get rid of this message and the delay.
22:30:49.918 T:12668 DEBUG: CWebServer[8080]: request received for /jsonrpc
22:30:49.919 T:21384 DEBUG: ffmpeg[5388]: [swscaler] No accelerated colorspace conversion found from yuv420p to bgra.
22:30:49.924 T:21384 DEBUG: Caching image 'http://image.tmdb.org/t/p/original/ub87KyLiEVNVGgSEs9PtH0GDdJD.jpg' to 'e/e94cbc60.jpg':
22:30:49.928 T:18940 DEBUG: Keyboard: scancode: 0x50, sym: 0x0112, unicode: 0x0000, modifier: 0x0
22:30:49.929 T:12668 DEBUG: CWebServer[8080]: request received for /jsonrpc
22:30:49.941 T:21384 DEBUG: cached image 'special://masterprofile/Thumbnails/e/e94cbc60.jpg' size 480x720
22:30:49.987 T:21384 ERROR: CImageLoader::DoWork - Direct texture file loading failed for special://masterprofile/Thumbnails/9/92bbf6a9.jpg
22:30:49.994 T:21356 DEBUG: Thread BackgroundLoader 21356 terminating
22:30:50.009 T:19752 DEBUG: ffmpeg[4D28]: [swscaler] No accelerated colorspace conversion found from yuv420p to bgra.
22:30:50.023 T:19752 DEBUG: Caching image 'http://image.tmdb.org/t/p/original/foQSCFIWoxQWbtuUgShZipHxlPb.jpg' to 'b/bf675756.jpg':
22:30:50.028 T:12644 DEBUG: Caching image 'http://image.tmdb.org/t/p/original/w0carH29kLHzgL3RVuynMWfNkmb.jpg' to '9/92bbf6a9.jpg':
22:30:50.043 T:18940 DEBUG: Keyboard: scancode: 0x50, sym: 0x0112, unicode: 0x0000, modifier: 0x0
22:30:50.043 T:18940 DEBUG: CInputManager::HandleKey: down (0xf081) pressed, action is Down
22:30:50.053 T:12644 DEBUG: cached image 'special://masterprofile/Thumbnails/9/92bbf6a9.jpg' size 480x720
22:30:50.056 T:19752 DEBUG: cached image 'special://masterprofile/Thumbnails/b/bf675756.jpg' size 480x720
22:30:50.119 T:19752 ERROR: CImageLoader::DoWork - Direct texture file loading failed for special://masterprofile/Thumbnails/4/4299239e.jpg
22:30:50.121 T:21384 DEBUG: ffmpeg[5388]: [swscaler] No accelerated colorspace conversion found from yuv420p to bgra.
22:30:50.122 T:21384 ERROR: CImageLoader::DoWork - Direct texture file loading failed for special://masterprofile/Thumbnails/d/dd38ecc8.jpg
22:30:50.122 T:12644 DEBUG: ffmpeg[3164]: [swscaler] No accelerated colorspace conversion found from yuv420p to bgra.
22:30:50.138 T:12644 DEBUG: Previous line repeats 3 times.
22:30:50.138 T:12644 ERROR: CImageLoader::DoWork - Direct texture file loading failed for special://masterprofile/Thumbnails/0/003ae482.jpg
22:30:50.153 T:21384 DEBUG: CCurlFile::GetMimeType - http://image.tmdb.org/t/p/original/gHd8VVyp2CO5w7cA452O9rKoJAj.jpg -> image/jpeg
22:30:50.153 T:21384 DEBUG: CurlFile::Open(0x21385ae0) http://image.tmdb.org/t/p/original/gHd8VVyp2CO5w7cA452O9rKoJAj.jpg
22:30:50.173 T:12644 DEBUG: CCurlFile::GetMimeType - http://image.tmdb.org/t/p/original/p6PvWG4634hMLRzFnJVX9qiVUY1.jpg -> image/jpeg
22:30:50.174 T:12644 DEBUG: CurlFile::Open(0x21385460) http://image.tmdb.org/t/p/original/p6PvWG4634hMLRzFnJVX9qiVUY1.jpg
22:30:50.177 T:18940 DEBUG: Keyboard: scancode: 0x50, sym: 0x0112, unicode: 0x0000, modifier: 0x0
22:30:50.187 T:21384 DEBUG: ffmpeg[5388]: [swscaler] No accelerated colorspace conversion found from yuv420p to bgra.
22:30:50.191 T:21384 DEBUG: Caching image 'http://image.tmdb.org/t/p/original/gHd8VVyp2CO5w7cA452O9rKoJAj.jpg' to 'd/dd38ecc8.jpg':
22:30:50.191 T:21384 DEBUG: cached image 'special://masterprofile/Thumbnails/d/dd38ecc8.jpg' size 1920x1080
22:30:50.199 T:12644 DEBUG: ffmpeg[3164]: [swscaler] No accelerated colorspace conversion found from yuv420p to bgra.
22:30:50.203 T:12644 DEBUG: Caching image 'http://image.tmdb.org/t/p/original/p6PvWG4634hMLRzFnJVX9qiVUY1.jpg' to '0/003ae482.jpg':
22:30:50.220 T:12644 DEBUG: cached image 'special://masterprofile/Thumbnails/0/003ae482.jpg' size 480x720
22:30:50.281 T:21384 ERROR: CImageLoader::DoWork - Direct texture file loading failed for special://masterprofile/Thumbnails/e/e8c16d5b.jpg
22:30:50.453 T:20484 DEBUG: CCurlFile::GetMimeType - http://image.tmdb.org/t/p/original/37UYPCiy97OoRbhPbLYmJ0CW0Pq.jpg -> image/jpeg
22:30:50.453 T:20484 DEBUG: CurlFile::Open(0x21388520) http://image.tmdb.org/t/p/original/37UYPCiy97OoRbhPbLYmJ0CW0Pq.jpg
22:30:50.487 T:20484 DEBUG: ffmpeg[5004]: [swscaler] No accelerated colorspace conversion found from yuv420p to bgra.
22:30:50.491 T:20484 DEBUG: Caching image 'http://image.tmdb.org/t/p/original/37UYPCiy97OoRbhPbLYmJ0CW0Pq.jpg' to '4/4299239e.jpg':
22:30:50.494 T:21384 DEBUG: CCurlFile::GetMimeType - http://image.tmdb.org/t/p/original/aQ1XuSLQ0nRgPhVKOAtMdcTbYpC.jpg -> image/jpeg
22:30:50.494 T:21384 DEBUG: CurlFile::Open(0x21386e60) http://image.tmdb.org/t/p/original/aQ1XuSLQ0nRgPhVKOAtMdcTbYpC.jpg
22:30:50.508 T:20484 DEBUG: cached image 'special://masterprofile/Thumbnails/4/4299239e.jpg' size 480x720
22:30:50.516 T:21384 DEBUG: ffmpeg[5388]: [swscaler] No accelerated colorspace conversion found from yuv420p to bgra.
22:30:50.517 T:21384 DEBUG: Caching image 'http://image.tmdb.org/t/p/original/aQ1XuSLQ0nRgPhVKOAtMdcTbYpC.jpg' to 'e/e8c16d5b.jpg':
22:30:50.524 T:21384 DEBUG: cached image 'special://masterprofile/Thumbnails/e/e8c16d5b.jpg' size 480x720
22:30:50.543 T:18940 DEBUG: Keyboard: scancode: 0x50, sym: 0x0112, unicode: 0x0000, modifier: 0x0
22:30:50.544 T:18940 DEBUG: CInputManager::HandleKey: down (0xf081) pressed, action is Down
22:30:50.577 T:12644 ERROR: CImageLoader::DoWork - Direct texture file loading failed for special://masterprofile/Thumbnails/6/603b58b8.jpg
22:30:50.577 T:19752 ERROR: CImageLoader::DoWork - Direct texture file loading failed for special://masterprofile/Thumbnails/c/c0a27a8b.jpg
22:30:50.582 T:21384 DEBUG: ffmpeg[5388]: [swscaler] No accelerated colorspace conversion found from yuv420p to bgra.
22:30:50.583 T:20484 DEBUG: ffmpeg[5004]: [swscaler] No accelerated colorspace conversion found from yuv420p to bgra.
22:30:50.584 T:20484 ERROR: CImageLoader::DoWork - Direct texture file loading failed for special://masterprofile/Thumbnails/0/0a9b21b0.jpg
22:30:50.585 T:21384 DEBUG: ffmpeg[5388]: [swscaler] No accelerated colorspace conversion found from yuv420p to bgra.
22:30:50.606 T:19752 DEBUG: Previous line repeats 1 times.
22:30:50.606 T:19752 DEBUG: CCurlFile::GetMimeType - http://image.tmdb.org/t/p/original/g3pu9BsXnQDAsFGoujaXE7ZZaau.jpg -> image/jpeg
22:30:50.606 T:19752 DEBUG: CurlFile::Open(0x21389be0) http://image.tmdb.org/t/p/original/g3pu9BsXnQDAsFGoujaXE7ZZaau.jpg
22:30:50.622 T:12644 DEBUG: CCurlFile::GetMimeType - http://image.tmdb.org/t/p/original/sxoszo9dKm77ItG1jB2WOEhbQDN.jpg -> image/jpeg
22:30:50.623 T:12644 DEBUG: CurlFile::Open(0x213871a0) http://image.tmdb.org/t/p/original/sxoszo9dKm77ItG1jB2WOEhbQDN.jpg
22:30:50.637 T:19752 DEBUG: ffmpeg[4D28]: [swscaler] No accelerated colorspace conversion found from yuv420p to bgra.
22:30:50.640 T:19752 DEBUG: Caching image 'http://image.tmdb.org/t/p/original/g3pu9BsXnQDAsFGoujaXE7ZZaau.jpg' to 'c/c0a27a8b.jpg':
22:30:50.654 T:19752 DEBUG: cached image 'special://masterprofile/Thumbnails/c/c0a27a8b.jpg' size 480x720
22:30:50.660 T:18940 DEBUG: Keyboard: scancode: 0x50, sym: 0x0112, unicode: 0x0000, modifier: 0x0
22:30:50.669 T:21384 DEBUG: ffmpeg[5388]: [swscaler] No accelerated colorspace conversion found from yuv420p to bgra.
22:30:50.692 T:19752 DEBUG: Previous line repeats 1 times.
22:30:50.692 T:19752 DEBUG: ffmpeg[4D28]: [swscaler] No accelerated colorspace conversion found from yuv420p to bgra.
22:30:50.696 T:21384 DEBUG: ffmpeg[5388]: [swscaler] No accelerated colorspace conversion found from yuv420p to bgra.
22:30:50.696 T:19752 DEBUG: ffmpeg[4D28]: [swscaler] No accelerated colorspace conversion found from yuv420p to bgra.
22:30:50.699 T:21384 DEBUG: ffmpeg[5388]: [swscaler] No accelerated colorspace conversion found from yuv420p to bgra.
22:30:50.699 T:19752 DEBUG: ffmpeg[4D28]: [swscaler] No accelerated colorspace conversion found from yuv420p to bgra.
22:30:50.701 T:21384 ERROR: CImageLoader::DoWork - Direct texture file loading failed for special://masterprofile/Thumbnails/0/0896c7f3.jpg
22:30:50.706 T:12644 DEBUG: ffmpeg[3164]: [swscaler] No accelerated colorspace conversion found from yuv420p to bgra.
22:30:50.713 T:19752 ERROR: CImageLoader::DoWork - Direct texture file loading failed for special://masterprofile/Thumbnails/0/0896c7f3.jpg
22:30:50.724 T:12644 DEBUG: Caching image 'http://image.tmdb.org/t/p/original/sxoszo9dKm77ItG1jB2WOEhbQDN.jpg' to '6/603b58b8.jpg':
22:30:50.739 T:21384 DEBUG: CCurlFile::GetMimeType - http://image.tmdb.org/t/p/original/fbo9pCBLKt7DG0VxlJW3K3a0RzF.jpg -> image/jpeg
22:30:50.739 T:21384 DEBUG: CurlFile::Open(0x213840e0) http://image.tmdb.org/t/p/original/fbo9pCBLKt7DG0VxlJW3K3a0RzF.jpg
22:30:50.765 T:21384 DEBUG: ffmpeg[5388]: [swscaler] No accelerated colorspace conversion found from yuv420p to bgra.
22:30:50.768 T:21384 DEBUG: Caching image 'http://image.tmdb.org/t/p/original/fbo9pCBLKt7DG0VxlJW3K3a0RzF.jpg' to '0/0896c7f3.jpg':
22:30:50.782 T:21384 DEBUG: cached image 'special://masterprofile/Thumbnails/0/0896c7f3.jpg' size 480x720
22:30:50.790 T:12644 DEBUG: cached image 'special://masterprofile/Thumbnails/6/603b58b8.jpg' size 1920x1080
22:30:51.027 T:18940 DEBUG: Keyboard: scancode: 0x50, sym: 0x0112, unicode: 0x0000, modifier: 0x0
22:30:51.027 T:18940 DEBUG: CInputManager::HandleKey: down (0xf081) pressed, action is Down
22:30:51.027 T:19752 INFO: XCURL::DllLibCurlGlobal::easy_acquire - Created session to https://assets.fanart.tv
22:30:51.032 T:12644 DEBUG: ffmpeg[3164]: [swscaler] No accelerated colorspace conversion found from yuv420p to bgra.
22:30:51.035 T:21384 DEBUG: ffmpeg[5388]: [swscaler] No accelerated colorspace conversion found from yuv420p to bgra.
22:30:51.127 T:18940 DEBUG: Keyboard: scancode: 0x50, sym: 0x0112, unicode: 0x0000, modifier: 0x0
22:30:51.145 T:12644 ERROR: CImageLoader::DoWork - Direct texture file loading failed for special://masterprofile/Thumbnails/0/0f00c10d.jpg
22:30:51.147 T:21384 DEBUG: ffmpeg[5388]: [swscaler] No accelerated colorspace conversion found from yuv420p to bgra.
22:30:51.151 T:21384 DEBUG: Previous line repeats 1 times.
22:30:51.151 T:21384 ERROR: CImageLoader::DoWork - Direct texture file loading failed for special://masterprofile/Thumbnails/3/3040067a.jpg
22:30:51.175 T:12644 DEBUG: CCurlFile::GetMimeType - http://image.tmdb.org/t/p/original/vXo8FhmIf8cxVQL7S3VB4xBSQL2.jpg -> image/jpeg
22:30:51.175 T:12644 DEBUG: CurlFile::Open(0x3a1327a0) http://image.tmdb.org/t/p/original/vXo8FhmIf8cxVQL7S3VB4xBSQL2.jpg
22:30:51.220 T:16804 NOTICE: script.module.metadatautils --> Rate limiter active for themoviedb.org - delaying request with 4 seconds - Configure a personal API key in the settings to get rid of this message and the delay.
22:30:51.228 T:19752 DEBUG: CCurlFile::GetMimeType - https://assets.fanart.tv/fanart/movies/337844/moviethumb/in-dubious-battle-59e28319e9ce9.jpg -> image/jpeg
22:30:51.229 T:19752 DEBUG: CurlFile::Open(0x3a133e60) https://assets.fanart.tv/fanart/movies/337844/moviethumb/in-dubious-battle-59e28319e9ce9.jpg
22:30:51.233 T:12644 DEBUG: ffmpeg[3164]: [swscaler] No accelerated colorspace conversion found from yuv420p to bgra.
22:30:51.235 T:20972 NOTICE: script.module.metadatautils --> Rate limiter active for omdbapi.com - delaying request with 2 seconds - Configure a personal API key in the settings to get rid of this message and the delay.
22:30:51.240 T:12644 DEBUG: Caching image 'http://image.tmdb.org/t/p/original/vXo8FhmIf8cxVQL7S3VB4xBSQL2.jpg' to '0/0f00c10d.jpg':
22:30:51.258 T:12644 DEBUG: cached image 'special://masterprofile/Thumbnails/0/0f00c10d.jpg' size 480x720
22:30:51.448 T:12668 DEBUG: CWebServer[8080]: request received for /jsonrpc
22:30:51.558 T:20484 DEBUG: Previous line repeats 1 times.
22:30:51.558 T:20484 DEBUG: CCurlFile::GetMimeType - http://image.tmdb.org/t/p/original/gzjPHPKxtrK7jo0qvZsT0mh0FH.jpg -> image/jpeg
22:30:51.558 T:20484 DEBUG: CurlFile::Open(0x3a135ba0) http://image.tmdb.org/t/p/original/gzjPHPKxtrK7jo0qvZsT0mh0FH.jpg
22:30:51.587 T:20484 DEBUG: ffmpeg[5004]: [swscaler] No accelerated colorspace conversion found from yuv420p to bgra.
22:30:51.591 T:20484 DEBUG: Caching image 'http://image.tmdb.org/t/p/original/gzjPHPKxtrK7jo0qvZsT0mh0FH.jpg' to '0/0a9b21b0.jpg':
22:30:51.608 T:20484 DEBUG: cached image 'special://masterprofile/Thumbnails/0/0a9b21b0.jpg' size 540x720
22:30:51.626 T:19752 DEBUG: Caching image 'https://assets.fanart.tv/fanart/movies/337844/moviethumb/in-dubious-battle-59e28319e9ce9.jpg' to 'd/de79b07c.jpg':
22:30:51.626 T:19752 DEBUG: cached image 'special://masterprofile/Thumbnails/d/de79b07c.jpg' size 1000x562
22:30:51.778 T:21384 DEBUG: CCurlFile::GetMimeType - http://image.tmdb.org/t/p/original/nryvl9lZotmfb1vG5z1DHkx220j.jpg -> image/jpeg
22:30:51.778 T:21384 DEBUG: CurlFile::Open(0x3a135860) http://image.tmdb.org/t/p/original/nryvl9lZotmfb1vG5z1DHkx220j.jpg
22:30:51.799 T:21384 DEBUG: Caching image 'http://image.tmdb.org/t/p/original/nryvl9lZotmfb1vG5z1DHkx220j.jpg' to '3/3040067a.jpg':
22:30:51.799 T:21384 DEBUG: cached image 'special://masterprofile/Thumbnails/3/3040067a.jpg' size 400x567
22:30:52.460 T:18940 DEBUG: Keyboard: scancode: 0x48, sym: 0x0111, unicode: 0x0000, modifier: 0x0
22:30:52.460 T:18940 DEBUG: CInputManager::HandleKey: up (0xf080) pressed, action is Up
22:30:52.594 T:18940 DEBUG: Keyboard: scancode: 0x48, sym: 0x0111, unicode: 0x0000, modifier: 0x0
22:30:52.969 T:12668 DEBUG: CWebServer[8080]: request received for /jsonrpc
22:30:53.127 T:18940 DEBUG: Previous line repeats 1 times.
22:30:53.127 T:18940 DEBUG: Keyboard: scancode: 0x48, sym: 0x0111, unicode: 0x0000, modifier: 0x0
22:30:53.127 T:18940 DEBUG: CInputManager::HandleKey: up (0xf080) pressed, action is Up
22:30:53.131 T:20484 DEBUG: ffmpeg[5004]: [swscaler] No accelerated colorspace conversion found from yuv420p to bgra.
22:30:53.149 T:12644 DEBUG: ffmpeg[3164]: [swscaler] No accelerated colorspace conversion found from yuv420p to bgra.
22:30:53.149 T:19752 DEBUG: ffmpeg[4D28]: [swscaler] No accelerated colorspace conversion found from yuv420p to bgra.
22:30:53.150 T:20484 DEBUG: ffmpeg[5004]: [swscaler] No accelerated colorspace conversion found from yuv420p to bgra.
22:30:53.150 T:21384 DEBUG: ffmpeg[5388]: [swscaler] No accelerated colorspace conversion found from yuv420p to bgra.
22:30:53.153 T:19752 DEBUG: ffmpeg[4D28]: [swscaler] No accelerated colorspace conversion found from yuv420p to bgra.
22:30:53.294 T:18940 DEBUG: Keyboard: scancode: 0x48, sym: 0x0111, unicode: 0x0000, modifier: 0x0
22:30:53.341 T:20972 NOTICE: script.module.metadatautils --> Rate limiter active for themoviedb.org - delaying request with 5 seconds - Configure a personal API key in the settings to get rid of this message and the delay.
22:30:53.627 T:18940 DEBUG: Keyboard: scancode: 0x50, sym: 0x0112, unicode: 0x0000, modifier: 0x0
22:30:53.627 T:18940 DEBUG: CInputManager::HandleKey: down (0xf081) pressed, action is Down
22:30:53.743 T:18940 DEBUG: Keyboard: scancode: 0x50, sym: 0x0112, unicode: 0x0000, modifier: 0x0
22:30:54.015 T:13508 NOTICE: script.module.metadatautils --> Rate limiter active for themoviedb.org - delaying request with 4 seconds - Configure a personal API key in the settings to get rid of this message and the delay.
22:30:54.043 T:18940 DEBUG: Keyboard: scancode: 0x4d, sym: 0x0113, unicode: 0x0000, modifier: 0x0
22:30:54.043 T:18940 DEBUG: CInputManager::HandleKey: right (0xf083) pressed, action is Right
22:30:54.044 T:20484 ERROR: CImageLoader::DoWork - Direct texture file loading failed for special://masterprofile/Thumbnails/5/58e4722a.jpg
22:30:54.053 T:21384 DEBUG: ffmpeg[5388]: [swscaler] No accelerated colorspace conversion found from yuv420p to bgra.
22:30:54.075 T:20484 DEBUG: CCurlFile::GetMimeType - http://image.tmdb.org/t/p/original/qpBoK7OBUEbNJFaLEnXw0HbaYKS.jpg -> image/jpeg
22:30:54.075 T:20484 DEBUG: CurlFile::Open(0x3a133e60) http://image.tmdb.org/t/p/original/qpBoK7OBUEbNJFaLEnXw0HbaYKS.jpg
22:30:54.119 T:20484 DEBUG: ffmpeg[5004]: [swscaler] No accelerated colorspace conversion found from yuv420p to bgra.
22:30:54.123 T:20484 DEBUG: Caching image 'http://image.tmdb.org/t/p/original/qpBoK7OBUEbNJFaLEnXw0HbaYKS.jpg' to '5/58e4722a.jpg':
22:30:54.123 T:20484 DEBUG: cached image 'special://masterprofile/Thumbnails/5/58e4722a.jpg' size 1920x1080
22:30:54.160 T:18940 DEBUG: Keyboard: scancode: 0x4d, sym: 0x0113, unicode: 0x0000, modifier: 0x0
22:30:54.167 T:2960 NOTICE: script.module.metadatautils --> Rate limiter active for omdbapi.com - delaying request with 1 seconds - Configure a personal API key in the settings to get rid of this message and the delay.
22:30:54.243 T:18940 DEBUG: Keyboard: scancode: 0x4d, sym: 0x0113, unicode: 0x0000, modifier: 0x0
22:30:54.244 T:18940 DEBUG: CInputManager::HandleKey: right (0xf083) pressed, action is Right
22:30:54.247 T:20484 DEBUG: ffmpeg[5004]: [swscaler] No accelerated colorspace conversion found from yuv420p to bgra.
22:30:54.250 T:21384 DEBUG: ffmpeg[5388]: [swscaler] No accelerated colorspace conversion found from yuv420p to bgra.
22:30:54.394 T:18940 DEBUG: Keyboard: scancode: 0x4d, sym: 0x0113, unicode: 0x0000, modifier: 0x0
22:30:54.488 T:12668 DEBUG: CWebServer[8080]: request received for /jsonrpc
22:30:54.810 T:18940 DEBUG: Previous line repeats 1 times.
22:30:54.810 T:18940 DEBUG: Keyboard: scancode: 0x50, sym: 0x0112, unicode: 0x0000, modifier: 0x0
22:30:54.810 T:18940 DEBUG: CInputManager::HandleKey: down (0xf081) pressed, action is Down
22:30:54.811 T:12644 ERROR: CImageLoader::DoWork - Direct texture file loading failed for special://masterprofile/Thumbnails/f/fef08f32.jpg
22:30:54.844 T:12644 DEBUG: CCurlFile::GetMimeType - http://image.tmdb.org/t/p/original/7avTId8XEPwR5K9ycQ5RBwoQ8cp.jpg -> image/jpeg
22:30:54.844 T:12644 DEBUG: CurlFile::Open(0x3a133e60) http://image.tmdb.org/t/p/original/7avTId8XEPwR5K9ycQ5RBwoQ8cp.jpg
22:30:54.863 T:20484 DEBUG: CCurlFile::GetMimeType - https://assets.fanart.tv/fanart/movies/347035/moviethumb/swallows-and-amazons-585813b5479bd.jpg -> image/jpeg
22:30:54.863 T:20484 DEBUG: CurlFile::Open(0x3a135860) https://assets.fanart.tv/fanart/movies/347035/moviethumb/swallows-and-amazons-585813b5479bd.jpg
22:30:54.910 T:18940 DEBUG: Keyboard: scancode: 0x50, sym: 0x0112, unicode: 0x0000, modifier: 0x0
22:30:54.916 T:21384 DEBUG: ffmpeg[5388]: [swscaler] No accelerated colorspace conversion found from yuv420p to bgra.
22:30:54.917 T:19752 DEBUG: ffmpeg[4D28]: [swscaler] No accelerated colorspace conversion found from yuv420p to bgra.
22:30:54.965 T:12644 DEBUG: Previous line repeats 1 times.
22:30:54.965 T:12644 DEBUG: ffmpeg[3164]: [swscaler] No accelerated colorspace conversion found from yuv420p to bgra.
22:30:54.982 T:12644 DEBUG: Caching image 'http://image.tmdb.org/t/p/original/7avTId8XEPwR5K9ycQ5RBwoQ8cp.jpg' to 'f/fef08f32.jpg':
22:30:54.991 T:20484 DEBUG: Caching image 'https://assets.fanart.tv/fanart/movies/347035/moviethumb/swallows-and-amazons-585813b5479bd.jpg' to '6/664bfd81.jpg':
22:30:54.991 T:20484 DEBUG: cached image 'special://masterprofile/Thumbnails/6/664bfd81.jpg' size 1000x562
22:30:55.051 T:12644 DEBUG: cached image 'special://masterprofile/Thumbnails/f/fef08f32.jpg' size 1920x1080
22:30:55.093 T:18940 DEBUG: Keyboard: scancode: 0x50, sym: 0x0112, unicode: 0x0000, modifier: 0x0
22:30:55.093 T:18940 DEBUG: CInputManager::HandleKey: down (0xf081) pressed, action is Down
22:30:55.102 T:19752 DEBUG: ffmpeg[4D28]: [swscaler] No accelerated colorspace conversion found from yuv420p to bgra.
22:30:55.118 T:6108 NOTICE: script.module.metadatautils --> Rate limiter active for themoviedb.org - delaying request with 5 seconds - Configure a personal API key in the settings to get rid of this message and the delay.
22:30:55.194 T:18940 DEBUG: Keyboard: scancode: 0x50, sym: 0x0112, unicode: 0x0000, modifier: 0x0
22:30:55.213 T:12644 ERROR: CImageLoader::DoWork - Direct texture file loading failed for special://masterprofile/Thumbnails/c/cb734ba7.jpg
22:30:55.213 T:21384 ERROR: CImageLoader::DoWork - Direct texture file loading failed for special://masterprofile/Thumbnails/5/5d6b638d.jpg
22:30:55.215 T:19752 DEBUG: ffmpeg[4D28]: [swscaler] No accelerated colorspace conversion found from yuv420p to bgra.
22:30:55.216 T:19752 ERROR: CImageLoader::DoWork - Direct texture file loading failed for special://masterprofile/Thumbnails/8/8847e558.jpg
22:30:55.218 T:20484 DEBUG: ffmpeg[5004]: [swscaler] No accelerated colorspace conversion found from yuv420p to bgra.
22:30:55.229 T:20484 ERROR: CImageLoader::DoWork - Direct texture file loading failed for special://masterprofile/Thumbnails/c/cb734ba7.jpg
22:30:55.242 T:12644 DEBUG: CCurlFile::GetMimeType - http://image.tmdb.org/t/p/original/3SUz0F0I2Bodcj9Ev2pYSWnE9zp.jpg -> image/jpeg
22:30:55.242 T:12644 DEBUG: CurlFile::Open(0x3a135860) http://image.tmdb.org/t/p/original/3SUz0F0I2Bodcj9Ev2pYSWnE9zp.jpg
22:30:55.245 T:19752 DEBUG: CCurlFile::GetMimeType - http://image.tmdb.org/t/p/original/fwHbQ5LcrnHOOkZCBq51H5RhoaJ.jpg -> image/jpeg
22:30:55.245 T:19752 DEBUG: CurlFile::Open(0x3a133e60) http://image.tmdb.org/t/p/original/fwHbQ5LcrnHOOkZCBq51H5RhoaJ.jpg
22:30:55.257 T:21384 DEBUG: CCurlFile::GetMimeType - http://image.tmdb.org/t/p/original/2nMNoJty9mib8TzTMlOQp6g1KYm.jpg -> image/jpeg
22:30:55.258 T:21384 DEBUG: CurlFile::Open(0x3a135ba0) http://image.tmdb.org/t/p/original/2nMNoJty9mib8TzTMlOQp6g1KYm.jpg
22:30:55.277 T:18940 DEBUG: Keyboard: scancode: 0x50, sym: 0x0112, unicode: 0x0000, modifier: 0x0
22:30:55.277 T:18940 DEBUG: CInputManager::HandleKey: down (0xf081) pressed, action is Down
22:30:55.285 T:21384 DEBUG: ffmpeg[5388]: [swscaler] No accelerated colorspace conversion found from yuv420p to bgra.
22:30:55.288 T:12644 DEBUG: ffmpeg[3164]: [swscaler] No accelerated colorspace conversion found from yuv420p to bgra.
22:30:55.289 T:21384 DEBUG: Caching image 'http://image.tmdb.org/t/p/original/2nMNoJty9mib8TzTMlOQp6g1KYm.jpg' to '5/5d6b638d.jpg':
22:30:55.302 T:12644 DEBUG: Caching image 'http://image.tmdb.org/t/p/original/3SUz0F0I2Bodcj9Ev2pYSWnE9zp.jpg' to 'c/cb734ba7.jpg':
22:30:55.307 T:21384 DEBUG: cached image 'special://masterprofile/Thumbnails/5/5d6b638d.jpg' size 480x720
22:30:55.340 T:12644 DEBUG: cached image 'special://masterprofile/Thumbnails/c/cb734ba7.jpg' size 480x720
22:30:55.343 T:21384 ERROR: CImageLoader::DoWork - Direct texture file loading failed for special://masterprofile/Thumbnails/c/cb734ba7.jpg
22:30:55.371 T:21384 ERROR: CImageLoader::DoWork - Direct texture file loading failed for special://masterprofile/Thumbnails/8/8847e558.jpg
22:30:55.373 T:20484 DEBUG: ffmpeg[5004]: [swscaler] No accelerated colorspace conversion found from yuv420p to bgra.
22:30:55.373 T:12644 DEBUG: [Warning] CGUITextureManager::GetTexturePath: could not find texture 'None'
22:30:55.378 T:20484 ERROR: CImageLoader::DoWork - Direct texture file loading failed for special://masterprofile/Thumbnails/e/e4896729.jpg
22:30:55.379 T:12644 ERROR: CImageLoader::DoWork - Direct texture file loading failed for special://masterprofile/Thumbnails/3/3bd9a25e.jpg
22:30:55.410 T:18940 DEBUG: Keyboard: scancode: 0x50, sym: 0x0112, unicode: 0x0000, modifier: 0x0
22:30:55.412 T:12644 DEBUG: CCurlFile::GetMimeType - http://image.tmdb.org/t/p/original/cOWcEXqfrkVBzYTeARow69LCY6C.jpg -> image/jpeg
22:30:55.412 T:12644 DEBUG: CurlFile::Open(0x3a1375a0) http://image.tmdb.org/t/p/original/cOWcEXqfrkVBzYTeARow69LCY6C.jpg
22:30:55.418 T:20484 DEBUG: CCurlFile::GetMimeType - http://image.tmdb.org/t/p/original/3YvCj6NW0HN0YHFX4w2gmnT4eQP.jpg -> image/jpeg
22:30:55.418 T:20484 DEBUG: CurlFile::Open(0x3a135860) http://image.tmdb.org/t/p/original/3YvCj6NW0HN0YHFX4w2gmnT4eQP.jpg
22:30:55.440 T:19752 DEBUG: ffmpeg[4D28]: [swscaler] No accelerated colorspace conversion found from yuv420p to bgra.
22:30:55.449 T:19752 DEBUG: Caching image 'http://image.tmdb.org/t/p/original/fwHbQ5LcrnHOOkZCBq51H5RhoaJ.jpg' to '8/8847e558.jpg':
22:30:55.468 T:16804 NOTICE: script.module.metadatautils --> Rate limiter active for themoviedb.org - delaying request with 5 seconds - Configure a personal API key in the settings to get rid of this message and the delay.
22:30:55.475 T:19752 DEBUG: cached image 'special://masterprofile/Thumbnails/8/8847e558.jpg' size 480x720
22:30:55.477 T:18940 DEBUG: Keyboard: scancode: 0x50, sym: 0x0112, unicode: 0x0000, modifier: 0x0
22:30:55.477 T:18940 DEBUG: CInputManager::HandleKey: down (0xf081) pressed, action is Down
22:30:55.480 T:12644 DEBUG: ffmpeg[3164]: [swscaler] No accelerated colorspace conversion found from yuv420p to bgra.
22:30:55.490 T:20484 DEBUG: ffmpeg[5004]: [swscaler] No accelerated colorspace conversion found from yuv420p to bgra.
22:30:55.499 T:12644 DEBUG: Caching image 'http://image.tmdb.org/t/p/original/cOWcEXqfrkVBzYTeARow69LCY6C.jpg' to '3/3bd9a25e.jpg':
22:30:55.506 T:20484 DEBUG: Caching image 'http://image.tmdb.org/t/p/original/3YvCj6NW0HN0YHFX4w2gmnT4eQP.jpg' to 'e/e4896729.jpg':
22:30:55.521 T:21384 ERROR: CImageLoader::DoWork - Direct texture file loading failed for special://masterprofile/Thumbnails/3/3bd9a25e.jpg
22:30:55.521 T:19752 ERROR: CImageLoader::DoWork - Direct texture file loading failed for special://masterprofile/Thumbnails/6/624c67c9.jpg
22:30:55.538 T:12644 DEBUG: cached image 'special://masterprofile/Thumbnails/3/3bd9a25e.jpg' size 480x720
22:30:55.543 T:20484 DEBUG: cached image 'special://masterprofile/Thumbnails/e/e4896729.jpg' size 480x720
22:30:55.553 T:19752 DEBUG: CCurlFile::GetMimeType - http://image.tmdb.org/t/p/original/kdSDC5Ev8hVZOfG5bXKssg6QawV.jpg -> image/jpeg
22:30:55.554 T:19752 DEBUG: CurlFile::Open(0x3a133e60) http://image.tmdb.org/t/p/original/kdSDC5Ev8hVZOfG5bXKssg6QawV.jpg
22:30:55.583 T:19752 DEBUG: ffmpeg[4D28]: [swscaler] No accelerated colorspace conversion found from yuv420p to bgra.
22:30:55.586 T:19752 DEBUG: Caching image 'http://image.tmdb.org/t/p/original/kdSDC5Ev8hVZOfG5bXKssg6QawV.jpg' to '6/624c67c9.jpg':
22:30:55.603 T:19752 DEBUG: cached image 'special://masterprofile/Thumbnails/6/624c67c9.jpg' size 480x720
22:30:55.615 T:21384 ERROR: CImageLoader::DoWork - Direct texture file loading failed for special://masterprofile/Thumbnails/2/2df37b83.jpg
22:30:55.617 T:20484 DEBUG: ffmpeg[5004]: [swscaler] No accelerated colorspace conversion found from yuv420p to bgra.
22:30:55.618 T:18940 DEBUG: Keyboard: scancode: 0x50, sym: 0x0112, unicode: 0x0000, modifier: 0x0
22:30:55.629 T:12644 DEBUG: ffmpeg[3164]: [swscaler] No accelerated colorspace conversion found from yuv420p to bgra.
22:30:55.642 T:12644 ERROR: CImageLoader::DoWork - Direct texture file loading failed for special://masterprofile/Thumbnails/1/17d6c87e.jpg
22:30:55.642 T:19752 ERROR: CImageLoader::DoWork - Direct texture file loading failed for special://masterprofile/Thumbnails/9/91e9343a.jpg
22:30:55.643 T:20484 DEBUG: ffmpeg[5004]: [swscaler] No accelerated colorspace conversion found from yuv420p to bgra.
22:30:55.644 T:20484 ERROR: CImageLoader::DoWork - Direct texture file loading failed for special://masterprofile/Thumbnails/1/182ba72e.jpg
22:30:55.647 T:21384 DEBUG: CCurlFile::GetMimeType - http://image.tmdb.org/t/p/original/mHJvBVhmCll9hyPujMw5yqRngL1.jpg -> image/jpeg
22:30:55.647 T:21384 DEBUG: CurlFile::Open(0x3a137260) http://image.tmdb.org/t/p/original/mHJvBVhmCll9hyPujMw5yqRngL1.jpg
22:30:55.674 T:12644 DEBUG: CCurlFile::GetMimeType - http://image.tmdb.org/t/p/original/fcpCBc2cDaeP23POjT44NnZZAkp.jpg -> image/jpeg
22:30:55.674 T:12644 DEBUG: CurlFile::Open(0x3a133e60) http://image.tmdb.org/t/p/original/fcpCBc2cDaeP23POjT44NnZZAkp.jpg
22:30:55.676 T:21384 DEBUG: ffmpeg[5388]: [swscaler] No accelerated colorspace conversion found from yuv420p to bgra.
22:30:55.676 T:20484 DEBUG: CCurlFile::GetMimeType - http://image.tmdb.org/t/p/original/eflZbZGauAaXbzwQYE4fVFMrEyD.jpg -> image/jpeg
22:30:55.676 T:20484 DEBUG: CurlFile::Open(0x3a1375a0) http://image.tmdb.org/t/p/original/eflZbZGauAaXbzwQYE4fVFMrEyD.jpg
22:30:55.679 T:21384 DEBUG: Caching image 'http://image.tmdb.org/t/p/original/mHJvBVhmCll9hyPujMw5yqRngL1.jpg' to '2/2df37b83.jpg':
22:30:55.692 T:21384 DEBUG: cached image 'special://masterprofile/Thumbnails/2/2df37b83.jpg' size 480x720
22:30:55.711 T:18940 DEBUG: Keyboard: scancode: 0x50, sym: 0x0112, unicode: 0x0000, modifier: 0x0
22:30:55.711 T:18940 DEBUG: CInputManager::HandleKey: down (0xf081) pressed, action is Down
22:30:55.731 T:21384 ERROR: CImageLoader::DoWork - Direct texture file loading failed for special://masterprofile/Thumbnails/f/fe521069.jpg
22:30:55.736 T:12644 DEBUG: ffmpeg[3164]: [swscaler] No accelerated colorspace conversion found from yuv420p to bgra.
22:30:55.749 T:12644 DEBUG: Caching image 'http://image.tmdb.org/t/p/original/fcpCBc2cDaeP23POjT44NnZZAkp.jpg' to '1/17d6c87e.jpg':
22:30:55.769 T:21384 DEBUG: CCurlFile::GetMimeType - http://image.tmdb.org/t/p/original/rjMvrWdC1Dc3jW2Q8ymZTSPCV60.jpg -> image/jpeg
22:30:55.769 T:21384 DEBUG: CurlFile::Open(0x3a133e60) http://image.tmdb.org/t/p/original/rjMvrWdC1Dc3jW2Q8ymZTSPCV60.jpg
22:30:55.782 T:12644 DEBUG: cached image 'special://masterprofile/Thumbnails/1/17d6c87e.jpg' size 480x720
22:30:55.809 T:20484 DEBUG: Caching image 'http://image.tmdb.org/t/p/original/eflZbZGauAaXbzwQYE4fVFMrEyD.jpg' to '1/182ba72e.jpg':
22:30:55.819 T:21384 DEBUG: ffmpeg[5388]: [swscaler] No accelerated colorspace conversion found from yuv420p to bgra.
22:30:55.824 T:21384 DEBUG: Caching image 'http://image.tmdb.org/t/p/original/rjMvrWdC1Dc3jW2Q8ymZTSPCV60.jpg' to 'f/fe521069.jpg':
22:30:55.824 T:21384 DEBUG: cached image 'special://masterprofile/Thumbnails/f/fe521069.jpg' size 1920x1080
22:30:55.825 T:20484 DEBUG: cached image 'special://masterprofile/Thumbnails/1/182ba72e.jpg' size 480x720
22:30:55.826 T:12644 DEBUG: ffmpeg[3164]: [swscaler] No accelerated colorspace conversion found from yuv420p to bgra.
22:30:55.827 T:18940 DEBUG: Keyboard: scancode: 0x50, sym: 0x0112, unicode: 0x0000, modifier: 0x0
22:30:55.829 T:12644 DEBUG: ffmpeg[3164]: [swscaler] No accelerated colorspace conversion found from yuv420p to bgra.
22:30:55.830 T:12644 ERROR: CImageLoader::DoWork - Direct texture file loading failed for special://masterprofile/Thumbnails/9/91e9343a.jpg
22:30:55.869 T:2960 NOTICE: script.module.metadatautils --> Rate limiter active for themoviedb.org - delaying request with 5 seconds - Configure a personal API key in the settings to get rid of this message and the delay.
22:30:55.870 T:20484 DEBUG: ffmpeg[5004]: [swscaler] No accelerated colorspace conversion found from yuv420p to bgra.
22:30:55.871 T:20484 ERROR: CImageLoader::DoWork - Direct texture file loading failed for special://masterprofile/Thumbnails/9/9dbe1768.jpg
22:30:55.903 T:21384 ERROR: CImageLoader::DoWork - Direct texture file loading failed for special://masterprofile/Thumbnails/d/d60bf510.jpg
22:30:55.903 T:20484 DEBUG: CCurlFile::GetMimeType - http://image.tmdb.org/t/p/original/pqjgCcXr48NQfdO0lx4S6bRWmfk.jpg -> image/jpeg
22:30:55.904 T:20484 DEBUG: CurlFile::Open(0x3a135860) http://image.tmdb.org/t/p/original/pqjgCcXr48NQfdO0lx4S6bRWmfk.jpg
22:30:55.910 T:18940 DEBUG: Keyboard: scancode: 0x50, sym: 0x0112, unicode: 0x0000, modifier: 0x0
22:30:55.910 T:18940 DEBUG: CInputManager::HandleKey: down (0xf081) pressed, action is Down
22:30:55.931 T:20484 DEBUG: ffmpeg[5004]: [swscaler] No accelerated colorspace conversion found from yuv420p to bgra.
22:30:55.934 T:20484 DEBUG: Caching image 'http://image.tmdb.org/t/p/original/pqjgCcXr48NQfdO0lx4S6bRWmfk.jpg' to '9/9dbe1768.jpg':
22:30:55.934 T:21384 DEBUG: CCurlFile::GetMimeType - http://image.tmdb.org/t/p/original/c4RDiyeI1SYRaSwZBLCr0U4Wwd4.jpg -> image/jpeg
22:30:55.935 T:21384 DEBUG: CurlFile::Open(0x3a135860) http://image.tmdb.org/t/p/original/c4RDiyeI1SYRaSwZBLCr0U4Wwd4.jpg
22:30:55.947 T:20484 DEBUG: cached image 'special://masterprofile/Thumbnails/9/9dbe1768.jpg' size 480x720
22:30:55.964 T:21384 DEBUG: ffmpeg[5388]: [swscaler] No accelerated colorspace conversion found from yuv420p to bgra.
22:30:55.967 T:21384 DEBUG: Caching image 'http://image.tmdb.org/t/p/original/c4RDiyeI1SYRaSwZBLCr0U4Wwd4.jpg' to 'd/d60bf510.jpg':
22:30:55.981 T:21384 DEBUG: cached image 'special://masterprofile/Thumbnails/d/d60bf510.jpg' size 480x720
22:30:55.984 T:20484 ERROR: CImageLoader::DoWork - Direct texture file loading failed for special://masterprofile/Thumbnails/7/78b418be.jpg
22:30:56.009 T:12668 DEBUG: CWebServer[8080]: request received for /jsonrpc
22:30:56.020 T:20484 DEBUG: Previous line repeats 1 times.
22:30:56.020 T:20484 DEBUG: CCurlFile::GetMimeType - http://image.tmdb.org/t/p/original/lvky4Oym5WMAjbZnu4HjhpFt3m5.jpg -> image/jpeg
22:30:56.020 T:20484 DEBUG: CurlFile::Open(0x3a135860) http://image.tmdb.org/t/p/original/lvky4Oym5WMAjbZnu4HjhpFt3m5.jpg
22:30:56.022 T:21384 ERROR: CImageLoader::DoWork - Direct texture file loading failed for special://masterprofile/Thumbnails/b/b20209af.jpg
22:30:56.027 T:18940 DEBUG: Keyboard: scancode: 0x50, sym: 0x0112, unicode: 0x0000, modifier: 0x0
22:30:56.043 T:20484 DEBUG: ffmpeg[5004]: [swscaler] No accelerated colorspace conversion found from yuv420p to bgra.
22:30:56.047 T:20484 DEBUG: Caching image 'http://image.tmdb.org/t/p/original/lvky4Oym5WMAjbZnu4HjhpFt3m5.jpg' to '7/78b418be.jpg':
22:30:56.061 T:20484 DEBUG: cached image 'special://masterprofile/Thumbnails/7/78b418be.jpg' size 480x720
22:30:56.066 T:21384 DEBUG: CCurlFile::GetMimeType - http://image.tmdb.org/t/p/original/7sozlgJCvTBC5UIEmVFImIDCdUS.jpg -> image/jpeg
22:30:56.067 T:21384 DEBUG: CurlFile::Open(0x3a133e60) http://image.tmdb.org/t/p/original/7sozlgJCvTBC5UIEmVFImIDCdUS.jpg
22:30:56.085 T:21384 DEBUG: ffmpeg[5388]: [swscaler] No accelerated colorspace conversion found from yuv420p to bgra.
22:30:56.086 T:21384 DEBUG: Caching image 'http://image.tmdb.org/t/p/original/7sozlgJCvTBC5UIEmVFImIDCdUS.jpg' to 'b/b20209af.jpg':
22:30:56.094 T:21384 DEBUG: cached image 'special://masterprofile/Thumbnails/b/b20209af.jpg' size 488x720
22:30:56.095 T:19752 DEBUG: CCurlFile::GetMimeType - http://image.tmdb.org/t/p/original/rK4kOFtvNZ4sJ8WvRkOYN629qQv.jpg -> image/jpeg
22:30:56.095 T:19752 DEBUG: CurlFile::Open(0x3a136be0) http://image.tmdb.org/t/p/original/rK4kOFtvNZ4sJ8WvRkOYN629qQv.jpg
22:30:56.100 T:20484 ERROR: CImageLoader::DoWork - Direct texture file loading failed for special://masterprofile/Thumbnails/b/b6bc3675.jpg
22:30:56.115 T:19752 DEBUG: ffmpeg[4D28]: [swscaler] No accelerated colorspace conversion found from yuv420p to bgra.
22:30:56.116 T:19752 DEBUG: Caching image 'http://image.tmdb.org/t/p/original/rK4kOFtvNZ4sJ8WvRkOYN629qQv.jpg' to '9/91e9343a.jpg':
22:30:56.123 T:19752 DEBUG: cached image 'special://masterprofile/Thumbnails/9/91e9343a.jpg' size 480x720
22:30:56.139 T:20484 DEBUG: CCurlFile::GetMimeType - http://image.tmdb.org/t/p/original/lDImh3XGROXGIZFQH3bdYVfKq0u.jpg -> image/jpeg
22:30:56.139 T:20484 DEBUG: CurlFile::Open(0x3a135860) http://image.tmdb.org/t/p/original/lDImh3XGROXGIZFQH3bdYVfKq0u.jpg
22:30:56.157 T:21384 ERROR: CImageLoader::DoWork - Direct texture file loading failed for special://masterprofile/Thumbnails/2/2b1a81af.jpg
22:30:56.157 T:12644 ERROR: CImageLoader::DoWork - Direct texture file loading failed for special://masterprofile/Thumbnails/9/9d581867.jpg
22:30:56.160 T:19752 DEBUG: ffmpeg[4D28]: [swscaler] No accelerated colorspace conversion found from yuv420p to bgra.
22:30:56.169 T:20484 DEBUG: ffmpeg[5004]: [swscaler] No accelerated colorspace conversion found from yuv420p to bgra.
22:30:56.172 T:20484 DEBUG: Caching image 'http://image.tmdb.org/t/p/original/lDImh3XGROXGIZFQH3bdYVfKq0u.jpg' to 'b/b6bc3675.jpg':
22:30:56.186 T:20484 DEBUG: cached image 'special://masterprofile/Thumbnails/b/b6bc3675.jpg' size 480x720
22:30:56.192 T:12644 DEBUG: CCurlFile::GetMimeType - http://image.tmdb.org/t/p/original/77Z0g5fc1qWJ7SfHyeiHsMkYx5O.jpg -> image/jpeg
22:30:56.192 T:12644 DEBUG: CurlFile::Open(0x3a133e60) http://image.tmdb.org/t/p/original/77Z0g5fc1qWJ7SfHyeiHsMkYx5O.jpg
22:30:56.203 T:21384 DEBUG: CCurlFile::GetMimeType - http://image.tmdb.org/t/p/original/fv5E5bNT3s9kcV6AdwrkB415V6H.jpg -> image/jpeg
22:30:56.203 T:21384 DEBUG: CurlFile::Open(0x3a135860) http://image.tmdb.org/t/p/original/fv5E5bNT3s9kcV6AdwrkB415V6H.jpg
22:30:56.234 T:21384 DEBUG: ffmpeg[5388]: [swscaler] No accelerated colorspace conversion found from yuv420p to bgra.
22:30:56.235 T:21384 DEBUG: Caching image 'http://image.tmdb.org/t/p/original/fv5E5bNT3s9kcV6AdwrkB415V6H.jpg' to '2/2b1a81af.jpg':
22:30:56.243 T:21384 DEBUG: cached image 'special://masterprofile/Thumbnails/2/2b1a81af.jpg' size 510x720
22:30:56.258 T:12644 DEBUG: ffmpeg[3164]: [swscaler] No accelerated colorspace conversion found from yuv420p to bgra.
22:30:56.270 T:12644 DEBUG: Caching image 'http://image.tmdb.org/t/p/original/77Z0g5fc1qWJ7SfHyeiHsMkYx5O.jpg' to '9/9d581867.jpg':
22:30:56.303 T:12644 DEBUG: cached image 'special://masterprofile/Thumbnails/9/9d581867.jpg' size 480x720
22:30:56.544 T:18940 DEBUG: Keyboard: scancode: 0x48, sym: 0x0111, unicode: 0x0000, modifier: 0x0
22:30:56.544 T:18940 DEBUG: CInputManager::HandleKey: up (0xf080) pressed, action is Up
22:30:56.694 T:18940 DEBUG: Keyboard: scancode: 0x48, sym: 0x0111, unicode: 0x0000, modifier: 0x0
22:30:56.810 T:18940 DEBUG: Keyboard: scancode: 0x4b, sym: 0x0114, unicode: 0x0000, modifier: 0x0
22:30:56.811 T:18940 DEBUG: CInputManager::HandleKey: left (0xf082) pressed, action is Left
22:30:56.814 T:21384 ERROR: CImageLoader::DoWork - Direct texture file loading failed for special://masterprofile/Thumbnails/2/262c764b.jpg
22:30:56.816 T:20484 DEBUG: ffmpeg[5004]: [swscaler] No accelerated colorspace conversion found from yuv420p to bgra.
22:30:56.821 T:19752 DEBUG: ffmpeg[4D28]: [swscaler] No accelerated colorspace conversion found from yuv420p to bgra.
22:30:56.844 T:21384 DEBUG: CCurlFile::GetMimeType - http://image.tmdb.org/t/p/original/tcheoA2nPATCm2vvXw2hVQoaEFD.jpg -> image/jpeg
22:30:56.844 T:21384 DEBUG: CurlFile::Open(0x3a133e60) http://image.tmdb.org/t/p/original/tcheoA2nPATCm2vvXw2hVQoaEFD.jpg
22:30:56.917 T:21384 DEBUG: ffmpeg[5388]: [swscaler] No accelerated colorspace conversion found from yuv420p to bgra.
22:30:56.934 T:21384 DEBUG: Caching image 'http://image.tmdb.org/t/p/original/tcheoA2nPATCm2vvXw2hVQoaEFD.jpg' to '2/262c764b.jpg':
22:30:56.994 T:18940 DEBUG: Keyboard: scancode: 0x4b, sym: 0x0114, unicode: 0x0000, modifier: 0x0
22:30:56.999 T:21384 DEBUG: cached image 'special://masterprofile/Thumbnails/2/262c764b.jpg' size 1920x1080
22:30:57.427 T:18940 DEBUG: Keyboard: scancode: 0x50, sym: 0x0112, unicode: 0x0000, modifier: 0x0
22:30:57.427 T:18940 DEBUG: CInputManager::HandleKey: down (0xf081) pressed, action is Down
22:30:57.428 T:19752 ERROR: CImageLoader::DoWork - Direct texture file loading failed for special://masterprofile/Thumbnails/7/74863da6.jpg
22:30:57.436 T:21384 DEBUG: ffmpeg[5388]: [swscaler] No accelerated colorspace conversion found from yuv420p to bgra.
22:30:57.463 T:19752 DEBUG: CCurlFile::GetMimeType - http://image.tmdb.org/t/p/original/c9GlsmZsZ9DR0G3LhRNip2wF06Y.jpg -> image/jpeg
22:30:57.463 T:19752 DEBUG: CurlFile::Open(0x3a133e60) http://image.tmdb.org/t/p/original/c9GlsmZsZ9DR0G3LhRNip2wF06Y.jpg
22:30:57.502 T:19752 DEBUG: ffmpeg[4D28]: [swscaler] No accelerated colorspace conversion found from yuv420p to bgra.
22:30:57.508 T:19752 DEBUG: Caching image 'http://image.tmdb.org/t/p/original/c9GlsmZsZ9DR0G3LhRNip2wF06Y.jpg' to '7/74863da6.jpg':
22:30:57.508 T:19752 DEBUG: cached image 'special://masterprofile/Thumbnails/7/74863da6.jpg' size 1920x1080
22:30:57.539 T:12668 DEBUG: CWebServer[8080]: request received for /jsonrpc
22:30:57.544 T:18940 DEBUG: Keyboard: scancode: 0x50, sym: 0x0112, unicode: 0x0000, modifier: 0x0
22:30:57.548 T:12668 DEBUG: CWebServer[8080]: request received for /jsonrpc
22:30:57.627 T:18940 DEBUG: Keyboard: scancode: 0x50, sym: 0x0112, unicode: 0x0000, modifier: 0x0
22:30:57.627 T:18940 DEBUG: CInputManager::HandleKey: down (0xf081) pressed, action is Down
22:30:57.628 T:19752 ERROR: CImageLoader::DoWork - Direct texture file loading failed for special://masterprofile/Thumbnails/1/12aa0c07.jpg
22:30:57.630 T:12644 ERROR: CImageLoader::DoWork - Direct texture file loading failed for special://masterprofile/Thumbnails/4/4a0a9923.jpg
22:30:57.631 T:20484 DEBUG: ffmpeg[5004]: [swscaler] No accelerated colorspace conversion found from yuv420p to bgra.
22:30:57.632 T:20484 ERROR: CImageLoader::DoWork - Direct texture file loading failed for special://masterprofile/Thumbnails/9/98e7d6c2.jpg
22:30:57.635 T:21384 DEBUG: ffmpeg[5388]: [swscaler] No accelerated colorspace conversion found from yuv420p to bgra.
22:30:57.637 T:21384 ERROR: CImageLoader::DoWork - Direct texture file loading failed for special://masterprofile/Thumbnails/d/d4c74caa.jpg
22:30:57.657 T:12644 DEBUG: CCurlFile::GetMimeType - http://image.tmdb.org/t/p/original/uFkBKp7wnllRXdqOMLpY7avAKQ4.jpg -> image/jpeg
22:30:57.657 T:12644 DEBUG: CurlFile::Open(0x3a133e60) http://image.tmdb.org/t/p/original/uFkBKp7wnllRXdqOMLpY7avAKQ4.jpg
22:30:57.661 T:19752 DEBUG: CCurlFile::GetMimeType - http://image.tmdb.org/t/p/original/g8Yx7tRNyxSK9lZLWtSzw3PChdP.jpg -> image/jpeg
22:30:57.661 T:19752 DEBUG: CurlFile::Open(0x3a135860) http://image.tmdb.org/t/p/original/g8Yx7tRNyxSK9lZLWtSzw3PChdP.jpg
22:30:57.668 T:21384 DEBUG: CCurlFile::GetMimeType - http://image.tmdb.org/t/p/original/zivS5N11fX8I39Z1UVzTmUOJdwL.jpg -> image/jpeg
22:30:57.668 T:21384 DEBUG: CurlFile::Open(0x3a136be0) http://image.tmdb.org/t/p/original/zivS5N11fX8I39Z1UVzTmUOJdwL.jpg
22:30:57.689 T:12644 DEBUG: ffmpeg[3164]: [swscaler] No accelerated colorspace conversion found from yuv420p to bgra.
22:30:57.693 T:12644 DEBUG: Caching image 'http://image.tmdb.org/t/p/original/uFkBKp7wnllRXdqOMLpY7avAKQ4.jpg' to '4/4a0a9923.jpg':
22:30:57.699 T:20484 DEBUG: CCurlFile::GetMimeType - http://image.tmdb.org/t/p/original/5S02cJOvmqSB0IyKaE03IsP3ahA.jpg -> image/jpeg
22:30:57.699 T:20484 DEBUG: CurlFile::Open(0x3a133e60) http://image.tmdb.org/t/p/original/5S02cJOvmqSB0IyKaE03IsP3ahA.jpg
22:30:57.707 T:12644 DEBUG: cached image 'special://masterprofile/Thumbnails/4/4a0a9923.jpg' size 480x720
22:30:57.727 T:18940 DEBUG: Keyboard: scancode: 0x4b, sym: 0x0114, unicode: 0x0000, modifier: 0x0
22:30:57.727 T:18940 DEBUG: CInputManager::HandleKey: left (0xf082) pressed, action is Left
22:30:57.729 T:19752 DEBUG: ffmpeg[4D28]: [swscaler] No accelerated colorspace conversion found from yuv420p to bgra.
22:30:57.732 T:20484 DEBUG: ffmpeg[5004]: [swscaler] No accelerated colorspace conversion found from yuv420p to bgra.
22:30:57.736 T:20484 DEBUG: Caching image 'http://image.tmdb.org/t/p/original/5S02cJOvmqSB0IyKaE03IsP3ahA.jpg' to '9/98e7d6c2.jpg':
22:30:57.748 T:21384 DEBUG: ffmpeg[5388]: [swscaler] No accelerated colorspace conversion found from yuv420p to bgra.
22:30:57.751 T:19752 DEBUG: Caching image 'http://image.tmdb.org/t/p/original/g8Yx7tRNyxSK9lZLWtSzw3PChdP.jpg' to '1/12aa0c07.jpg':
22:30:57.754 T:12644 DEBUG: ffmpeg[3164]: [swscaler] No accelerated colorspace conversion found from yuv420p to bgra.
22:30:57.754 T:21384 DEBUG: Caching image 'http://image.tmdb.org/t/p/original/zivS5N11fX8I39Z1UVzTmUOJdwL.jpg' to 'd/d4c74caa.jpg':
22:30:57.756 T:20484 DEBUG: cached image 'special://masterprofile/Thumbnails/9/98e7d6c2.jpg' size 480x720
22:30:57.760 T:18940 DEBUG: Keyboard: scancode: 0x50, sym: 0x0112, unicode: 0x0000, modifier: 0x0
22:30:57.769 T:12644 DEBUG: ffmpeg[3164]: [swscaler] No accelerated colorspace conversion found from yuv420p to bgra.
22:30:57.778 T:21384 DEBUG: cached image 'special://masterprofile/Thumbnails/d/d4c74caa.jpg' size 480x720
22:30:57.797 T:20484 ERROR: CImageLoader::DoWork - Direct texture file loading failed for special://masterprofile/Thumbnails/a/ae18c150.jpg
22:30:57.799 T:12644 DEBUG: ffmpeg[3164]: [swscaler] No accelerated colorspace conversion found from yuv420p to bgra.
22:30:57.820 T:21384 ERROR: CImageLoader::DoWork - Direct texture file loading failed for special://masterprofile/Thumbnails/a/ae18c150.jpg
22:30:57.823 T:12644 DEBUG: ffmpeg[3164]: [swscaler] No accelerated colorspace conversion found from yuv420p to bgra.
22:30:57.824 T:20484 DEBUG: CCurlFile::GetMimeType - http://image.tmdb.org/t/p/original/sgS0OwocOcx0acVmZlvbhXmmiSS.jpg -> image/jpeg
22:30:57.824 T:20484 DEBUG: CurlFile::Open(0x3a133e60) http://image.tmdb.org/t/p/original/sgS0OwocOcx0acVmZlvbhXmmiSS.jpg
22:30:57.827 T:12644 DEBUG: ffmpeg[3164]: [swscaler] No accelerated colorspace conversion found from yuv420p to bgra.
22:30:57.835 T:19752 DEBUG: cached image 'special://masterprofile/Thumbnails/1/12aa0c07.jpg' size 1920x1080
22:30:57.870 T:20484 DEBUG: ffmpeg[5004]: [swscaler] No accelerated colorspace conversion found from yuv420p to bgra.
22:30:57.883 T:20484 DEBUG: Caching image 'http://image.tmdb.org/t/p/original/sgS0OwocOcx0acVmZlvbhXmmiSS.jpg' to 'a/ae18c150.jpg':
22:30:57.915 T:20484 DEBUG: cached image 'special://masterprofile/Thumbnails/a/ae18c150.jpg' size 480x720
22:30:57.927 T:18940 DEBUG: Keyboard: scancode: 0x4b, sym: 0x0114, unicode: 0x0000, modifier: 0x0
22:30:58.061 T:18940 DEBUG: Keyboard: scancode: 0x50, sym: 0x0112, unicode: 0x0000, modifier: 0x0
22:30:58.061 T:18940 DEBUG: CInputManager::HandleKey: down (0xf081) pressed, action is Down
22:30:58.061 T:19752 ERROR: CImageLoader::DoWork - Direct texture file loading failed for special://masterprofile/Thumbnails/9/9675fb27.jpg
22:30:58.065 T:20484 DEBUG: ffmpeg[5004]: [swscaler] No accelerated colorspace conversion found from yuv420p to bgra.
22:30:58.065 T:21384 DEBUG: ffmpeg[5388]: [swscaler] No accelerated colorspace conversion found from yuv420p to bgra.
22:30:58.066 T:21384 ERROR: CImageLoader::DoWork - Direct texture file loading failed for special://masterprofile/Thumbnails/8/8c448212.jpg
