22:21:42.615 T:18940 DEBUG: CInputManager::HandleKey: backspace (0xf008) pressed, action is Back
22:21:42.615 T:18940 DEBUG: CGUIMediaWindow::GetDirectory (addons://repository.bingie/category.lookandfeel)
22:21:42.615 T:18940 DEBUG: ParentPath = [addons://repository.bingie/]
22:21:42.615 T:21264 DEBUG: Thread waiting start, auto delete: false
22:21:42.616 T:21264 DEBUG: CAddonDatabase: SELECT repo.id FROM repo .. took 1 ms
22:21:42.616 T:21264 DEBUG: CAddonDatabase: query SELECT * FROM addons JOIN addonlinkrepo ON addons.id=addonlinkrepo.idAddon WHERE addonlinkrepo.idRepo IN (11) ORDER BY addons.addonID returned 5 rows in 0 ms
22:21:42.616 T:21264 DEBUG: CAddonDatabase::GetAddons took 1 ms
22:21:42.616 T:21264 DEBUG: Thread waiting 21264 terminating
22:21:42.618 T:21260 DEBUG: Thread BackgroundLoader start, auto delete: false
22:21:42.618 T:21260 DEBUG: Thread BackgroundLoader 21260 terminating
22:21:42.748 T:18940 DEBUG: Keyboard: scancode: 0x0e, sym: 0x0008, unicode: 0x0000, modifier: 0x0
22:21:43.315 T:18940 INFO: XCURL::DllLibCurlGlobal::CheckIdle - Closing session to http://image.tmdb.org (easy=0x21b09110, multi=0x1fe63f60)
22:21:43.361 T:12668 DEBUG: CWebServer[8080]: request received for /jsonrpc
22:21:43.416 T:21380 DEBUG: Previous line repeats 1 times.
22:21:43.416 T:21380 DEBUG: Thread Timer start, auto delete: false
22:21:43.421 T:21380 DEBUG: Thread Timer 21380 terminating
22:21:43.421 T:21364 DEBUG: Thread Timer start, auto delete: false
22:21:43.427 T:21364 DEBUG: Thread Timer 21364 terminating
22:21:43.427 T:21360 DEBUG: Thread Timer start, auto delete: false
22:21:43.432 T:21360 DEBUG: Thread Timer 21360 terminating
22:21:43.433 T:21368 DEBUG: Thread Timer start, auto delete: false
22:21:43.439 T:21368 DEBUG: Thread Timer 21368 terminating
22:21:43.439 T:21356 DEBUG: Thread Timer start, auto delete: false
22:21:43.444 T:21356 DEBUG: Thread Timer 21356 terminating
22:21:43.444 T:21388 DEBUG: Thread Timer start, auto delete: false
22:21:43.450 T:21388 DEBUG: Thread Timer 21388 terminating
22:21:43.450 T:21372 DEBUG: Thread Timer start, auto delete: false
22:21:43.456 T:21372 DEBUG: Thread Timer 21372 terminating
22:21:43.456 T:21352 DEBUG: Thread Timer start, auto delete: false
22:21:43.461 T:21352 DEBUG: Thread Timer 21352 terminating
22:21:43.461 T:21344 DEBUG: Thread Timer start, auto delete: false
22:21:43.466 T:21344 DEBUG: Thread Timer 21344 terminating
22:21:43.466 T:21184 DEBUG: Thread Timer start, auto delete: false
22:21:43.472 T:21184 DEBUG: Thread Timer 21184 terminating
22:21:43.472 T:8488 DEBUG: Thread Timer start, auto delete: false
22:21:43.477 T:8488 DEBUG: Thread Timer 8488 terminating
22:21:43.477 T:10128 DEBUG: Thread Timer start, auto delete: false
22:21:43.482 T:10128 DEBUG: Thread Timer 10128 terminating
22:21:43.483 T:12544 DEBUG: Thread Timer start, auto delete: false
22:21:43.489 T:12544 DEBUG: Thread Timer 12544 terminating
22:21:43.489 T:5528 DEBUG: Thread Timer start, auto delete: false
22:21:43.494 T:5528 DEBUG: Thread Timer 5528 terminating
22:21:43.494 T:5468 DEBUG: Thread Timer start, auto delete: false
22:21:43.499 T:5468 DEBUG: Thread Timer 5468 terminating
22:21:43.499 T:19792 DEBUG: Thread Timer start, auto delete: false
22:21:43.505 T:19792 DEBUG: Thread Timer 19792 terminating
22:21:43.505 T:16800 DEBUG: Thread Timer start, auto delete: false
22:21:43.510 T:16800 DEBUG: Thread Timer 16800 terminating
22:21:43.510 T:9920 DEBUG: Thread Timer start, auto delete: false
22:21:43.520 T:9920 DEBUG: Thread Timer 9920 terminating
22:21:43.520 T:1276 DEBUG: Thread Timer start, auto delete: false
22:21:43.526 T:1276 DEBUG: Thread Timer 1276 terminating
22:21:43.526 T:21436 DEBUG: Thread Timer start, auto delete: false
22:21:43.531 T:21436 DEBUG: Thread Timer 21436 terminating
22:21:43.531 T:21444 DEBUG: Thread Timer start, auto delete: false
22:21:43.537 T:21444 DEBUG: Thread Timer 21444 terminating
22:21:43.537 T:21408 DEBUG: Thread Timer start, auto delete: false
22:21:43.542 T:21408 DEBUG: Thread Timer 21408 terminating
22:21:43.542 T:21420 DEBUG: Thread Timer start, auto delete: false
22:21:43.547 T:21420 DEBUG: Thread Timer 21420 terminating
22:21:43.548 T:21404 DEBUG: Thread Timer start, auto delete: false
22:21:43.555 T:21404 DEBUG: Thread Timer 21404 terminating
22:21:43.555 T:21416 DEBUG: Thread Timer start, auto delete: false
22:21:43.560 T:21416 DEBUG: Thread Timer 21416 terminating
22:21:43.560 T:21412 DEBUG: Thread Timer start, auto delete: false
22:21:43.566 T:21412 DEBUG: Thread Timer 21412 terminating
22:21:43.566 T:21428 DEBUG: Thread Timer start, auto delete: false
22:21:43.571 T:21428 DEBUG: Thread Timer 21428 terminating
22:21:43.571 T:21440 DEBUG: Thread Timer start, auto delete: false
22:21:43.576 T:21440 DEBUG: Thread Timer 21440 terminating
22:21:43.576 T:21432 DEBUG: Thread Timer start, auto delete: false
22:21:43.583 T:21432 DEBUG: Thread Timer 21432 terminating
22:21:43.583 T:21396 DEBUG: Thread Timer start, auto delete: false
22:21:43.588 T:21396 DEBUG: Thread Timer 21396 terminating
22:21:43.588 T:5360 DEBUG: Thread Timer start, auto delete: false
22:21:43.593 T:5360 DEBUG: Thread Timer 5360 terminating
22:21:43.594 T:20172 DEBUG: Thread Timer start, auto delete: false
22:21:43.599 T:20172 DEBUG: Thread Timer 20172 terminating
22:21:43.599 T:21488 DEBUG: Thread Timer start, auto delete: false
22:21:43.605 T:21488 DEBUG: Thread Timer 21488 terminating
22:21:43.605 T:21496 DEBUG: Thread Timer start, auto delete: false
22:21:43.610 T:21496 DEBUG: Thread Timer 21496 terminating
22:21:43.610 T:21460 DEBUG: Thread Timer start, auto delete: false
22:21:43.616 T:21460 DEBUG: Thread Timer 21460 terminating
22:21:43.616 T:21456 DEBUG: Thread Timer start, auto delete: false
22:21:43.621 T:21456 DEBUG: Thread Timer 21456 terminating
22:21:43.621 T:21464 DEBUG: Thread Timer start, auto delete: false
22:21:43.627 T:21464 DEBUG: Thread Timer 21464 terminating
22:21:43.627 T:21468 DEBUG: Thread Timer start, auto delete: false
22:21:43.632 T:21468 DEBUG: Thread Timer 21468 terminating
22:21:43.632 T:21472 DEBUG: Thread Timer start, auto delete: false
22:21:43.637 T:21472 DEBUG: Thread Timer 21472 terminating
22:21:43.638 T:21480 DEBUG: Thread Timer start, auto delete: false
22:21:43.643 T:21480 DEBUG: Thread Timer 21480 terminating
22:21:43.643 T:21492 DEBUG: Thread Timer start, auto delete: false
22:21:43.648 T:21492 DEBUG: Thread Timer 21492 terminating
22:21:43.648 T:21484 DEBUG: Thread Timer start, auto delete: false
22:21:43.653 T:21484 DEBUG: Thread Timer 21484 terminating
22:21:43.654 T:21476 DEBUG: Thread Timer start, auto delete: false
22:21:43.659 T:21476 DEBUG: Thread Timer 21476 terminating
22:21:43.659 T:21448 DEBUG: Thread Timer start, auto delete: false
22:21:43.664 T:21448 DEBUG: Thread Timer 21448 terminating
22:21:43.664 T:21348 DEBUG: Thread Timer start, auto delete: false
22:21:43.669 T:21348 DEBUG: Thread Timer 21348 terminating
22:21:43.669 T:20572 DEBUG: Thread Timer start, auto delete: false
22:21:43.674 T:20572 DEBUG: Thread Timer 20572 terminating
22:21:43.674 T:10640 DEBUG: Thread Timer start, auto delete: false
22:21:43.680 T:10640 DEBUG: Thread Timer 10640 terminating
22:21:43.680 T:20544 DEBUG: Thread Timer start, auto delete: false
22:21:43.685 T:20544 DEBUG: Thread Timer 20544 terminating
22:21:43.685 T:18164 DEBUG: Thread Timer start, auto delete: false
22:21:43.690 T:18164 DEBUG: Thread Timer 18164 terminating
22:21:43.690 T:17936 DEBUG: Thread Timer start, auto delete: false
22:21:43.696 T:17936 DEBUG: Thread Timer 17936 terminating
22:21:43.696 T:19640 DEBUG: Thread Timer start, auto delete: false
22:21:43.701 T:19640 DEBUG: Thread Timer 19640 terminating
22:21:43.702 T:18236 DEBUG: Thread Timer start, auto delete: false
22:21:43.706 T:18236 DEBUG: Thread Timer 18236 terminating
22:21:43.707 T:20540 DEBUG: Thread Timer start, auto delete: false
22:21:43.712 T:20540 DEBUG: Thread Timer 20540 terminating
22:21:43.712 T:3996 DEBUG: Thread Timer start, auto delete: false
22:21:43.717 T:3996 DEBUG: Thread Timer 3996 terminating
22:21:43.717 T:20548 DEBUG: Thread Timer start, auto delete: false
22:21:43.815 T:18940 INFO: XCURL::DllLibCurlGlobal::CheckIdle - Closing session to http://image.tmdb.org (easy=0x21b048d0, multi=0x1fe66740)
22:21:43.815 T:18940 INFO: XCURL::DllLibCurlGlobal::CheckIdle - Closing session to http://image.tmdb.org (easy=0x21b036c0, multi=0x1fe66ae0)
22:21:44.115 T:18940 DEBUG: Keyboard: scancode: 0x0e, sym: 0x0008, unicode: 0x0008, modifier: 0x0
22:21:44.115 T:18940 DEBUG: CInputManager::HandleKey: backspace (0xf008) pressed, action is Back
22:21:44.115 T:18940 DEBUG: CGUIMediaWindow::GetDirectory (addons://repository.bingie/)
22:21:44.115 T:18940 DEBUG: ParentPath = [addons://repos/]
22:21:44.115 T:20532 DEBUG: Thread waiting start, auto delete: false
22:21:44.116 T:20532 DEBUG: CAddonDatabase: SELECT repo.id FROM repo .. took 1 ms
22:21:44.116 T:20532 DEBUG: CAddonDatabase: query SELECT * FROM addons JOIN addonlinkrepo ON addons.id=addonlinkrepo.idAddon WHERE addonlinkrepo.idRepo IN (11) ORDER BY addons.addonID returned 5 rows in 0 ms
22:21:44.116 T:20532 DEBUG: CAddonDatabase::GetAddons took 1 ms
22:21:44.117 T:20532 DEBUG: Thread waiting 20532 terminating
22:21:44.118 T:21500 DEBUG: Thread BackgroundLoader start, auto delete: false
22:21:44.118 T:21500 DEBUG: Thread BackgroundLoader 21500 terminating
22:21:44.223 T:20548 DEBUG: Thread Timer 20548 terminating
22:21:44.298 T:18940 DEBUG: Keyboard: scancode: 0x0e, sym: 0x0008, unicode: 0x0000, modifier: 0x0
22:21:44.315 T:18940 INFO: XCURL::DllLibCurlGlobal::CheckIdle - Closing session to http://image.tmdb.org (easy=0x1cdd6d20, multi=0x1fe6b8d0)
22:21:44.315 T:18940 INFO: XCURL::DllLibCurlGlobal::CheckIdle - Closing session to https://assets.fanart.tv (easy=0x21b0eb60, multi=0x23de6a50)
22:21:44.317 T:18940 INFO: XCURL::DllLibCurlGlobal::CheckIdle - Closing session to https://assets.fanart.tv (easy=0x21b169d0, multi=0x23de3ed0)
22:21:44.892 T:12668 DEBUG: CWebServer[8080]: request received for /jsonrpc
22:21:45.032 T:18940 DEBUG: Previous line repeats 1 times.
22:21:45.032 T:18940 DEBUG: Keyboard: scancode: 0x0e, sym: 0x0008, unicode: 0x0008, modifier: 0x0
22:21:45.032 T:18940 DEBUG: CInputManager::HandleKey: backspace (0xf008) pressed, action is Back
22:21:45.032 T:18940 DEBUG: CGUIMediaWindow::GetDirectory (addons://repos/)
22:21:45.032 T:18940 DEBUG: ParentPath = [addons://]
22:21:45.032 T:2520 DEBUG: Thread waiting start, auto delete: false
22:21:45.034 T:2520 DEBUG: Thread waiting 2520 terminating
22:21:45.035 T:7776 DEBUG: Thread BackgroundLoader start, auto delete: false
22:21:45.036 T:11096 DEBUG: CTextureCacheJob::GetImageHash - unable to stat url C:\Users\PC Nice\AppData\Roaming\Kodi\addons\repository.bingie\fanart.jpg
22:21:45.036 T:7776 DEBUG: Thread BackgroundLoader 7776 terminating
22:21:45.083 T:10092 DEBUG: [Warning] CGUITextureManager::GetTexturePath: could not find texture 'None'
22:21:45.199 T:18940 DEBUG: Keyboard: scancode: 0x0e, sym: 0x0008, unicode: 0x0000, modifier: 0x0
22:21:45.415 T:18940 DEBUG: Keyboard: scancode: 0x0e, sym: 0x0008, unicode: 0x0008, modifier: 0x0
22:21:45.415 T:18940 DEBUG: CInputManager::HandleKey: backspace (0xf008) pressed, action is Back
22:21:45.415 T:18940 DEBUG: CGUIMediaWindow::GetDirectory (addons://)
22:21:45.415 T:18940 DEBUG: ParentPath = []
22:21:45.415 T:20692 DEBUG: Thread waiting start, auto delete: false
22:21:45.429 T:20692 DEBUG: CAddonMgr::GetAvailableUpdates took 13 ms
22:21:45.433 T:20692 DEBUG: Thread waiting 20692 terminating
22:21:45.435 T:20684 DEBUG: Thread BackgroundLoader start, auto delete: false
22:21:45.435 T:20684 DEBUG: Thread BackgroundLoader 20684 terminating
22:21:45.565 T:18940 DEBUG: Keyboard: scancode: 0x0e, sym: 0x0008, unicode: 0x0000, modifier: 0x0
22:21:45.882 T:18940 DEBUG: Keyboard: scancode: 0x0e, sym: 0x0008, unicode: 0x0008, modifier: 0x0
22:21:45.882 T:18940 DEBUG: CInputManager::HandleKey: backspace (0xf008) pressed, action is Back
22:21:45.882 T:18940 DEBUG: CGUIWindowManager::PreviousWindow: Deactivate
22:21:46.083 T:18940 DEBUG: ------ Window Deinit (AddonBrowser.xml) ------
22:21:46.098 T:18940 DEBUG: CGUIWindowManager::PreviousWindow: Activate new
22:21:46.098 T:18940 DEBUG: ------ Window Init (Home.xml) ------
22:21:46.098 T:18940 INFO: Loading skin file: Home.xml, load type: KEEP_IN_MEMORY
22:21:46.137 T:18940 WARNING: Trying to add unsupported control type 1
22:21:46.188 T:18940 WARNING: Previous line repeats 18 times.
22:21:46.188 T:18940 DEBUG: [Warning] CGUITextureManager::GetTexturePath: could not find texture '-'
22:21:46.190 T:18940 DEBUG: Previous line repeats 6 times.
22:21:46.190 T:18940 DEBUG: CDirectoryProvider[]: refreshing..
22:21:46.190 T:11096 ERROR: XFILE::CDirectory::GetDirectory - Error getting
22:21:46.190 T:18940 DEBUG: CDirectoryProvider[plugin://script.skin.helper.widgets/?action=recent&mediatype=movies&tag=&reload=]: refreshing..
22:21:46.190 T:18940 DEBUG: CDirectoryProvider[plugin://script.skin.helper.widgets/?action=inprogressandrecommended&mediatype=movies&tag=&reload=]: refreshing..
22:21:46.190 T:18940 DEBUG: CDirectoryProvider[plugin://script.skin.helper.widgets/?action=browsegenres&mediatype=movies&tag=&reload=]: refreshing..
22:21:46.190 T:18940 DEBUG: CDirectoryProvider[library://video/movies/sets.xml/]: refreshing..
22:21:46.190 T:18940 DEBUG: CDirectoryProvider[plugin://script.skin.helper.widgets/?action=recent&mediatype=tvshows&tag=&reload=]: refreshing..
22:21:46.190 T:18940 DEBUG: CDirectoryProvider[plugin://script.skin.helper.widgets/?action=inprogress&mediatype=tvshows&tag=&reload=]: refreshing..
22:21:46.190 T:18940 DEBUG: CDirectoryProvider[plugin://script.skin.helper.widgets/?action=browsegenres&mediatype=tvshows&tag=&reload=]: refreshing..
22:21:46.190 T:18940 DEBUG: CDirectoryProvider[plugin://script.skin.helper.widgets/?action=recent&mediatype=episodes&reload=]: refreshing..
22:21:46.190 T:608 DEBUG: XFILE::CPluginDirectory::StartScript - calling plugin Skin Helper Service Widgets('plugin://script.skin.helper.widgets/','1','?action=recent&mediatype=movies&tag=&reload=','resume:false')
22:21:46.190 T:4792 DEBUG: XFILE::CPluginDirectory::StartScript - calling plugin Skin Helper Service Widgets('plugin://script.skin.helper.widgets/','2','?action=inprogressandrecommended&mediatype=movies&tag=&reload=','resume:false')
22:21:46.190 T:11096 DEBUG: XFILE::CPluginDirectory::StartScript - calling plugin Skin Helper Service Widgets('plugin://script.skin.helper.widgets/','3','?action=browsegenres&mediatype=movies&tag=&reload=','resume:false')
22:21:46.191 T:20784 DEBUG: Thread LanguageInvoker start, auto delete: false
22:21:46.191 T:20784 DEBUG: Previous line repeats 2 times.
22:21:46.191 T:20784 INFO: initializing python engine.
22:21:46.191 T:20784 INFO: Previous line repeats 1 times.
22:21:46.191 T:20784 DEBUG: CPythonInvoker(10, C:\Users\PC Nice\AppData\Roaming\Kodi\addons\script.skin.helper.widgets\plugin.py): start processing
22:21:46.191 T:20760 DEBUG: CPythonInvoker(11, C:\Users\PC Nice\AppData\Roaming\Kodi\addons\script.skin.helper.widgets\plugin.py): start processing
22:21:46.191 T:20776 INFO: initializing python engine.
22:21:46.191 T:20776 DEBUG: CPythonInvoker(12, C:\Users\PC Nice\AppData\Roaming\Kodi\addons\script.skin.helper.widgets\plugin.py): start processing
22:21:46.193 T:18940 DEBUG: Keyboard: scancode: 0x0e, sym: 0x0008, unicode: 0x0000, modifier: 0x0
22:21:46.193 T:20732 DEBUG: Thread LanguageInvoker start, auto delete: false
22:21:46.193 T:20732 INFO: initializing python engine.
22:21:46.193 T:20732 DEBUG: CPythonInvoker(13, C:\Users\PC Nice\AppData\Roaming\Kodi\addons\script.skinshortcuts\default.py): start processing
22:21:46.197 T:10092 DEBUG: [Warning] CGUITextureManager::GetTexturePath: could not find texture 'None'
22:21:46.197 T:18940 DEBUG: CDirectoryProvider[plugin://script.skin.helper.widgets/?action=random&mediatype=tvshows&reload=20190102212113]: refreshing..
22:21:46.207 T:20784 DEBUG: -->Python Interpreter Initialized<--
22:21:46.207 T:20784 DEBUG: CPythonInvoker(10, C:\Users\PC Nice\AppData\Roaming\Kodi\addons\script.skin.helper.widgets\plugin.py): the source file to load is "C:\Users\PC Nice\AppData\Roaming\Kodi\addons\script.skin.helper.widgets\plugin.py"
22:21:46.207 T:20784 DEBUG: CPythonInvoker(10, C:\Users\PC Nice\AppData\Roaming\Kodi\addons\script.skin.helper.widgets\plugin.py): setting the Python path to C:\Users\PC Nice\AppData\Roaming\Kodi\addons\script.skin.helper.widgets;C:\Users\PC Nice\AppData\Roaming\Kodi\addons\script.module.arrow\lib;C:\Users\PC Nice\AppData\Roaming\Kodi\addons\script.module.beautifulsoup\lib;C:\Users\PC Nice\AppData\Roaming\Kodi\addons\script.module.certifi\lib;C:\Users\PC Nice\AppData\Roaming\Kodi\addons\script.module.chardet\lib;C:\Users\PC Nice\AppData\Roaming\Kodi\addons\script.module.dateutil\lib;C:\Users\PC Nice\AppData\Roaming\Kodi\addons\script.module.idna\lib;C:\Users\PC Nice\AppData\Roaming\Kodi\addons\script.module.metadatautils\lib;C:\Users\PC Nice\AppData\Roaming\Kodi\addons\script.module.musicbrainz\lib;C:\Users\PC Nice\AppData\Roaming\Kodi\addons\script.module.requests\lib;C:\Users\PC Nice\AppData\Roaming\Kodi\addons\script.module.simplecache\lib;C:\Users\PC Nice\AppData\Roaming\Kodi\addons\script.module.simplejson\lib;C:\Users\PC Nice\AppData\Roaming\Kodi\addons\script.module.six\lib;C:\Users\PC Nice\AppData\Roaming\Kodi\addons\script.module.thetvdb\lib;C:\Users\PC Nice\AppData\Roaming\Kodi\addons\script.module.urllib3\lib;C:\Program Files\Kodi\system\python\DLLs;C:\Program Files\Kodi\system\python\Lib;C:\Program Files\Kodi\python27.zip;C:\Program Files\Kodi\system\python\lib\plat-win;C:\Program Files\Kodi\system\python\lib\lib-tk;C:\Program Files\Kodi;C:\Program Files\Kodi\system\python;C:\Program Files\Kodi\system\python\lib\site-packages
22:21:46.207 T:20784 DEBUG: CPythonInvoker(10, C:\Users\PC Nice\AppData\Roaming\Kodi\addons\script.skin.helper.widgets\plugin.py): entering source directory C:\Users\PC Nice\AppData\Roaming\Kodi\addons\script.skin.helper.widgets
22:21:46.208 T:18940 DEBUG: started alarm with name: focus_delay
22:21:46.208 T:20836 DEBUG: Thread AlarmClock start, auto delete: false
22:21:46.210 T:20784 DEBUG: CPythonInvoker(10, C:\Users\PC Nice\AppData\Roaming\Kodi\addons\script.skin.helper.widgets\plugin.py): instantiating addon using automatically obtained id of "script.skin.helper.widgets" dependent on version 2.24.0 of the xbmc.python api
22:21:46.250 T:20760 DEBUG: -->Python Interpreter Initialized<--
22:21:46.250 T:20760 DEBUG: CPythonInvoker(11, C:\Users\PC Nice\AppData\Roaming\Kodi\addons\script.skin.helper.widgets\plugin.py): the source file to load is "C:\Users\PC Nice\AppData\Roaming\Kodi\addons\script.skin.helper.widgets\plugin.py"
22:21:46.251 T:20776 DEBUG: -->Python Interpreter Initialized<--
22:21:46.251 T:20776 DEBUG: CPythonInvoker(12, C:\Users\PC Nice\AppData\Roaming\Kodi\addons\script.skin.helper.widgets\plugin.py): the source file to load is "C:\Users\PC Nice\AppData\Roaming\Kodi\addons\script.skin.helper.widgets\plugin.py"
22:21:46.251 T:20732 DEBUG: -->Python Interpreter Initialized<--
22:21:46.251 T:20732 DEBUG: CPythonInvoker(13, C:\Users\PC Nice\AppData\Roaming\Kodi\addons\script.skinshortcuts\default.py): the source file to load is "C:\Users\PC Nice\AppData\Roaming\Kodi\addons\script.skinshortcuts\default.py"
22:21:46.411 T:12668 DEBUG: CWebServer[8080]: request received for /jsonrpc
22:21:46.414 T:20784 DEBUG: CAddonSettings[script.module.metadatautils]: loading setting definitions
22:21:46.414 T:20784 DEBUG: CAddonSettings[script.module.metadatautils]: trying to load setting definitions from old format...
22:21:46.419 T:20760 DEBUG: CPythonInvoker(11, C:\Users\PC Nice\AppData\Roaming\Kodi\addons\script.skin.helper.widgets\plugin.py): setting the Python path to C:\Users\PC Nice\AppData\Roaming\Kodi\addons\script.skin.helper.widgets;C:\Users\PC Nice\AppData\Roaming\Kodi\addons\script.module.arrow\lib;C:\Users\PC Nice\AppData\Roaming\Kodi\addons\script.module.beautifulsoup\lib;C:\Users\PC Nice\AppData\Roaming\Kodi\addons\script.module.certifi\lib;C:\Users\PC Nice\AppData\Roaming\Kodi\addons\script.module.chardet\lib;C:\Users\PC Nice\AppData\Roaming\Kodi\addons\script.module.dateutil\lib;C:\Users\PC Nice\AppData\Roaming\Kodi\addons\script.module.idna\lib;C:\Users\PC Nice\AppData\Roaming\Kodi\addons\script.module.metadatautils\lib;C:\Users\PC Nice\AppData\Roaming\Kodi\addons\script.module.musicbrainz\lib;C:\Users\PC Nice\AppData\Roaming\Kodi\addons\script.module.requests\lib;C:\Users\PC Nice\AppData\Roaming\Kodi\addons\script.module.simplecache\lib;C:\Users\PC Nice\AppData\Roaming\Kodi\addons\script.module.simplejson\lib;C:\Users\PC Nice\AppData\Roaming\Kodi\addons\script.module.six\lib;C:\Users\PC Nice\AppData\Roaming\Kodi\addons\script.module.thetvdb\lib;C:\Users\PC Nice\AppData\Roaming\Kodi\addons\script.module.urllib3\lib;C:\Program Files\Kodi\system\python\DLLs;C:\Program Files\Kodi\system\python\Lib;C:\Program Files\Kodi\python27.zip;C:\Program Files\Kodi\system\python\lib\plat-win;C:\Program Files\Kodi\system\python\lib\lib-tk;C:\Program Files\Kodi;C:\Program Files\Kodi\system\python;C:\Program Files\Kodi\system\python\lib\site-packages
22:21:46.419 T:20760 DEBUG: CPythonInvoker(11, C:\Users\PC Nice\AppData\Roaming\Kodi\addons\script.skin.helper.widgets\plugin.py): entering source directory C:\Users\PC Nice\AppData\Roaming\Kodi\addons\script.skin.helper.widgets
22:21:46.419 T:20784 DEBUG: Skin Helper Simplecache --> Initialized
22:21:46.419 T:20784 DEBUG: script.module.metadatautils --> Initialized
22:21:46.419 T:20776 DEBUG: CPythonInvoker(12, C:\Users\PC Nice\AppData\Roaming\Kodi\addons\script.skin.helper.widgets\plugin.py): setting the Python path to C:\Users\PC Nice\AppData\Roaming\Kodi\addons\script.skin.helper.widgets;C:\Users\PC Nice\AppData\Roaming\Kodi\addons\script.module.arrow\lib;C:\Users\PC Nice\AppData\Roaming\Kodi\addons\script.module.beautifulsoup\lib;C:\Users\PC Nice\AppData\Roaming\Kodi\addons\script.module.certifi\lib;C:\Users\PC Nice\AppData\Roaming\Kodi\addons\script.module.chardet\lib;C:\Users\PC Nice\AppData\Roaming\Kodi\addons\script.module.dateutil\lib;C:\Users\PC Nice\AppData\Roaming\Kodi\addons\script.module.idna\lib;C:\Users\PC Nice\AppData\Roaming\Kodi\addons\script.module.metadatautils\lib;C:\Users\PC Nice\AppData\Roaming\Kodi\addons\script.module.musicbrainz\lib;C:\Users\PC Nice\AppData\Roaming\Kodi\addons\script.module.requests\lib;C:\Users\PC Nice\AppData\Roaming\Kodi\addons\script.module.simplecache\lib;C:\Users\PC Nice\AppData\Roaming\Kodi\addons\script.module.simplejson\lib;C:\Users\PC Nice\AppData\Roaming\Kodi\addons\script.module.six\lib;C:\Users\PC Nice\AppData\Roaming\Kodi\addons\script.module.thetvdb\lib;C:\Users\PC Nice\AppData\Roaming\Kodi\addons\script.module.urllib3\lib;C:\Program Files\Kodi\system\python\DLLs;C:\Program Files\Kodi\system\python\Lib;C:\Program Files\Kodi\python27.zip;C:\Program Files\Kodi\system\python\lib\plat-win;C:\Program Files\Kodi\system\python\lib\lib-tk;C:\Program Files\Kodi;C:\Program Files\Kodi\system\python;C:\Program Files\Kodi\system\python\lib\site-packages
22:21:46.419 T:20776 DEBUG: CPythonInvoker(12, C:\Users\PC Nice\AppData\Roaming\Kodi\addons\script.skin.helper.widgets\plugin.py): entering source directory C:\Users\PC Nice\AppData\Roaming\Kodi\addons\script.skin.helper.widgets
22:21:46.419 T:20732 DEBUG: CPythonInvoker(13, C:\Users\PC Nice\AppData\Roaming\Kodi\addons\script.skinshortcuts\default.py): setting the Python path to C:\Users\PC Nice\AppData\Roaming\Kodi\addons\script.skinshortcuts;C:\Users\PC Nice\AppData\Roaming\Kodi\addons\script.module.simplejson\lib;C:\Users\PC Nice\AppData\Roaming\Kodi\addons\script.module.unidecode\lib;C:\Program Files\Kodi\system\python\DLLs;C:\Program Files\Kodi\system\python\Lib;C:\Program Files\Kodi\python27.zip;C:\Program Files\Kodi\system\python\lib\plat-win;C:\Program Files\Kodi\system\python\lib\lib-tk;C:\Program Files\Kodi;C:\Program Files\Kodi\system\python;C:\Program Files\Kodi\system\python\lib\site-packages
22:21:46.419 T:20732 DEBUG: CPythonInvoker(13, C:\Users\PC Nice\AppData\Roaming\Kodi\addons\script.skinshortcuts\default.py): entering source directory C:\Users\PC Nice\AppData\Roaming\Kodi\addons\script.skinshortcuts
22:21:46.419 T:20784 DEBUG: CAddonSettings[script.skin.helper.widgets]: loading setting definitions
22:21:46.419 T:20784 DEBUG: CAddonSettings[script.skin.helper.widgets]: trying to load setting definitions from old format...
22:21:46.419 T:20784 DEBUG: CAddonSettings[script.skin.helper.widgets]: loading setting values
22:21:46.420 T:20760 DEBUG: CPythonInvoker(11, C:\Users\PC Nice\AppData\Roaming\Kodi\addons\script.skin.helper.widgets\plugin.py): instantiating addon using automatically obtained id of "script.skin.helper.widgets" dependent on version 2.24.0 of the xbmc.python api
22:21:46.420 T:20776 DEBUG: CPythonInvoker(12, C:\Users\PC Nice\AppData\Roaming\Kodi\addons\script.skin.helper.widgets\plugin.py): instantiating addon using automatically obtained id of "script.skin.helper.widgets" dependent on version 2.24.0 of the xbmc.python api
22:21:46.421 T:12668 DEBUG: CWebServer[8080]: request received for /jsonrpc
22:21:46.423 T:20732 DEBUG: CPythonInvoker(13, C:\Users\PC Nice\AppData\Roaming\Kodi\addons\script.skinshortcuts\default.py): instantiating addon using automatically obtained id of "script.skinshortcuts" dependent on version 2.20.0 of the xbmc.python api
22:21:46.456 T:20784 DEBUG: Skin Helper Widgets --> MEDIATYPE: movies - ACTION: recent - PATH: None - TAG: None -- got items from cache - CHECKSUM:
22:21:46.606 T:20760 DEBUG: CAddonSettings[script.module.metadatautils]: loading setting definitions
22:21:46.606 T:20760 DEBUG: CAddonSettings[script.module.metadatautils]: trying to load setting definitions from old format...
22:21:46.612 T:20760 DEBUG: Skin Helper Simplecache --> Initialized
22:21:46.612 T:20760 DEBUG: script.module.metadatautils --> Initialized
22:21:46.615 T:20760 DEBUG: CAddonSettings[script.skin.helper.widgets]: loading setting definitions
22:21:46.615 T:20760 DEBUG: CAddonSettings[script.skin.helper.widgets]: trying to load setting definitions from old format...
22:21:46.616 T:20760 DEBUG: CAddonSettings[script.skin.helper.widgets]: loading setting values
22:21:46.643 T:20760 DEBUG: Skin Helper Widgets --> MEDIATYPE: movies - ACTION: inprogressandrecommended - PATH: None - TAG: None -- got items from cache - CHECKSUM:
22:21:46.822 T:20776 DEBUG: CAddonSettings[script.module.metadatautils]: loading setting definitions
22:21:46.822 T:20776 DEBUG: CAddonSettings[script.module.metadatautils]: trying to load setting definitions from old format...
22:21:46.826 T:20776 DEBUG: Skin Helper Simplecache --> Initialized
22:21:46.826 T:20776 DEBUG: script.module.metadatautils --> Initialized
22:21:46.827 T:20776 DEBUG: CAddonSettings[script.skin.helper.widgets]: loading setting definitions
22:21:46.827 T:20776 DEBUG: CAddonSettings[script.skin.helper.widgets]: trying to load setting definitions from old format...
22:21:46.827 T:20776 DEBUG: CAddonSettings[script.skin.helper.widgets]: loading setting values
22:21:46.834 T:20776 DEBUG: Skin Helper Widgets --> MEDIATYPE: movies - ACTION: browsegenres - PATH: None - TAG: None -- got items from cache - CHECKSUM:
22:21:46.838 T:16036 ERROR: NEWADDON Unknown Video Info Key "progress"
22:21:46.881 T:20908 ERROR: Previous line repeats 49 times.
22:21:46.881 T:20908 WARNING: Invalid media type "genre"
22:21:46.881 T:20908 ERROR: NEWADDON Unknown Video Info Key "progress"
22:21:46.882 T:20944 WARNING: Invalid media type "genre"
22:21:46.882 T:20944 ERROR: NEWADDON Unknown Video Info Key "progress"
22:21:46.882 T:20916 WARNING: Invalid media type "genre"
22:21:46.882 T:20916 ERROR: NEWADDON Unknown Video Info Key "progress"
22:21:46.882 T:20920 WARNING: Invalid media type "genre"
22:21:46.882 T:20920 ERROR: NEWADDON Unknown Video Info Key "progress"
22:21:46.882 T:20924 WARNING: Invalid media type "genre"
22:21:46.882 T:20924 ERROR: NEWADDON Unknown Video Info Key "progress"
22:21:46.882 T:20928 WARNING: Invalid media type "genre"
22:21:46.882 T:20928 ERROR: NEWADDON Unknown Video Info Key "progress"
22:21:46.883 T:20908 WARNING: Invalid media type "genre"
22:21:46.883 T:20908 ERROR: NEWADDON Unknown Video Info Key "progress"
22:21:46.883 T:20912 WARNING: Invalid media type "genre"
22:21:46.883 T:20912 ERROR: NEWADDON Unknown Video Info Key "progress"
22:21:46.883 T:20932 WARNING: Invalid media type "genre"
22:21:46.883 T:20932 ERROR: NEWADDON Unknown Video Info Key "progress"
22:21:46.883 T:20944 WARNING: Invalid media type "genre"
22:21:46.883 T:20944 ERROR: NEWADDON Unknown Video Info Key "progress"
22:21:46.884 T:20916 WARNING: Invalid media type "genre"
22:21:46.884 T:20916 ERROR: NEWADDON Unknown Video Info Key "progress"
22:21:46.884 T:20920 WARNING: Invalid media type "genre"
22:21:46.884 T:20920 ERROR: NEWADDON Unknown Video Info Key "progress"
22:21:46.884 T:20924 WARNING: Invalid media type "genre"
22:21:46.884 T:20924 ERROR: NEWADDON Unknown Video Info Key "progress"
22:21:46.885 T:20916 WARNING: Invalid media type "genre"
22:21:46.885 T:20916 ERROR: NEWADDON Unknown Video Info Key "progress"
22:21:46.885 T:20908 WARNING: Invalid media type "genre"
22:21:46.885 T:20908 ERROR: NEWADDON Unknown Video Info Key "progress"
22:21:46.885 T:20912 WARNING: Invalid media type "genre"
22:21:46.885 T:20912 ERROR: NEWADDON Unknown Video Info Key "progress"
22:21:46.886 T:20932 WARNING: Invalid media type "genre"
22:21:46.886 T:20932 ERROR: NEWADDON Unknown Video Info Key "progress"
22:21:46.886 T:20944 WARNING: Invalid media type "genre"
22:21:46.886 T:20944 ERROR: NEWADDON Unknown Video Info Key "progress"
22:21:46.886 T:20908 WARNING: Invalid media type "genre"
22:21:46.886 T:20908 ERROR: NEWADDON Unknown Video Info Key "progress"
22:21:46.942 T:20760 DEBUG: Skin Helper Simplecache --> Closed
22:21:46.942 T:20760 DEBUG: script.module.metadatautils --> Exited
22:21:46.942 T:4792 DEBUG: CFileCache::Open - opening using cache
22:21:46.943 T:20760 DEBUG: Skin Helper Widgets --> MainModule exited
22:21:46.943 T:20760 INFO: CPythonInvoker(11, C:\Users\PC Nice\AppData\Roaming\Kodi\addons\script.skin.helper.widgets\plugin.py): script successfully run
22:21:46.943 T:20760 DEBUG: CPythonInvoker::onExecutionDone(11, C:\Users\PC Nice\AppData\Roaming\Kodi\addons\script.skin.helper.widgets\plugin.py)
22:21:46.943 T:608 DEBUG: CFileCache::Open - opening using cache
22:21:46.944 T:20952 DEBUG: Thread FileCache start, auto delete: false
22:21:46.945 T:20760 DEBUG: Previous line repeats 1 times.
22:21:46.945 T:20760 INFO: Python interpreter stopped
22:21:46.946 T:20760 DEBUG: Thread LanguageInvoker 20760 terminating
22:21:46.946 T:20784 DEBUG: Skin Helper Simplecache --> Closed
22:21:46.946 T:20784 DEBUG: script.module.metadatautils --> Exited
22:21:46.946 T:20784 DEBUG: Skin Helper Widgets --> MainModule exited
22:21:46.946 T:20784 INFO: CPythonInvoker(10, C:\Users\PC Nice\AppData\Roaming\Kodi\addons\script.skin.helper.widgets\plugin.py): script successfully run
22:21:46.946 T:20784 DEBUG: CPythonInvoker::onExecutionDone(10, C:\Users\PC Nice\AppData\Roaming\Kodi\addons\script.skin.helper.widgets\plugin.py)
22:21:46.947 T:20952 INFO: CFileCache::Process - Source read didn't return any data! Hit eof(?)
22:21:46.949 T:20784 INFO: Previous line repeats 1 times.
22:21:46.949 T:20784 INFO: Python interpreter stopped
22:21:46.949 T:20784 DEBUG: Thread LanguageInvoker 20784 terminating
22:21:46.995 T:20952 DEBUG: Thread FileCache 20952 terminating
22:21:46.996 T:4792 DEBUG: CFileCache::Open - opening using cache
22:21:46.997 T:20972 DEBUG: Thread FileCache 20972 terminating
22:21:46.997 T:20980 DEBUG: Thread FileCache start, auto delete: false
22:21:46.997 T:608 DEBUG: CFileCache::Open - opening using cache
22:21:46.999 T:20988 DEBUG: Thread FileCache start, auto delete: false
22:21:47.000 T:20980 INFO: CFileCache::Process - Source read didn't return any data! Hit eof(?)
22:21:47.006 T:20732 INFO: Previous line repeats 1 times.
22:21:47.006 T:20732 DEBUG: CAddonSettings[script.skinshortcuts]: loading setting definitions
22:21:47.006 T:20732 DEBUG: CAddonSettings[script.skinshortcuts]: trying to load setting definitions from old format...
22:21:47.009 T:20776 DEBUG: Skin Helper Simplecache --> Closed
22:21:47.009 T:20776 DEBUG: script.module.metadatautils --> Exited
22:21:47.009 T:20776 DEBUG: Skin Helper Widgets --> MainModule exited
22:21:47.009 T:20776 INFO: CPythonInvoker(12, C:\Users\PC Nice\AppData\Roaming\Kodi\addons\script.skin.helper.widgets\plugin.py): script successfully run
22:21:47.009 T:20776 DEBUG: CPythonInvoker::onExecutionDone(12, C:\Users\PC Nice\AppData\Roaming\Kodi\addons\script.skin.helper.widgets\plugin.py)
22:21:47.011 T:20776 INFO: Python interpreter stopped
22:21:47.011 T:20776 DEBUG: Thread LanguageInvoker 20776 terminating
22:21:47.012 T:20732 DEBUG: CAddonSettings[script.skinshortcuts]: loading setting definitions
22:21:47.012 T:20732 DEBUG: CAddonSettings[script.skinshortcuts]: trying to load setting definitions from old format...
22:21:47.015 T:20792 DEBUG: Thread Timer start, auto delete: false
22:21:47.021 T:18940 DEBUG: ------ Window Init (DialogExtendedProgressBar.xml) ------
22:21:47.030 T:20732 DEBUG: CAddonSettings[script.skinshortcuts]: loading setting definitions
22:21:47.030 T:20732 DEBUG: CAddonSettings[script.skinshortcuts]: trying to load setting definitions from old format...
22:21:47.031 T:20732 DEBUG: CAddonSettings[script.skinshortcuts]: loading setting definitions
22:21:47.031 T:20732 DEBUG: CAddonSettings[script.skinshortcuts]: trying to load setting definitions from old format...
22:21:47.046 T:20792 DEBUG: Thread Timer 20792 terminating
22:21:47.046 T:20976 DEBUG: Thread Timer start, auto delete: false
22:21:47.048 T:20980 DEBUG: Thread FileCache 20980 terminating
22:21:47.049 T:4792 DEBUG: CFileCache::Open - opening using cache
22:21:47.050 T:20948 DEBUG: Thread FileCache start, auto delete: false
22:21:47.051 T:20988 DEBUG: Thread FileCache 20988 terminating
22:21:47.052 T:608 DEBUG: CFileCache::Open - opening using cache
22:21:47.053 T:20948 INFO: CFileCache::Process - Source read didn't return any data! Hit eof(?)
22:21:47.053 T:20976 DEBUG: Thread Timer 20976 terminating
22:21:47.054 T:20984 DEBUG: Thread Timer start, auto delete: false
22:21:47.054 T:20960 DEBUG: Thread FileCache start, auto delete: false
22:21:47.056 T:20960 INFO: CFileCache::Process - Source read didn't return any data! Hit eof(?)
22:21:47.061 T:20984 DEBUG: Thread Timer 20984 terminating
22:21:47.061 T:20968 DEBUG: Thread Timer start, auto delete: false
22:21:47.067 T:20968 DEBUG: Thread Timer 20968 terminating
22:21:47.068 T:20900 DEBUG: Thread Timer start, auto delete: false
22:21:47.073 T:20900 DEBUG: Thread Timer 20900 terminating
22:21:47.073 T:18228 DEBUG: Thread Timer start, auto delete: false
22:21:47.080 T:18228 DEBUG: Thread Timer 18228 terminating
22:21:47.080 T:21068 DEBUG: Thread Timer start, auto delete: false
22:21:47.099 T:10092 DEBUG: ffmpeg[276C]: [swscaler] No accelerated colorspace conversion found from yuv420p to bgra.
22:21:47.103 T:20948 DEBUG: Thread FileCache 20948 terminating
22:21:47.103 T:4792 DEBUG: CFileCache::Open - opening using cache
22:21:47.104 T:21012 DEBUG: Thread FileCache start, auto delete: false
22:21:47.105 T:20960 DEBUG: Thread FileCache 20960 terminating
22:21:47.105 T:608 DEBUG: CFileCache::Open - opening using cache
22:21:47.107 T:8176 DEBUG: Thread FileCache start, auto delete: false
22:21:47.107 T:21012 INFO: CFileCache::Process - Source read didn't return any data! Hit eof(?)
22:21:47.110 T:10092 INFO: Previous line repeats 1 times.
22:21:47.110 T:10092 DEBUG: ffmpeg[276C]: [swscaler] No accelerated colorspace conversion found from yuv420p to bgra.
22:21:47.156 T:21012 DEBUG: Previous line repeats 3 times.
22:21:47.156 T:21012 DEBUG: Thread FileCache 21012 terminating
22:21:47.156 T:4792 DEBUG: CFileCache::Open - opening using cache
22:21:47.157 T:10024 DEBUG: Thread FileCache start, auto delete: false
22:21:47.158 T:8176 DEBUG: Thread FileCache 8176 terminating
22:21:47.158 T:608 DEBUG: CFileCache::Open - opening using cache
22:21:47.159 T:8568 DEBUG: Thread FileCache start, auto delete: false
22:21:47.160 T:10024 INFO: CFileCache::Process - Source read didn't return any data! Hit eof(?)
22:21:47.161 T:20732 INFO: CPythonInvoker(13, C:\Users\PC Nice\AppData\Roaming\Kodi\addons\script.skinshortcuts\default.py): script successfully run
22:21:47.161 T:20732 DEBUG: CPythonInvoker::onExecutionDone(13, C:\Users\PC Nice\AppData\Roaming\Kodi\addons\script.skinshortcuts\default.py)
22:21:47.161 T:8568 INFO: CFileCache::Process - Source read didn't return any data! Hit eof(?)
22:21:47.165 T:18940 INFO: Unloading old skin ...
22:21:47.172 T:18940 DEBUG: ------ Window Deinit (Home.xml) ------
22:21:47.172 T:18940 DEBUG: FreeVisualisation() done
22:21:47.175 T:18940 DEBUG: Previous line repeats 3 times.
22:21:47.175 T:18940 DEBUG: ------ Window Deinit () ------
22:21:47.179 T:18940 DEBUG: ------ Window Deinit (DialogExtendedProgressBar.xml) ------
22:21:47.200 T:18940 NOTICE: load skin from: C:\Users\PC Nice\AppData\Roaming\Kodi\addons\skin.titan.leiabeta.bingie.modeold (version: 0.1.2)
22:21:47.200 T:21068 DEBUG: Thread Timer 21068 terminating
22:21:47.205 T:20732 INFO: Python interpreter stopped
22:21:47.205 T:20732 DEBUG: Thread LanguageInvoker 20732 terminating
22:21:47.210 T:10024 DEBUG: Thread FileCache 10024 terminating
22:21:47.210 T:8568 DEBUG: Thread FileCache 8568 terminating
22:21:47.210 T:18940 INFO: load fonts for skin...
22:21:47.211 T:4792 DEBUG: CFileCache::Open - opening using cache
22:21:47.211 T:608 DEBUG: CFileCache::Open - opening using cache
22:21:47.212 T:18940 INFO: Loading skin includes from C:\Users\PC Nice\AppData\Roaming\Kodi\addons\skin.titan.leiabeta.bingie.modeold\1080i\includes.xml
22:21:47.212 T:17076 DEBUG: Thread FileCache start, auto delete: false
22:21:47.215 T:17076 DEBUG: Previous line repeats 1 times.
22:21:47.215 T:17076 INFO: CFileCache::Process - Source read didn't return any data! Hit eof(?)
22:21:47.264 T:16392 INFO: Previous line repeats 1 times.
22:21:47.264 T:16392 DEBUG: Thread FileCache 16392 terminating
22:21:47.264 T:17076 DEBUG: Thread FileCache 17076 terminating
22:21:47.265 T:4792 DEBUG: CFileCache::Open - opening using cache
22:21:47.265 T:608 DEBUG: CFileCache::Open - opening using cache
22:21:47.266 T:20996 DEBUG: Thread FileCache start, auto delete: false
22:21:47.269 T:20996 DEBUG: Previous line repeats 1 times.
22:21:47.269 T:20996 INFO: CFileCache::Process - Source read didn't return any data! Hit eof(?)
22:21:47.318 T:4820 INFO: Previous line repeats 1 times.
22:21:47.318 T:4820 DEBUG: Thread FileCache 4820 terminating
22:21:47.318 T:20996 DEBUG: Thread FileCache 20996 terminating
22:21:47.319 T:4792 DEBUG: CFileCache::Open - opening using cache
22:21:47.320 T:608 DEBUG: CFileCache::Open - opening using cache
22:21:47.321 T:20992 DEBUG: Thread FileCache start, auto delete: false
22:21:47.325 T:20992 DEBUG: Previous line repeats 1 times.
22:21:47.325 T:20992 INFO: CFileCache::Process - Source read didn't return any data! Hit eof(?)
22:21:47.362 T:18940 INFO: Previous line repeats 1 times.
22:21:47.362 T:18940 INFO: Loading fonts from C:\Users\PC Nice\AppData\Roaming\Kodi\addons\skin.titan.leiabeta.bingie.modeold\1080i\Font.xml
22:21:47.373 T:20992 DEBUG: Thread FileCache 20992 terminating
22:21:47.374 T:7032 DEBUG: Thread FileCache 7032 terminating
22:21:47.374 T:608 DEBUG: CFileCache::Open - opening using cache
22:21:47.374 T:4792 DEBUG: CFileCache::Open - opening using cache
22:21:47.375 T:20852 DEBUG: Thread FileCache start, auto delete: false
22:21:47.377 T:20852 DEBUG: Previous line repeats 1 times.
22:21:47.377 T:20852 INFO: CFileCache::Process - Source read didn't return any data! Hit eof(?)
22:21:47.426 T:20852 INFO: Previous line repeats 1 times.
22:21:47.426 T:20852 DEBUG: Thread FileCache 20852 terminating
22:21:47.427 T:608 DEBUG: CFileCache::Open - opening using cache
22:21:47.427 T:21076 DEBUG: Thread FileCache 21076 terminating
22:21:47.428 T:4792 DEBUG: CFileCache::Open - opening using cache
22:21:47.428 T:21040 DEBUG: Thread FileCache start, auto delete: false
22:21:47.431 T:21040 DEBUG: Previous line repeats 1 times.
22:21:47.431 T:21040 INFO: CFileCache::Process - Source read didn't return any data! Hit eof(?)
22:21:47.435 T:18940 INFO: Previous line repeats 1 times.
22:21:47.435 T:18940 DEBUG: LocalizeStrings: loaded 483 strings from file C:\Users\PC Nice\AppData\Roaming\Kodi\addons\skin.titan.leiabeta.bingie.modeold\language\resource.language.fr_fr\strings.po
22:21:47.436 T:18940 DEBUG: POParser: PO file has Win Style Line Endings. Converted in memory to Linux LF for file: C:\Users\PC Nice\AppData\Roaming\Kodi\addons\skin.titan.leiabeta.bingie.modeold\language\resource.language.en_gb\strings.po
22:21:47.436 T:18940 DEBUG: LocalizeStrings: loaded 262 strings from file C:\Users\PC Nice\AppData\Roaming\Kodi\addons\skin.titan.leiabeta.bingie.modeold\language\resource.language.en_gb\strings.po
22:21:47.436 T:18940 INFO: load new skin...
22:21:47.436 T:18940 INFO: Loading custom window XMLs from skin path C:\Users\PC Nice\AppData\Roaming\Kodi\addons\skin.titan.leiabeta.bingie.modeold\1080i
22:21:47.439 T:18940 DEBUG: Load Skin XML: 2.57ms
22:21:47.439 T:18940 INFO: initialize new skin...
22:21:47.439 T:18940 DEBUG: guilib: Fill viewport on change for solving rendering passes
22:21:47.439 T:18940 INFO: Loading skin file: DialogBusy.xml, load type: LOAD_ON_GUI_INIT
22:21:47.439 T:18940 INFO: Loading skin file: Pointer.xml, load type: LOAD_ON_GUI_INIT
22:21:47.439 T:18940 DEBUG: CTextureBundleXBT::OpenBundle - Opened bundle C:\Users\PC Nice\AppData\Roaming\Kodi\addons\skin.titan.leiabeta.bingie.modeold\media\Textures.xbt
22:21:47.440 T:18940 INFO: Loading skin file: DialogVolumeBar.xml, load type: LOAD_ON_GUI_INIT
22:21:47.443 T:18940 DEBUG: [Warning] CGUITextureManager::GetTexturePath: could not find texture '-'
22:21:47.443 T:18940 DEBUG: Previous line repeats 2 times.
22:21:47.443 T:18940 INFO: Loading skin file: DialogExtendedProgressBar.xml, load type: LOAD_ON_GUI_INIT
22:21:47.444 T:18940 DEBUG: [Warning] CGUITextureManager::GetTexturePath: could not find texture '-'
22:21:47.444 T:18940 DEBUG: Previous line repeats 4 times.
22:21:47.444 T:18940 INFO: Loading skin file: DialogSeekBar.xml, load type: LOAD_ON_GUI_INIT
22:21:47.445 T:18940 ERROR: Window Translator: Can't find window osdaudiodspsettings
22:21:47.449 T:18940 DEBUG: [Warning] CGUITextureManager::GetTexturePath: could not find texture '-'
22:21:47.449 T:18940 DEBUG: Previous line repeats 5 times.
22:21:47.449 T:18940 INFO: Loading skin file: DialogNotification.xml, load type: LOAD_ON_GUI_INIT
22:21:47.450 T:18940 INFO: Loading skin file: DialogBusy.xml, load type: LOAD_ON_GUI_INIT
22:21:47.450 T:18940 INFO: Loading skin file: Custom_FullscreenMusic.xml, load type: LOAD_ON_GUI_INIT
22:21:47.451 T:18940 INFO: Loading resource://resource.uisounds.kodi/sounds.xml
22:21:47.459 T:18940 INFO: skin loaded...
22:21:47.459 T:18940 DEBUG: Activating window ID: 10000
22:21:47.459 T:18940 DEBUG: ------ Window Init (Home.xml) ------
22:21:47.459 T:18940 INFO: Loading skin file: Home.xml, load type: KEEP_IN_MEMORY
22:21:47.480 T:21040 DEBUG: Thread FileCache 21040 terminating
22:21:47.481 T:21028 DEBUG: Thread FileCache 21028 terminating
22:21:47.481 T:608 DEBUG: CFileCache::Open - opening using cache
22:21:47.481 T:4792 DEBUG: CFileCache::Open - opening using cache
22:21:47.483 T:21032 DEBUG: Thread FileCache start, auto delete: false
22:21:47.487 T:21032 DEBUG: Previous line repeats 1 times.
22:21:47.487 T:21032 INFO: CFileCache::Process - Source read didn't return any data! Hit eof(?)
22:21:47.499 T:18940 INFO: Previous line repeats 1 times.
22:21:47.499 T:18940 WARNING: Trying to add unsupported control type 1
22:21:47.535 T:21032 WARNING: Previous line repeats 12 times.
22:21:47.535 T:21032 DEBUG: Thread FileCache 21032 terminating
22:21:47.535 T:21036 DEBUG: Thread FileCache 21036 terminating
22:21:47.535 T:4792 DEBUG: CFileCache::Open - opening using cache
22:21:47.536 T:608 DEBUG: CFileCache::Open - opening using cache
22:21:47.537 T:21048 DEBUG: Thread FileCache start, auto delete: false
22:21:47.538 T:18940 DEBUG: Previous line repeats 1 times.
22:21:47.538 T:18940 WARNING: Trying to add unsupported control type 1
22:21:47.540 T:21048 WARNING: Previous line repeats 1 times.
22:21:47.540 T:21048 INFO: CFileCache::Process - Source read didn't return any data! Hit eof(?)
22:21:47.544 T:18940 INFO: Previous line repeats 1 times.
22:21:47.544 T:18940 WARNING: Trying to add unsupported control type 1
22:21:47.552 T:18940 WARNING: Previous line repeats 3 times.
22:21:47.552 T:18940 DEBUG: [Warning] CGUITextureManager::GetTexturePath: could not find texture '-'
22:21:47.554 T:18940 DEBUG: Previous line repeats 6 times.
22:21:47.554 T:18940 DEBUG: CDirectoryProvider[]: refreshing..
22:21:47.554 T:11096 ERROR: XFILE::CDirectory::GetDirectory - Error getting
22:21:47.554 T:18940 DEBUG: CDirectoryProvider[plugin://script.skin.helper.widgets/?action=recent&mediatype=movies&tag=&reload=]: refreshing..
22:21:47.554 T:18940 DEBUG: CDirectoryProvider[plugin://script.skin.helper.widgets/?action=inprogressandrecommended&mediatype=movies&tag=&reload=]: refreshing..
22:21:47.554 T:18940 DEBUG: CDirectoryProvider[plugin://script.skin.helper.widgets/?action=browsegenres&mediatype=movies&tag=&reload=]: refreshing..
22:21:47.554 T:18940 DEBUG: CDirectoryProvider[library://video/movies/sets.xml/]: refreshing..
22:21:47.554 T:18940 DEBUG: CDirectoryProvider[plugin://script.skin.helper.widgets/?action=recent&mediatype=tvshows&tag=&reload=]: refreshing..
22:21:47.554 T:18940 DEBUG: CDirectoryProvider[plugin://script.skin.helper.widgets/?action=inprogress&mediatype=tvshows&tag=&reload=]: refreshing..
22:21:47.554 T:18940 DEBUG: CDirectoryProvider[plugin://script.skin.helper.widgets/?action=browsegenres&mediatype=tvshows&tag=&reload=]: refreshing..
22:21:47.554 T:18940 DEBUG: CDirectoryProvider[plugin://script.skin.helper.widgets/?action=recent&mediatype=episodes&reload=]: refreshing..
22:21:47.554 T:11096 DEBUG: XFILE::CPluginDirectory::StartScript - calling plugin Skin Helper Service Widgets('plugin://script.skin.helper.widgets/','4','?action=recent&mediatype=movies&tag=&reload=','resume:false')
22:21:47.554 T:21072 DEBUG: Thread LanguageInvoker start, auto delete: false
22:21:47.554 T:21072 INFO: initializing python engine.
22:21:47.554 T:21072 DEBUG: CPythonInvoker(14, C:\Users\PC Nice\AppData\Roaming\Kodi\addons\script.skin.helper.widgets\plugin.py): start processing
22:21:47.556 T:21052 DEBUG: Thread LanguageInvoker start, auto delete: false
22:21:47.557 T:21052 INFO: initializing python engine.
22:21:47.557 T:21052 DEBUG: CPythonInvoker(15, C:\Users\PC Nice\AppData\Roaming\Kodi\addons\script.skinshortcuts\default.py): start processing
22:21:47.560 T:10092 DEBUG: [Warning] CGUITextureManager::GetTexturePath: could not find texture 'None'
22:21:47.561 T:18940 DEBUG: CDirectoryProvider[plugin://script.skin.helper.widgets/?action=random&mediatype=tvshows&reload=20190102212113]: refreshing..
22:21:47.571 T:18940 DEBUG: ------ Window Init () ------
22:21:47.585 T:21072 DEBUG: -->Python Interpreter Initialized<--
22:21:47.585 T:21072 DEBUG: CPythonInvoker(14, C:\Users\PC Nice\AppData\Roaming\Kodi\addons\script.skin.helper.widgets\plugin.py): the source file to load is "C:\Users\PC Nice\AppData\Roaming\Kodi\addons\script.skin.helper.widgets\plugin.py"
22:21:47.586 T:21072 DEBUG: CPythonInvoker(14, C:\Users\PC Nice\AppData\Roaming\Kodi\addons\script.skin.helper.widgets\plugin.py): setting the Python path to C:\Users\PC Nice\AppData\Roaming\Kodi\addons\script.skin.helper.widgets;C:\Users\PC Nice\AppData\Roaming\Kodi\addons\script.module.arrow\lib;C:\Users\PC Nice\AppData\Roaming\Kodi\addons\script.module.beautifulsoup\lib;C:\Users\PC Nice\AppData\Roaming\Kodi\addons\script.module.certifi\lib;C:\Users\PC Nice\AppData\Roaming\Kodi\addons\script.module.chardet\lib;C:\Users\PC Nice\AppData\Roaming\Kodi\addons\script.module.dateutil\lib;C:\Users\PC Nice\AppData\Roaming\Kodi\addons\script.module.idna\lib;C:\Users\PC Nice\AppData\Roaming\Kodi\addons\script.module.metadatautils\lib;C:\Users\PC Nice\AppData\Roaming\Kodi\addons\script.module.musicbrainz\lib;C:\Users\PC Nice\AppData\Roaming\Kodi\addons\script.module.requests\lib;C:\Users\PC Nice\AppData\Roaming\Kodi\addons\script.module.simplecache\lib;C:\Users\PC Nice\AppData\Roaming\Kodi\addons\script.module.simplejson\lib;C:\Users\PC Nice\AppData\Roaming\Kodi\addons\script.module.six\lib;C:\Users\PC Nice\AppData\Roaming\Kodi\addons\script.module.thetvdb\lib;C:\Users\PC Nice\AppData\Roaming\Kodi\addons\script.module.urllib3\lib;C:\Program Files\Kodi\system\python\DLLs;C:\Program Files\Kodi\system\python\Lib;C:\Program Files\Kodi\python27.zip;C:\Program Files\Kodi\system\python\lib\plat-win;C:\Program Files\Kodi\system\python\lib\lib-tk;C:\Program Files\Kodi;C:\Program Files\Kodi\system\python;C:\Program Files\Kodi\system\python\lib\site-packages
22:21:47.586 T:21072 DEBUG: CPythonInvoker(14, C:\Users\PC Nice\AppData\Roaming\Kodi\addons\script.skin.helper.widgets\plugin.py): entering source directory C:\Users\PC Nice\AppData\Roaming\Kodi\addons\script.skin.helper.widgets
22:21:47.586 T:21052 DEBUG: -->Python Interpreter Initialized<--
22:21:47.586 T:21052 DEBUG: CPythonInvoker(15, C:\Users\PC Nice\AppData\Roaming\Kodi\addons\script.skinshortcuts\default.py): the source file to load is "C:\Users\PC Nice\AppData\Roaming\Kodi\addons\script.skinshortcuts\default.py"
