22:25:40.494 T:18940 DEBUG: CGUIWindowManager::PreviousWindow: Deactivate
22:25:40.712 T:18940 DEBUG: ------ Window Deinit (AddonBrowser.xml) ------
22:25:40.727 T:18940 DEBUG: CGUIWindowManager::PreviousWindow: Activate new
22:25:40.727 T:18940 DEBUG: ------ Window Init (Settings.xml) ------
22:25:40.727 T:18940 INFO: Loading skin file: Settings.xml, load type: KEEP_IN_MEMORY
22:25:40.736 T:18940 DEBUG: [Warning] CGUITextureManager::GetTexturePath: could not find texture '-'
22:25:40.737 T:18940 DEBUG: Previous line repeats 1 times.
22:25:40.737 T:18940 DEBUG: started alarm with name: setfocus
22:25:40.737 T:18940 DEBUG: Keyboard: scancode: 0x0e, sym: 0x0008, unicode: 0x0000, modifier: 0x0
22:25:40.740 T:19188 DEBUG: [Warning] CGUITextureManager::GetTexturePath: could not find texture 'None'
22:25:40.742 T:17956 DEBUG: Thread JobWorker start, auto delete: true
22:25:40.754 T:19188 DEBUG: Previous line repeats 2 times.
22:25:40.754 T:19188 DEBUG: ffmpeg[4AF4]: [swscaler] No accelerated colorspace conversion found from yuv420p to bgra.
22:25:40.869 T:12668 DEBUG: CWebServer[8080]: request received for /jsonrpc
22:25:41.544 T:18940 DEBUG: Previous line repeats 1 times.
22:25:41.544 T:18940 DEBUG: Keyboard: scancode: 0x0e, sym: 0x0008, unicode: 0x0008, modifier: 0x0
22:25:41.694 T:18940 DEBUG: Keyboard: scancode: 0x0e, sym: 0x0008, unicode: 0x0000, modifier: 0x0
22:25:41.694 T:18940 DEBUG: CInputManager::HandleKey: backspace (0xf008) pressed, action is Back
22:25:41.694 T:18940 DEBUG: CGUIWindowManager::PreviousWindow: Deactivate
22:25:41.862 T:18940 DEBUG: ------ Window Deinit (Settings.xml) ------
22:25:41.862 T:18940 DEBUG: FreeVisualisation() done
22:25:41.877 T:18940 DEBUG: Previous line repeats 1 times.
22:25:41.877 T:18940 DEBUG: CGUIWindowManager::PreviousWindow: Activate new
22:25:41.877 T:18940 DEBUG: ------ Window Init (Home.xml) ------
22:25:41.877 T:18940 INFO: Loading skin file: Home.xml, load type: KEEP_IN_MEMORY
22:25:41.923 T:18940 WARNING: Trying to add unsupported control type 1
22:25:41.979 T:19188 WARNING: Previous line repeats 19 times.
22:25:41.979 T:19188 INFO: XCURL::DllLibCurlGlobal::easy_acquire - Created session to http://www.msftncsi.com
22:25:41.980 T:18940 WARNING: Trying to add unsupported control type 1
22:25:41.987 T:18940 WARNING: Previous line repeats 1 times.
22:25:41.987 T:18940 DEBUG: [Warning] CGUITextureManager::GetTexturePath: could not find texture '-'
22:25:41.988 T:18940 DEBUG: Previous line repeats 6 times.
22:25:41.988 T:18940 DEBUG: CDirectoryProvider[]: refreshing..
22:25:41.988 T:21020 ERROR: XFILE::CDirectory::GetDirectory - Error getting
22:25:41.988 T:18940 DEBUG: CDirectoryProvider[plugin://script.skin.helper.widgets/?action=recordings&mediatype=pvr&limit=25&reload=20190102212113]: refreshing..
22:25:41.988 T:18940 DEBUG: CDirectoryProvider[plugin://script.skin.helper.widgets/?action=INPROGRESSANDRECOMMENDED&mediatype=MOVIES&reload=]: refreshing..
22:25:41.988 T:18940 DEBUG: CDirectoryProvider[plugin://script.skin.helper.widgets/?action=recent&mediatype=movies&reload=]: refreshing..
22:25:41.988 T:18940 DEBUG: CDirectoryProvider[plugin://script.skin.helper.widgets/?action=next&mediatype=episodes&reload=]: refreshing..
22:25:41.988 T:18940 DEBUG: CDirectoryProvider[plugin://script.skin.helper.widgets/?action=recent&mediatype=episodes&reload=]: refreshing..
22:25:41.988 T:18940 DEBUG: CDirectoryProvider[plugin://script.skin.helper.widgets/?action=recent&mediatype=albums&limit=25&reload=]: refreshing..
22:25:41.988 T:18940 DEBUG: CDirectoryProvider[plugin://script.skin.helper.widgets/?action=recent&mediatype=songs&limit=25&reload=]: refreshing..
22:25:41.988 T:18940 DEBUG: CDirectoryProvider[plugin://script.skin.helper.widgets/?action=recent&mediatype=musicvideos&reload=]: refreshing..
22:25:41.989 T:17956 DEBUG: XFILE::CPluginDirectory::StartScript - calling plugin Skin Helper Service Widgets('plugin://script.skin.helper.widgets/','31','?action=recordings&mediatype=pvr&limit=25&reload=20190102212113','resume:false')
22:25:41.989 T:7744 DEBUG: XFILE::CPluginDirectory::StartScript - calling plugin Skin Helper Service Widgets('plugin://script.skin.helper.widgets/','32','?action=INPROGRESSANDRECOMMENDED&mediatype=MOVIES&reload=','resume:false')
22:25:41.989 T:17344 DEBUG: Thread LanguageInvoker start, auto delete: false
22:25:41.989 T:17344 DEBUG: Previous line repeats 1 times.
22:25:41.989 T:17344 INFO: initializing python engine.
22:25:41.989 T:17344 INFO: Previous line repeats 1 times.
22:25:41.989 T:17344 DEBUG: CPythonInvoker(47, C:\Users\PC Nice\AppData\Roaming\Kodi\addons\script.skin.helper.widgets\plugin.py): start processing
22:25:41.989 T:4028 DEBUG: CPythonInvoker(46, C:\Users\PC Nice\AppData\Roaming\Kodi\addons\script.skin.helper.widgets\plugin.py): start processing
22:25:41.991 T:8548 DEBUG: Thread LanguageInvoker start, auto delete: false
22:25:41.991 T:8548 INFO: initializing python engine.
22:25:41.991 T:8548 DEBUG: CPythonInvoker(48, C:\Users\PC Nice\AppData\Roaming\Kodi\addons\script.skinshortcuts\default.py): start processing
22:25:41.994 T:21020 DEBUG: [Warning] CGUITextureManager::GetTexturePath: could not find texture 'None'
22:25:41.996 T:18940 DEBUG: Previous line repeats 1 times.
22:25:41.996 T:18940 DEBUG: CDirectoryProvider[plugin://script.skin.helper.widgets/?action=random&mediatype=movies&reload=]: refreshing..
22:25:42.004 T:17344 DEBUG: -->Python Interpreter Initialized<--
22:25:42.004 T:17344 DEBUG: CPythonInvoker(47, C:\Users\PC Nice\AppData\Roaming\Kodi\addons\script.skin.helper.widgets\plugin.py): the source file to load is "C:\Users\PC Nice\AppData\Roaming\Kodi\addons\script.skin.helper.widgets\plugin.py"
22:25:42.005 T:17344 DEBUG: CPythonInvoker(47, C:\Users\PC Nice\AppData\Roaming\Kodi\addons\script.skin.helper.widgets\plugin.py): setting the Python path to C:\Users\PC Nice\AppData\Roaming\Kodi\addons\script.skin.helper.widgets;C:\Users\PC Nice\AppData\Roaming\Kodi\addons\script.module.arrow\lib;C:\Users\PC Nice\AppData\Roaming\Kodi\addons\script.module.beautifulsoup\lib;C:\Users\PC Nice\AppData\Roaming\Kodi\addons\script.module.certifi\lib;C:\Users\PC Nice\AppData\Roaming\Kodi\addons\script.module.chardet\lib;C:\Users\PC Nice\AppData\Roaming\Kodi\addons\script.module.dateutil\lib;C:\Users\PC Nice\AppData\Roaming\Kodi\addons\script.module.idna\lib;C:\Users\PC Nice\AppData\Roaming\Kodi\addons\script.module.metadatautils\lib;C:\Users\PC Nice\AppData\Roaming\Kodi\addons\script.module.musicbrainz\lib;C:\Users\PC Nice\AppData\Roaming\Kodi\addons\script.module.requests\lib;C:\Users\PC Nice\AppData\Roaming\Kodi\addons\script.module.simplecache\lib;C:\Users\PC Nice\AppData\Roaming\Kodi\addons\script.module.simplejson\lib;C:\Users\PC Nice\AppData\Roaming\Kodi\addons\script.module.six\lib;C:\Users\PC Nice\AppData\Roaming\Kodi\addons\script.module.thetvdb\lib;C:\Users\PC Nice\AppData\Roaming\Kodi\addons\script.module.urllib3\lib;C:\Program Files\Kodi\system\python\DLLs;C:\Program Files\Kodi\system\python\Lib;C:\Program Files\Kodi\python27.zip;C:\Program Files\Kodi\system\python\lib\plat-win;C:\Program Files\Kodi\system\python\lib\lib-tk;C:\Program Files\Kodi;C:\Program Files\Kodi\system\python;C:\Program Files\Kodi\system\python\lib\site-packages
22:25:42.005 T:17344 DEBUG: CPythonInvoker(47, C:\Users\PC Nice\AppData\Roaming\Kodi\addons\script.skin.helper.widgets\plugin.py): entering source directory C:\Users\PC Nice\AppData\Roaming\Kodi\addons\script.skin.helper.widgets
22:25:42.007 T:17344 DEBUG: CPythonInvoker(47, C:\Users\PC Nice\AppData\Roaming\Kodi\addons\script.skin.helper.widgets\plugin.py): instantiating addon using automatically obtained id of "script.skin.helper.widgets" dependent on version 2.24.0 of the xbmc.python api
22:25:42.007 T:21020 ERROR: CImageLoader::DoWork - Direct texture file loading failed for resource://resource.images.weatherfanart.faded/.jpg
22:25:42.007 T:21020 DEBUG: CTextureCacheJob::GetImageHash - unable to stat url resource://resource.images.weatherfanart.faded/.jpg
22:25:42.017 T:21020 DEBUG: ffmpeg[521C]: [swscaler] No accelerated colorspace conversion found from yuv420p to bgra.
22:25:42.036 T:4028 DEBUG: Previous line repeats 1 times.
22:25:42.036 T:4028 DEBUG: -->Python Interpreter Initialized<--
22:25:42.036 T:4028 DEBUG: CPythonInvoker(46, C:\Users\PC Nice\AppData\Roaming\Kodi\addons\script.skin.helper.widgets\plugin.py): the source file to load is "C:\Users\PC Nice\AppData\Roaming\Kodi\addons\script.skin.helper.widgets\plugin.py"
22:25:42.036 T:8548 DEBUG: -->Python Interpreter Initialized<--
22:25:42.036 T:8548 DEBUG: CPythonInvoker(48, C:\Users\PC Nice\AppData\Roaming\Kodi\addons\script.skinshortcuts\default.py): the source file to load is "C:\Users\PC Nice\AppData\Roaming\Kodi\addons\script.skinshortcuts\default.py"
22:25:42.050 T:19188 DEBUG: ffmpeg[4AF4]: [swscaler] No accelerated colorspace conversion found from yuv420p to bgra.
22:25:42.057 T:21020 ERROR: CImageLoader::DoWork - Direct texture file loading failed for special://masterprofile/Thumbnails/5/55f0b666.jpg
22:25:42.057 T:21020 INFO: XCURL::DllLibCurlGlobal::easy_acquire - Created session to http://image.tmdb.org
22:25:42.060 T:19188 DEBUG: ffmpeg[4AF4]: [swscaler] No accelerated colorspace conversion found from yuv420p to bgra.
22:25:42.093 T:19188 DEBUG: Previous line repeats 1 times.
22:25:42.093 T:19188 ERROR: XFILE::CDirectory::GetDirectory - Error getting C:\Users\PC Nice\AppData\Roaming\Kodi\addons\resource.images.busyspinners.basic\resources\netflix_origin\
22:25:42.093 T:19188 ERROR: XFILE::CDirectory::GetDirectory - Error getting special://home/addons/resource.images.busyspinners.basic/resources/netflix_origin/
22:25:42.124 T:21020 DEBUG: CCurlFile::GetMimeType - http://image.tmdb.org/t/p/original/6n0DAcyjTHS6888mt8U9ZsLy9nR.jpg -> image/jpeg
22:25:42.124 T:21020 DEBUG: CurlFile::Open(0x1e1bfba0) http://image.tmdb.org/t/p/original/6n0DAcyjTHS6888mt8U9ZsLy9nR.jpg
22:25:42.203 T:17344 DEBUG: CAddonSettings[script.module.metadatautils]: loading setting definitions
22:25:42.203 T:17344 DEBUG: CAddonSettings[script.module.metadatautils]: trying to load setting definitions from old format...
22:25:42.206 T:4028 DEBUG: CPythonInvoker(46, C:\Users\PC Nice\AppData\Roaming\Kodi\addons\script.skin.helper.widgets\plugin.py): setting the Python path to C:\Users\PC Nice\AppData\Roaming\Kodi\addons\script.skin.helper.widgets;C:\Users\PC Nice\AppData\Roaming\Kodi\addons\script.module.arrow\lib;C:\Users\PC Nice\AppData\Roaming\Kodi\addons\script.module.beautifulsoup\lib;C:\Users\PC Nice\AppData\Roaming\Kodi\addons\script.module.certifi\lib;C:\Users\PC Nice\AppData\Roaming\Kodi\addons\script.module.chardet\lib;C:\Users\PC Nice\AppData\Roaming\Kodi\addons\script.module.dateutil\lib;C:\Users\PC Nice\AppData\Roaming\Kodi\addons\script.module.idna\lib;C:\Users\PC Nice\AppData\Roaming\Kodi\addons\script.module.metadatautils\lib;C:\Users\PC Nice\AppData\Roaming\Kodi\addons\script.module.musicbrainz\lib;C:\Users\PC Nice\AppData\Roaming\Kodi\addons\script.module.requests\lib;C:\Users\PC Nice\AppData\Roaming\Kodi\addons\script.module.simplecache\lib;C:\Users\PC Nice\AppData\Roaming\Kodi\addons\script.module.simplejson\lib;C:\Users\PC Nice\AppData\Roaming\Kodi\addons\script.module.six\lib;C:\Users\PC Nice\AppData\Roaming\Kodi\addons\script.module.thetvdb\lib;C:\Users\PC Nice\AppData\Roaming\Kodi\addons\script.module.urllib3\lib;C:\Program Files\Kodi\system\python\DLLs;C:\Program Files\Kodi\system\python\Lib;C:\Program Files\Kodi\python27.zip;C:\Program Files\Kodi\system\python\lib\plat-win;C:\Program Files\Kodi\system\python\lib\lib-tk;C:\Program Files\Kodi;C:\Program Files\Kodi\system\python;C:\Program Files\Kodi\system\python\lib\site-packages
22:25:42.206 T:4028 DEBUG: CPythonInvoker(46, C:\Users\PC Nice\AppData\Roaming\Kodi\addons\script.skin.helper.widgets\plugin.py): entering source directory C:\Users\PC Nice\AppData\Roaming\Kodi\addons\script.skin.helper.widgets
22:25:42.206 T:8548 DEBUG: CPythonInvoker(48, C:\Users\PC Nice\AppData\Roaming\Kodi\addons\script.skinshortcuts\default.py): setting the Python path to C:\Users\PC Nice\AppData\Roaming\Kodi\addons\script.skinshortcuts;C:\Users\PC Nice\AppData\Roaming\Kodi\addons\script.module.simplejson\lib;C:\Users\PC Nice\AppData\Roaming\Kodi\addons\script.module.unidecode\lib;C:\Program Files\Kodi\system\python\DLLs;C:\Program Files\Kodi\system\python\Lib;C:\Program Files\Kodi\python27.zip;C:\Program Files\Kodi\system\python\lib\plat-win;C:\Program Files\Kodi\system\python\lib\lib-tk;C:\Program Files\Kodi;C:\Program Files\Kodi\system\python;C:\Program Files\Kodi\system\python\lib\site-packages
22:25:42.206 T:8548 DEBUG: CPythonInvoker(48, C:\Users\PC Nice\AppData\Roaming\Kodi\addons\script.skinshortcuts\default.py): entering source directory C:\Users\PC Nice\AppData\Roaming\Kodi\addons\script.skinshortcuts
22:25:42.206 T:17344 DEBUG: Skin Helper Simplecache --> Initialized
22:25:42.206 T:17344 DEBUG: script.module.metadatautils --> Initialized
22:25:42.206 T:4028 DEBUG: CPythonInvoker(46, C:\Users\PC Nice\AppData\Roaming\Kodi\addons\script.skin.helper.widgets\plugin.py): instantiating addon using automatically obtained id of "script.skin.helper.widgets" dependent on version 2.24.0 of the xbmc.python api
22:25:42.206 T:8548 DEBUG: CPythonInvoker(48, C:\Users\PC Nice\AppData\Roaming\Kodi\addons\script.skinshortcuts\default.py): instantiating addon using automatically obtained id of "script.skinshortcuts" dependent on version 2.20.0 of the xbmc.python api
22:25:42.210 T:17344 DEBUG: CAddonSettings[script.skin.helper.widgets]: loading setting definitions
22:25:42.210 T:17344 DEBUG: CAddonSettings[script.skin.helper.widgets]: trying to load setting definitions from old format...
22:25:42.210 T:17344 DEBUG: CAddonSettings[script.skin.helper.widgets]: loading setting values
22:25:42.223 T:17344 DEBUG: Skin Helper Widgets --> MEDIATYPE: movies - ACTION: inprogressandrecommended - PATH: None - TAG: None -- got items from cache - CHECKSUM:
22:25:42.306 T:21020 DEBUG: ffmpeg[521C]: [swscaler] No accelerated colorspace conversion found from yuv420p to bgra.
22:25:42.310 T:21020 DEBUG: Caching image 'http://image.tmdb.org/t/p/original/6n0DAcyjTHS6888mt8U9ZsLy9nR.jpg' to '5/55f0b666.jpg':
22:25:42.310 T:21020 DEBUG: cached image 'special://masterprofile/Thumbnails/5/55f0b666.jpg' size 1920x1080
22:25:42.376 T:21020 DEBUG: XFILE::CPluginDirectory::StartScript - calling plugin Skin Helper Service Widgets('plugin://script.skin.helper.widgets/','33','?action=recent&mediatype=movies&reload=','resume:false')
22:25:42.376 T:21416 DEBUG: Thread LanguageInvoker start, auto delete: false
22:25:42.376 T:21416 INFO: initializing python engine.
22:25:42.376 T:21416 DEBUG: CPythonInvoker(49, C:\Users\PC Nice\AppData\Roaming\Kodi\addons\script.skin.helper.widgets\plugin.py): start processing
22:25:42.391 T:4028 DEBUG: CAddonSettings[script.module.metadatautils]: loading setting definitions
22:25:42.391 T:4028 DEBUG: CAddonSettings[script.module.metadatautils]: trying to load setting definitions from old format...
22:25:42.398 T:4028 DEBUG: Skin Helper Simplecache --> Initialized
22:25:42.398 T:4028 DEBUG: script.module.metadatautils --> Initialized
22:25:42.398 T:4028 DEBUG: CAddonSettings[script.skin.helper.widgets]: loading setting definitions
22:25:42.398 T:4028 DEBUG: CAddonSettings[script.skin.helper.widgets]: trying to load setting definitions from old format...
22:25:42.398 T:4028 DEBUG: CAddonSettings[script.skin.helper.widgets]: loading setting values
22:25:42.399 T:4028 DEBUG: Skin Helper Widgets --> MEDIATYPE: pvr - ACTION: recordings - PATH: None - TAG: None -- no cache, quering kodi api to get items - CHECKSUM: 20190102212113
22:25:42.399 T:12668 DEBUG: CWebServer[8080]: request received for /jsonrpc
22:25:42.423 T:21484 DEBUG: Previous line repeats 1 times.
22:25:42.423 T:21484 ERROR: NEWADDON Unknown Video Info Key "progress"
22:25:42.443 T:21416 ERROR: Previous line repeats 24 times.
22:25:42.443 T:21416 DEBUG: -->Python Interpreter Initialized<--
22:25:42.443 T:21416 DEBUG: CPythonInvoker(49, C:\Users\PC Nice\AppData\Roaming\Kodi\addons\script.skin.helper.widgets\plugin.py): the source file to load is "C:\Users\PC Nice\AppData\Roaming\Kodi\addons\script.skin.helper.widgets\plugin.py"
22:25:42.443 T:21416 DEBUG: CPythonInvoker(49, C:\Users\PC Nice\AppData\Roaming\Kodi\addons\script.skin.helper.widgets\plugin.py): setting the Python path to C:\Users\PC Nice\AppData\Roaming\Kodi\addons\script.skin.helper.widgets;C:\Users\PC Nice\AppData\Roaming\Kodi\addons\script.module.arrow\lib;C:\Users\PC Nice\AppData\Roaming\Kodi\addons\script.module.beautifulsoup\lib;C:\Users\PC Nice\AppData\Roaming\Kodi\addons\script.module.certifi\lib;C:\Users\PC Nice\AppData\Roaming\Kodi\addons\script.module.chardet\lib;C:\Users\PC Nice\AppData\Roaming\Kodi\addons\script.module.dateutil\lib;C:\Users\PC Nice\AppData\Roaming\Kodi\addons\script.module.idna\lib;C:\Users\PC Nice\AppData\Roaming\Kodi\addons\script.module.metadatautils\lib;C:\Users\PC Nice\AppData\Roaming\Kodi\addons\script.module.musicbrainz\lib;C:\Users\PC Nice\AppData\Roaming\Kodi\addons\script.module.requests\lib;C:\Users\PC Nice\AppData\Roaming\Kodi\addons\script.module.simplecache\lib;C:\Users\PC Nice\AppData\Roaming\Kodi\addons\script.module.simplejson\lib;C:\Users\PC Nice\AppData\Roaming\Kodi\addons\script.module.six\lib;C:\Users\PC Nice\AppData\Roaming\Kodi\addons\script.module.thetvdb\lib;C:\Users\PC Nice\AppData\Roaming\Kodi\addons\script.module.urllib3\lib;C:\Program Files\Kodi\system\python\DLLs;C:\Program Files\Kodi\system\python\Lib;C:\Program Files\Kodi\python27.zip;C:\Program Files\Kodi\system\python\lib\plat-win;C:\Program Files\Kodi\system\python\lib\lib-tk;C:\Program Files\Kodi;C:\Program Files\Kodi\system\python;C:\Program Files\Kodi\system\python\lib\site-packages
22:25:42.443 T:21416 DEBUG: CPythonInvoker(49, C:\Users\PC Nice\AppData\Roaming\Kodi\addons\script.skin.helper.widgets\plugin.py): entering source directory C:\Users\PC Nice\AppData\Roaming\Kodi\addons\script.skin.helper.widgets
22:25:42.445 T:21416 DEBUG: CPythonInvoker(49, C:\Users\PC Nice\AppData\Roaming\Kodi\addons\script.skin.helper.widgets\plugin.py): instantiating addon using automatically obtained id of "script.skin.helper.widgets" dependent on version 2.24.0 of the xbmc.python api
22:25:42.504 T:7744 DEBUG: CFileCache::Open - opening using cache
22:25:42.504 T:7744 INFO: AddOnLog: SFTP support: SFTPSession: Creating new session on host 'nicestream.fr:22' with user 'nicestreamadmin'
22:25:42.505 T:17344 DEBUG: Skin Helper Simplecache --> Closed
22:25:42.505 T:17344 DEBUG: script.module.metadatautils --> Exited
22:25:42.506 T:17344 DEBUG: Skin Helper Widgets --> MainModule exited
22:25:42.506 T:17344 INFO: CPythonInvoker(47, C:\Users\PC Nice\AppData\Roaming\Kodi\addons\script.skin.helper.widgets\plugin.py): script successfully run
22:25:42.506 T:17344 DEBUG: CPythonInvoker::onExecutionDone(47, C:\Users\PC Nice\AppData\Roaming\Kodi\addons\script.skin.helper.widgets\plugin.py)
22:25:42.509 T:17344 INFO: Python interpreter stopped
22:25:42.509 T:17344 DEBUG: Thread LanguageInvoker 17344 terminating
22:25:42.611 T:21416 DEBUG: CAddonSettings[script.module.metadatautils]: loading setting definitions
22:25:42.611 T:21416 DEBUG: CAddonSettings[script.module.metadatautils]: trying to load setting definitions from old format...
22:25:42.617 T:21416 DEBUG: Skin Helper Simplecache --> Initialized
22:25:42.617 T:21416 DEBUG: script.module.metadatautils --> Initialized
22:25:42.618 T:21416 DEBUG: CAddonSettings[script.skin.helper.widgets]: loading setting definitions
22:25:42.618 T:21416 DEBUG: CAddonSettings[script.skin.helper.widgets]: trying to load setting definitions from old format...
22:25:42.618 T:21416 DEBUG: CAddonSettings[script.skin.helper.widgets]: loading setting values
22:25:42.645 T:21416 DEBUG: Skin Helper Widgets --> MEDIATYPE: movies - ACTION: recent - PATH: None - TAG: None -- got items from cache - CHECKSUM:
22:25:42.654 T:8548 DEBUG: CAddonSettings[script.skinshortcuts]: loading setting definitions
22:25:42.654 T:8548 DEBUG: CAddonSettings[script.skinshortcuts]: trying to load setting definitions from old format...
22:25:42.657 T:8548 DEBUG: CAddonSettings[script.skinshortcuts]: loading setting definitions
22:25:42.657 T:8548 DEBUG: CAddonSettings[script.skinshortcuts]: trying to load setting definitions from old format...
22:25:42.659 T:3104 ERROR: NEWADDON Unknown Video Info Key "progress"
22:25:42.671 T:4028 ERROR: Previous line repeats 24 times.
22:25:42.671 T:4028 DEBUG: Skin Helper Simplecache --> Closed
22:25:42.671 T:4028 DEBUG: script.module.metadatautils --> Exited
22:25:42.671 T:4028 DEBUG: Skin Helper Widgets --> MainModule exited
22:25:42.671 T:4028 INFO: CPythonInvoker(46, C:\Users\PC Nice\AppData\Roaming\Kodi\addons\script.skin.helper.widgets\plugin.py): script successfully run
22:25:42.671 T:4028 DEBUG: CPythonInvoker::onExecutionDone(46, C:\Users\PC Nice\AppData\Roaming\Kodi\addons\script.skin.helper.widgets\plugin.py)
22:25:42.672 T:17956 DEBUG: XFILE::CPluginDirectory::StartScript - calling plugin Skin Helper Service Widgets('plugin://script.skin.helper.widgets/','34','?action=next&mediatype=episodes&reload=','resume:false')
22:25:42.672 T:21264 DEBUG: Thread LanguageInvoker start, auto delete: false
22:25:42.672 T:21264 INFO: initializing python engine.
22:25:42.672 T:21264 DEBUG: CPythonInvoker(50, C:\Users\PC Nice\AppData\Roaming\Kodi\addons\script.skin.helper.widgets\plugin.py): start processing
22:25:42.674 T:4028 INFO: Python interpreter stopped
22:25:42.674 T:4028 DEBUG: Thread LanguageInvoker 4028 terminating
22:25:42.686 T:21264 DEBUG: -->Python Interpreter Initialized<--
22:25:42.686 T:21264 DEBUG: CPythonInvoker(50, C:\Users\PC Nice\AppData\Roaming\Kodi\addons\script.skin.helper.widgets\plugin.py): the source file to load is "C:\Users\PC Nice\AppData\Roaming\Kodi\addons\script.skin.helper.widgets\plugin.py"
22:25:42.686 T:21264 DEBUG: CPythonInvoker(50, C:\Users\PC Nice\AppData\Roaming\Kodi\addons\script.skin.helper.widgets\plugin.py): setting the Python path to C:\Users\PC Nice\AppData\Roaming\Kodi\addons\script.skin.helper.widgets;C:\Users\PC Nice\AppData\Roaming\Kodi\addons\script.module.arrow\lib;C:\Users\PC Nice\AppData\Roaming\Kodi\addons\script.module.beautifulsoup\lib;C:\Users\PC Nice\AppData\Roaming\Kodi\addons\script.module.certifi\lib;C:\Users\PC Nice\AppData\Roaming\Kodi\addons\script.module.chardet\lib;C:\Users\PC Nice\AppData\Roaming\Kodi\addons\script.module.dateutil\lib;C:\Users\PC Nice\AppData\Roaming\Kodi\addons\script.module.idna\lib;C:\Users\PC Nice\AppData\Roaming\Kodi\addons\script.module.metadatautils\lib;C:\Users\PC Nice\AppData\Roaming\Kodi\addons\script.module.musicbrainz\lib;C:\Users\PC Nice\AppData\Roaming\Kodi\addons\script.module.requests\lib;C:\Users\PC Nice\AppData\Roaming\Kodi\addons\script.module.simplecache\lib;C:\Users\PC Nice\AppData\Roaming\Kodi\addons\script.module.simplejson\lib;C:\Users\PC Nice\AppData\Roaming\Kodi\addons\script.module.six\lib;C:\Users\PC Nice\AppData\Roaming\Kodi\addons\script.module.thetvdb\lib;C:\Users\PC Nice\AppData\Roaming\Kodi\addons\script.module.urllib3\lib;C:\Program Files\Kodi\system\python\DLLs;C:\Program Files\Kodi\system\python\Lib;C:\Program Files\Kodi\python27.zip;C:\Program Files\Kodi\system\python\lib\plat-win;C:\Program Files\Kodi\system\python\lib\lib-tk;C:\Program Files\Kodi;C:\Program Files\Kodi\system\python;C:\Program Files\Kodi\system\python\lib\site-packages
22:25:42.686 T:21264 DEBUG: CPythonInvoker(50, C:\Users\PC Nice\AppData\Roaming\Kodi\addons\script.skin.helper.widgets\plugin.py): entering source directory C:\Users\PC Nice\AppData\Roaming\Kodi\addons\script.skin.helper.widgets
22:25:42.686 T:21264 DEBUG: CPythonInvoker(50, C:\Users\PC Nice\AppData\Roaming\Kodi\addons\script.skin.helper.widgets\plugin.py): instantiating addon using automatically obtained id of "script.skin.helper.widgets" dependent on version 2.24.0 of the xbmc.python api
22:25:42.773 T:21020 DEBUG: CFileCache::Open - opening using cache
22:25:42.773 T:21416 DEBUG: Skin Helper Simplecache --> Closed
22:25:42.773 T:21416 DEBUG: script.module.metadatautils --> Exited
22:25:42.773 T:21416 DEBUG: Skin Helper Widgets --> MainModule exited
22:25:42.773 T:21416 INFO: CPythonInvoker(49, C:\Users\PC Nice\AppData\Roaming\Kodi\addons\script.skin.helper.widgets\plugin.py): script successfully run
22:25:42.773 T:21416 DEBUG: CPythonInvoker::onExecutionDone(49, C:\Users\PC Nice\AppData\Roaming\Kodi\addons\script.skin.helper.widgets\plugin.py)
22:25:42.775 T:21416 INFO: Python interpreter stopped
22:25:42.775 T:21416 DEBUG: Thread LanguageInvoker 21416 terminating
22:25:42.854 T:21336 DEBUG: Thread FileCache start, auto delete: false
22:25:42.858 T:21048 DEBUG: Previous line repeats 1 times.
22:25:42.858 T:21048 DEBUG: Thread Timer start, auto delete: false
22:25:42.859 T:21336 INFO: CFileCache::Process - Source read didn't return any data! Hit eof(?)
22:25:42.864 T:18940 INFO: Previous line repeats 1 times.
22:25:42.864 T:18940 DEBUG: ------ Window Init (DialogExtendedProgressBar.xml) ------
22:25:42.895 T:21264 DEBUG: CAddonSettings[script.module.metadatautils]: loading setting definitions
22:25:42.895 T:21264 DEBUG: CAddonSettings[script.module.metadatautils]: trying to load setting definitions from old format...
22:25:42.899 T:21264 DEBUG: Skin Helper Simplecache --> Initialized
22:25:42.899 T:21264 DEBUG: script.module.metadatautils --> Initialized
22:25:42.899 T:21264 DEBUG: CAddonSettings[script.skin.helper.widgets]: loading setting definitions
22:25:42.899 T:21264 DEBUG: CAddonSettings[script.skin.helper.widgets]: trying to load setting definitions from old format...
22:25:42.900 T:21264 DEBUG: CAddonSettings[script.skin.helper.widgets]: loading setting values
22:25:42.901 T:21264 DEBUG: Skin Helper Widgets --> MEDIATYPE: episodes - ACTION: next - PATH: None - TAG: None -- no cache, quering kodi api to get items - CHECKSUM:
22:25:42.907 T:21336 DEBUG: Thread FileCache 21336 terminating
22:25:42.908 T:10600 DEBUG: Thread FileCache 10600 terminating
22:25:42.908 T:7744 DEBUG: CFileCache::Open - opening using cache
22:25:42.908 T:21020 DEBUG: CFileCache::Open - opening using cache
22:25:42.909 T:21248 DEBUG: Thread FileCache start, auto delete: false
22:25:42.913 T:21248 DEBUG: Previous line repeats 1 times.
22:25:42.913 T:21248 INFO: CFileCache::Process - Source read didn't return any data! Hit eof(?)
22:25:42.926 T:8548 INFO: Previous line repeats 1 times.
22:25:42.926 T:8548 DEBUG: CAddonSettings[script.skinshortcuts]: loading setting definitions
22:25:42.926 T:8548 DEBUG: CAddonSettings[script.skinshortcuts]: trying to load setting definitions from old format...
22:25:42.926 T:8548 DEBUG: CAddonSettings[script.skinshortcuts]: loading setting definitions
22:25:42.926 T:8548 DEBUG: CAddonSettings[script.skinshortcuts]: trying to load setting definitions from old format...
22:25:42.938 T:21048 DEBUG: Thread Timer 21048 terminating
22:25:42.938 T:21296 DEBUG: Thread Timer start, auto delete: false
22:25:42.944 T:21296 DEBUG: Thread Timer 21296 terminating
22:25:42.944 T:21376 DEBUG: Thread Timer start, auto delete: false
22:25:42.949 T:21376 DEBUG: Thread Timer 21376 terminating
22:25:42.949 T:21064 DEBUG: Thread Timer start, auto delete: false
22:25:42.954 T:21064 DEBUG: Thread Timer 21064 terminating
22:25:42.954 T:6424 DEBUG: Thread Timer start, auto delete: false
22:25:42.960 T:6424 DEBUG: Thread Timer 6424 terminating
22:25:42.960 T:21356 DEBUG: Thread Timer start, auto delete: false
22:25:42.961 T:21248 DEBUG: Thread FileCache 21248 terminating
22:25:42.962 T:21384 DEBUG: Thread FileCache 21384 terminating
22:25:42.962 T:21324 DEBUG: DatabaseUtils::GetSortFieldList: unknown field 31
22:25:42.962 T:21020 DEBUG: CFileCache::Open - opening using cache
22:25:42.963 T:7744 DEBUG: CFileCache::Open - opening using cache
22:25:42.964 T:17220 DEBUG: Thread FileCache start, auto delete: false
22:25:42.966 T:17220 DEBUG: Previous line repeats 1 times.
22:25:42.966 T:17220 INFO: CFileCache::Process - Source read didn't return any data! Hit eof(?)
22:25:42.967 T:21356 INFO: Previous line repeats 1 times.
22:25:42.967 T:21356 DEBUG: Thread Timer 21356 terminating
22:25:42.967 T:20668 DEBUG: Thread Timer start, auto delete: false
22:25:43.016 T:17220 DEBUG: Thread FileCache 17220 terminating
22:25:43.016 T:21020 DEBUG: CFileCache::Open - opening using cache
22:25:43.017 T:21300 DEBUG: Thread FileCache 21300 terminating
22:25:43.017 T:7744 DEBUG: CFileCache::Open - opening using cache
22:25:43.017 T:19792 DEBUG: Thread FileCache start, auto delete: false
22:25:43.019 T:19792 DEBUG: Previous line repeats 1 times.
22:25:43.019 T:19792 INFO: CFileCache::Process - Source read didn't return any data! Hit eof(?)
22:25:43.040 T:8548 INFO: Previous line repeats 1 times.
22:25:43.040 T:8548 INFO: CPythonInvoker(48, C:\Users\PC Nice\AppData\Roaming\Kodi\addons\script.skinshortcuts\default.py): script successfully run
22:25:43.040 T:8548 DEBUG: CPythonInvoker::onExecutionDone(48, C:\Users\PC Nice\AppData\Roaming\Kodi\addons\script.skinshortcuts\default.py)
22:25:43.044 T:18940 INFO: Unloading old skin ...
22:25:43.051 T:18940 DEBUG: ------ Window Deinit (Home.xml) ------
22:25:43.051 T:18940 DEBUG: FreeVisualisation() done
22:25:43.054 T:18940 DEBUG: Previous line repeats 3 times.
22:25:43.054 T:18940 DEBUG: ------ Window Deinit () ------
22:25:43.054 T:18940 DEBUG: FreeVisualisation() done
22:25:43.058 T:18940 DEBUG: Previous line repeats 1 times.
22:25:43.058 T:18940 DEBUG: ------ Window Deinit (DialogExtendedProgressBar.xml) ------
22:25:43.069 T:19792 DEBUG: Thread FileCache 19792 terminating
22:25:43.069 T:21020 DEBUG: CFileCache::Open - opening using cache
22:25:43.070 T:13884 DEBUG: Thread FileCache 13884 terminating
22:25:43.070 T:7744 DEBUG: CFileCache::Open - opening using cache
22:25:43.071 T:4228 DEBUG: Thread FileCache start, auto delete: false
22:25:43.074 T:9468 DEBUG: Previous line repeats 1 times.
22:25:43.074 T:9468 INFO: CFileCache::Process - Source read didn't return any data! Hit eof(?)
22:25:43.077 T:8548 INFO: Previous line repeats 1 times.
22:25:43.077 T:8548 INFO: Python interpreter stopped
22:25:43.077 T:8548 DEBUG: Thread LanguageInvoker 8548 terminating
22:25:43.079 T:18940 NOTICE: load skin from: C:\Users\PC Nice\AppData\Roaming\Kodi\addons\skin.titan.leiabeta.bingie.mode (version: 0.1.3)
22:25:43.079 T:20668 DEBUG: Thread Timer 20668 terminating
22:25:43.086 T:18940 INFO: load fonts for skin...
22:25:43.087 T:18940 INFO: Loading skin includes from C:\Users\PC Nice\AppData\Roaming\Kodi\addons\skin.titan.leiabeta.bingie.mode\1080i\includes.xml
22:25:43.123 T:9468 DEBUG: Thread FileCache 9468 terminating
22:25:43.124 T:4228 DEBUG: Thread FileCache 4228 terminating
22:25:43.124 T:7744 DEBUG: CFileCache::Open - opening using cache
22:25:43.124 T:21020 DEBUG: CFileCache::Open - opening using cache
22:25:43.125 T:20544 DEBUG: Thread FileCache start, auto delete: false
22:25:43.127 T:20544 DEBUG: Previous line repeats 1 times.
22:25:43.127 T:20544 INFO: CFileCache::Process - Source read didn't return any data! Hit eof(?)
22:25:43.176 T:20544 INFO: Previous line repeats 1 times.
22:25:43.176 T:20544 DEBUG: Thread FileCache 20544 terminating
22:25:43.177 T:8712 DEBUG: Thread FileCache 8712 terminating
22:25:43.177 T:7744 DEBUG: CFileCache::Open - opening using cache
22:25:43.177 T:21020 DEBUG: CFileCache::Open - opening using cache
22:25:43.178 T:21132 DEBUG: Thread FileCache start, auto delete: false
22:25:43.180 T:21132 DEBUG: Previous line repeats 1 times.
22:25:43.180 T:21132 INFO: CFileCache::Process - Source read didn't return any data! Hit eof(?)
22:25:43.219 T:18940 INFO: Previous line repeats 1 times.
22:25:43.219 T:18940 INFO: Loading fonts from C:\Users\PC Nice\AppData\Roaming\Kodi\addons\skin.titan.leiabeta.bingie.mode\1080i\Font.xml
22:25:43.230 T:8336 DEBUG: Thread FileCache 8336 terminating
22:25:43.230 T:7744 DEBUG: CFileCache::Open - opening using cache
22:25:43.231 T:21132 DEBUG: Thread FileCache 21132 terminating
22:25:43.231 T:21020 DEBUG: CFileCache::Open - opening using cache
22:25:43.232 T:7324 DEBUG: Thread FileCache start, auto delete: false
22:25:43.234 T:7324 DEBUG: Previous line repeats 1 times.
22:25:43.234 T:7324 INFO: CFileCache::Process - Source read didn't return any data! Hit eof(?)
22:25:43.283 T:7324 INFO: Previous line repeats 1 times.
22:25:43.283 T:7324 DEBUG: Thread FileCache 7324 terminating
22:25:43.283 T:7744 DEBUG: CFileCache::Open - opening using cache
22:25:43.284 T:20944 DEBUG: Thread FileCache 20944 terminating
22:25:43.284 T:21024 DEBUG: Thread FileCache start, auto delete: false
22:25:43.284 T:21020 DEBUG: CFileCache::Open - opening using cache
22:25:43.286 T:7724 DEBUG: Thread FileCache start, auto delete: false
22:25:43.286 T:21024 INFO: CFileCache::Process - Source read didn't return any data! Hit eof(?)
22:25:43.288 T:18940 INFO: Previous line repeats 1 times.
22:25:43.288 T:18940 DEBUG: LocalizeStrings: loaded 483 strings from file C:\Users\PC Nice\AppData\Roaming\Kodi\addons\skin.titan.leiabeta.bingie.mode\language\resource.language.fr_fr\strings.po
22:25:43.289 T:18940 DEBUG: POParser: PO file has Win Style Line Endings. Converted in memory to Linux LF for file: C:\Users\PC Nice\AppData\Roaming\Kodi\addons\skin.titan.leiabeta.bingie.mode\language\resource.language.en_gb\strings.po
22:25:43.289 T:18940 DEBUG: LocalizeStrings: loaded 262 strings from file C:\Users\PC Nice\AppData\Roaming\Kodi\addons\skin.titan.leiabeta.bingie.mode\language\resource.language.en_gb\strings.po
22:25:43.289 T:18940 INFO: load new skin...
22:25:43.289 T:18940 INFO: Loading custom window XMLs from skin path C:\Users\PC Nice\AppData\Roaming\Kodi\addons\skin.titan.leiabeta.bingie.mode\1080i
22:25:43.291 T:18940 DEBUG: Load Skin XML: 2.32ms
22:25:43.291 T:18940 INFO: initialize new skin...
22:25:43.291 T:18940 DEBUG: guilib: Fill viewport on change for solving rendering passes
22:25:43.291 T:18940 INFO: Loading skin file: DialogBusy.xml, load type: LOAD_ON_GUI_INIT
22:25:43.292 T:18940 INFO: Loading skin file: Pointer.xml, load type: LOAD_ON_GUI_INIT
22:25:43.292 T:18940 DEBUG: CTextureBundleXBT::OpenBundle - Opened bundle C:\Users\PC Nice\AppData\Roaming\Kodi\addons\skin.titan.leiabeta.bingie.mode\media\Textures.xbt
22:25:43.292 T:18940 INFO: Loading skin file: DialogVolumeBar.xml, load type: LOAD_ON_GUI_INIT
22:25:43.296 T:18940 DEBUG: [Warning] CGUITextureManager::GetTexturePath: could not find texture '-'
22:25:43.296 T:18940 DEBUG: Previous line repeats 2 times.
22:25:43.296 T:18940 INFO: Loading skin file: DialogExtendedProgressBar.xml, load type: LOAD_ON_GUI_INIT
22:25:43.297 T:18940 DEBUG: [Warning] CGUITextureManager::GetTexturePath: could not find texture '-'
22:25:43.297 T:18940 DEBUG: Previous line repeats 4 times.
22:25:43.297 T:18940 INFO: Loading skin file: DialogSeekBar.xml, load type: LOAD_ON_GUI_INIT
22:25:43.299 T:18940 ERROR: Window Translator: Can't find window osdaudiodspsettings
22:25:43.303 T:18940 DEBUG: [Warning] CGUITextureManager::GetTexturePath: could not find texture '-'
22:25:43.303 T:18940 DEBUG: Previous line repeats 5 times.
22:25:43.303 T:18940 INFO: Loading skin file: DialogNotification.xml, load type: LOAD_ON_GUI_INIT
22:25:43.303 T:18940 INFO: Loading skin file: DialogBusy.xml, load type: LOAD_ON_GUI_INIT
22:25:43.304 T:18940 INFO: Loading skin file: Custom_FullscreenMusic.xml, load type: LOAD_ON_GUI_INIT
22:25:43.304 T:18940 INFO: Loading resource://resource.uisounds.kodi/sounds.xml
22:25:43.312 T:18940 INFO: skin loaded...
22:25:43.312 T:18940 DEBUG: Activating window ID: 10000
22:25:43.312 T:18940 DEBUG: ------ Window Init (Home.xml) ------
22:25:43.312 T:18940 INFO: Loading skin file: Home.xml, load type: KEEP_IN_MEMORY
22:25:43.335 T:21024 DEBUG: Thread FileCache 21024 terminating
22:25:43.336 T:7744 DEBUG: CFileCache::Open - opening using cache
22:25:43.336 T:20288 DEBUG: Thread FileCache start, auto delete: false
22:25:43.337 T:7724 DEBUG: Thread FileCache 7724 terminating
22:25:43.337 T:21020 DEBUG: CFileCache::Open - opening using cache
22:25:43.338 T:19676 DEBUG: Thread FileCache start, auto delete: false
22:25:43.339 T:20288 INFO: CFileCache::Process - Source read didn't return any data! Hit eof(?)
22:25:43.349 T:18940 INFO: Previous line repeats 1 times.
22:25:43.349 T:18940 WARNING: Trying to add unsupported control type 1
22:25:43.388 T:20288 WARNING: Previous line repeats 12 times.
22:25:43.388 T:20288 DEBUG: Thread FileCache 20288 terminating
22:25:43.389 T:7744 DEBUG: CFileCache::Open - opening using cache
22:25:43.390 T:21052 DEBUG: Thread FileCache start, auto delete: false
22:25:43.390 T:19676 DEBUG: Thread FileCache 19676 terminating
22:25:43.390 T:21020 DEBUG: CFileCache::Open - opening using cache
22:25:43.391 T:18940 WARNING: Trying to add unsupported control type 1
22:25:43.391 T:3996 DEBUG: Thread FileCache start, auto delete: false
22:25:43.391 T:21052 INFO: CFileCache::Process - Source read didn't return any data! Hit eof(?)
22:25:43.391 T:18940 WARNING: Trying to add unsupported control type 1
22:25:43.393 T:3996 INFO: CFileCache::Process - Source read didn't return any data! Hit eof(?)
22:25:43.396 T:18940 WARNING: Trying to add unsupported control type 1
22:25:43.403 T:18940 WARNING: Previous line repeats 3 times.
22:25:43.403 T:18940 DEBUG: [Warning] CGUITextureManager::GetTexturePath: could not find texture '-'
22:25:43.404 T:18940 DEBUG: Previous line repeats 6 times.
22:25:43.404 T:18940 DEBUG: CDirectoryProvider[]: refreshing..
22:25:43.404 T:18940 DEBUG: CDirectoryProvider[plugin://script.skin.helper.widgets/?action=recent&mediatype=movies&tag=&reload=]: refreshing..
22:25:43.404 T:18940 DEBUG: CDirectoryProvider[plugin://script.skin.helper.widgets/?action=inprogressandrecommended&mediatype=movies&tag=&reload=]: refreshing..
22:25:43.404 T:18940 DEBUG: CDirectoryProvider[plugin://script.skin.helper.widgets/?action=browsegenres&mediatype=movies&tag=&reload=]: refreshing..
22:25:43.404 T:18940 DEBUG: CDirectoryProvider[library://video/movies/sets.xml/]: refreshing..
22:25:43.404 T:18940 DEBUG: CDirectoryProvider[plugin://script.skin.helper.widgets/?action=recent&mediatype=tvshows&tag=&reload=]: refreshing..
22:25:43.404 T:18940 DEBUG: CDirectoryProvider[plugin://script.skin.helper.widgets/?action=inprogress&mediatype=tvshows&tag=&reload=]: refreshing..
22:25:43.405 T:18940 DEBUG: CDirectoryProvider[plugin://script.skin.helper.widgets/?action=browsegenres&mediatype=tvshows&tag=&reload=]: refreshing..
22:25:43.405 T:18940 DEBUG: CDirectoryProvider[plugin://script.skin.helper.widgets/?action=recent&mediatype=episodes&reload=]: refreshing..
22:25:43.407 T:20488 DEBUG: Thread LanguageInvoker start, auto delete: false
22:25:43.407 T:20488 INFO: initializing python engine.
22:25:43.407 T:20488 DEBUG: CPythonInvoker(51, C:\Users\PC Nice\AppData\Roaming\Kodi\addons\script.skinshortcuts\default.py): start processing
22:25:43.411 T:19188 DEBUG: [Warning] CGUITextureManager::GetTexturePath: could not find texture 'None'
22:25:43.412 T:18940 DEBUG: CDirectoryProvider[plugin://script.skin.helper.widgets/?action=random&mediatype=tvshows&reload=20190102212113]: refreshing..
22:25:43.420 T:20488 DEBUG: -->Python Interpreter Initialized<--
22:25:43.420 T:20488 DEBUG: CPythonInvoker(51, C:\Users\PC Nice\AppData\Roaming\Kodi\addons\script.skinshortcuts\default.py): the source file to load is "C:\Users\PC Nice\AppData\Roaming\Kodi\addons\script.skinshortcuts\default.py"
22:25:43.420 T:20488 DEBUG: CPythonInvoker(51, C:\Users\PC Nice\AppData\Roaming\Kodi\addons\script.skinshortcuts\default.py): setting the Python path to C:\Users\PC Nice\AppData\Roaming\Kodi\addons\script.skinshortcuts;C:\Users\PC Nice\AppData\Roaming\Kodi\addons\script.module.simplejson\lib;C:\Users\PC Nice\AppData\Roaming\Kodi\addons\script.module.unidecode\lib;C:\Program Files\Kodi\system\python\DLLs;C:\Program Files\Kodi\system\python\Lib;C:\Program Files\Kodi\python27.zip;C:\Program Files\Kodi\system\python\lib\plat-win;C:\Program Files\Kodi\system\python\lib\lib-tk;C:\Program Files\Kodi;C:\Program Files\Kodi\system\python;C:\Program Files\Kodi\system\python\lib\site-packages
22:25:43.420 T:20488 DEBUG: CPythonInvoker(51, C:\Users\PC Nice\AppData\Roaming\Kodi\addons\script.skinshortcuts\default.py): entering source directory C:\Users\PC Nice\AppData\Roaming\Kodi\addons\script.skinshortcuts
22:25:43.420 T:20488 DEBUG: CPythonInvoker(51, C:\Users\PC Nice\AppData\Roaming\Kodi\addons\script.skinshortcuts\default.py): instantiating addon using automatically obtained id of "script.skinshortcuts" dependent on version 2.20.0 of the xbmc.python api
22:25:43.431 T:18940 DEBUG: ------ Window Init () ------
22:25:43.438 T:5336 ERROR: NEWADDON Unknown Video Info Key "progress"
22:25:43.441 T:21052 DEBUG: Thread FileCache 21052 terminating
22:25:43.441 T:7744 DEBUG: CFileCache::Open - opening using cache
22:25:43.443 T:3996 DEBUG: Thread FileCache 3996 terminating
22:25:43.443 T:21472 DEBUG: Thread FileCache start, auto delete: false
22:25:43.443 T:21020 DEBUG: CFileCache::Open - opening using cache
22:25:43.444 T:15588 DEBUG: Thread FileCache start, auto delete: false
22:25:43.446 T:21472 INFO: CFileCache::Process - Source read didn't return any data! Hit eof(?)
22:25:43.453 T:19188 INFO: Previous line repeats 1 times.
22:25:43.453 T:19188 ERROR: XFILE::CDirectory::GetDirectory - Error getting C:\Users\PC Nice\AppData\Roaming\Kodi\addons\resource.images.busyspinners.basic\resources\netflix_origin\
22:25:43.453 T:19188 ERROR: XFILE::CDirectory::GetDirectory - Error getting special://home/addons/resource.images.busyspinners.basic/resources/netflix_origin/
22:25:43.477 T:20488 DEBUG: CAddonSettings[script.skinshortcuts]: loading setting definitions
22:25:43.477 T:20488 DEBUG: CAddonSettings[script.skinshortcuts]: trying to load setting definitions from old format...
22:25:43.479 T:20488 DEBUG: CAddonSettings[script.skinshortcuts]: loading setting definitions
22:25:43.479 T:20488 DEBUG: CAddonSettings[script.skinshortcuts]: trying to load setting definitions from old format...
22:25:43.484 T:20488 INFO: CPythonInvoker(51, C:\Users\PC Nice\AppData\Roaming\Kodi\addons\script.skinshortcuts\default.py): script successfully run
22:25:43.484 T:20488 DEBUG: CPythonInvoker::onExecutionDone(51, C:\Users\PC Nice\AppData\Roaming\Kodi\addons\script.skinshortcuts\default.py)
22:25:43.494 T:21472 DEBUG: Thread FileCache 21472 terminating
22:25:43.494 T:21124 DEBUG: Thread Timer start, auto delete: false
22:25:43.495 T:7744 DEBUG: CFileCache::Open - opening using cache
22:25:43.496 T:15588 DEBUG: Thread FileCache 15588 terminating
22:25:43.496 T:21468 DEBUG: Thread FileCache start, auto delete: false
22:25:43.497 T:21020 DEBUG: CFileCache::Open - opening using cache
22:25:43.499 T:20516 DEBUG: Thread FileCache start, auto delete: false
22:25:43.500 T:21468 INFO: CFileCache::Process - Source read didn't return any data! Hit eof(?)
22:25:43.501 T:21124 INFO: Previous line repeats 1 times.
22:25:43.501 T:21124 DEBUG: Thread Timer 21124 terminating
22:25:43.501 T:21352 DEBUG: Thread Timer start, auto delete: false
22:25:43.513 T:20488 INFO: Python interpreter stopped
22:25:43.513 T:20488 DEBUG: Thread LanguageInvoker 20488 terminating
22:25:43.537 T:21264 DEBUG: Skin Helper Simplecache --> Closed
22:25:43.537 T:21264 DEBUG: script.module.metadatautils --> Exited
22:25:43.537 T:21264 DEBUG: Skin Helper Widgets --> MainModule exited
22:25:43.537 T:21264 INFO: CPythonInvoker(50, C:\Users\PC Nice\AppData\Roaming\Kodi\addons\script.skin.helper.widgets\plugin.py): script successfully run
22:25:43.537 T:21264 DEBUG: CPythonInvoker::onExecutionDone(50, C:\Users\PC Nice\AppData\Roaming\Kodi\addons\script.skin.helper.widgets\plugin.py)
22:25:43.537 T:17956 DEBUG: CFileCache::Open - opening using cache
22:25:43.539 T:21264 INFO: Python interpreter stopped
22:25:43.540 T:21264 DEBUG: Thread LanguageInvoker 21264 terminating
22:25:43.548 T:21468 DEBUG: Thread FileCache 21468 terminating
22:25:43.552 T:20516 DEBUG: Thread FileCache 20516 terminating
22:25:43.558 T:7744 DEBUG: CFileCache::Open - opening using cache
22:25:43.558 T:21020 DEBUG: CFileCache::Open - opening using cache
22:25:43.558 T:10740 DEBUG: Thread FileCache start, auto delete: false
22:25:43.564 T:10740 DEBUG: Previous line repeats 2 times.
22:25:43.564 T:10740 INFO: CFileCache::Process - Source read didn't return any data! Hit eof(?)
22:25:43.612 T:10740 INFO: Previous line repeats 2 times.
22:25:43.612 T:10740 DEBUG: Thread FileCache 10740 terminating
22:25:43.612 T:21292 DEBUG: Thread FileCache 21292 terminating
22:25:43.614 T:21452 DEBUG: Thread FileCache 21452 terminating
22:25:43.614 T:21020 DEBUG: CFileCache::Open - opening using cache
22:25:43.614 T:7744 DEBUG: CFileCache::Open - opening using cache
22:25:43.615 T:17956 DEBUG: XFILE::CPluginDirectory::StartScript - calling plugin Skin Helper Service Widgets('plugin://script.skin.helper.widgets/','35','?action=recent&mediatype=movies&tag=&reload=','resume:false')
22:25:43.615 T:16644 DEBUG: Thread FileCache start, auto delete: false
22:25:43.615 T:10684 DEBUG: Thread LanguageInvoker start, auto delete: false
22:25:43.615 T:10684 INFO: initializing python engine.
22:25:43.615 T:10684 DEBUG: CPythonInvoker(52, C:\Users\PC Nice\AppData\Roaming\Kodi\addons\script.skin.helper.widgets\plugin.py): start processing
22:25:43.615 T:5364 DEBUG: Thread FileCache start, auto delete: false
22:25:43.617 T:16644 INFO: CFileCache::Process - Source read didn't return any data! Hit eof(?)
22:25:43.626 T:10684 INFO: Previous line repeats 1 times.
22:25:43.626 T:10684 DEBUG: -->Python Interpreter Initialized<--
22:25:43.626 T:10684 DEBUG: CPythonInvoker(52, C:\Users\PC Nice\AppData\Roaming\Kodi\addons\script.skin.helper.widgets\plugin.py): the source file to load is "C:\Users\PC Nice\AppData\Roaming\Kodi\addons\script.skin.helper.widgets\plugin.py"
22:25:43.626 T:10684 DEBUG: CPythonInvoker(52, C:\Users\PC Nice\AppData\Roaming\Kodi\addons\script.skin.helper.widgets\plugin.py): setting the Python path to C:\Users\PC Nice\AppData\Roaming\Kodi\addons\script.skin.helper.widgets;C:\Users\PC Nice\AppData\Roaming\Kodi\addons\script.module.arrow\lib;C:\Users\PC Nice\AppData\Roaming\Kodi\addons\script.module.beautifulsoup\lib;C:\Users\PC Nice\AppData\Roaming\Kodi\addons\script.module.certifi\lib;C:\Users\PC Nice\AppData\Roaming\Kodi\addons\script.module.chardet\lib;C:\Users\PC Nice\AppData\Roaming\Kodi\addons\script.module.dateutil\lib;C:\Users\PC Nice\AppData\Roaming\Kodi\addons\script.module.idna\lib;C:\Users\PC Nice\AppData\Roaming\Kodi\addons\script.module.metadatautils\lib;C:\Users\PC Nice\AppData\Roaming\Kodi\addons\script.module.musicbrainz\lib;C:\Users\PC Nice\AppData\Roaming\Kodi\addons\script.module.requests\lib;C:\Users\PC Nice\AppData\Roaming\Kodi\addons\script.module.simplecache\lib;C:\Users\PC Nice\AppData\Roaming\Kodi\addons\script.module.simplejson\lib;C:\Users\PC Nice\AppData\Roaming\Kodi\addons\script.module.six\lib;C:\Users\PC Nice\AppData\Roaming\Kodi\addons\script.module.thetvdb\lib;C:\Users\PC Nice\AppData\Roaming\Kodi\addons\script.module.urllib3\lib;C:\Program Files\Kodi\system\python\DLLs;C:\Program Files\Kodi\system\python\Lib;C:\Program Files\Kodi\python27.zip;C:\Program Files\Kodi\system\python\lib\plat-win;C:\Program Files\Kodi\system\python\lib\lib-tk;C:\Program Files\Kodi;C:\Program Files\Kodi\system\python;C:\Program Files\Kodi\system\python\lib\site-packages
22:25:43.626 T:10684 DEBUG: CPythonInvoker(52, C:\Users\PC Nice\AppData\Roaming\Kodi\addons\script.skin.helper.widgets\plugin.py): entering source directory C:\Users\PC Nice\AppData\Roaming\Kodi\addons\script.skin.helper.widgets
22:25:43.627 T:10684 DEBUG: CPythonInvoker(52, C:\Users\PC Nice\AppData\Roaming\Kodi\addons\script.skin.helper.widgets\plugin.py): instantiating addon using automatically obtained id of "script.skin.helper.widgets" dependent on version 2.24.0 of the xbmc.python api
22:25:43.666 T:16644 DEBUG: Thread FileCache 16644 terminating
22:25:43.667 T:7744 DEBUG: CFileCache::Open - opening using cache
22:25:43.668 T:5364 DEBUG: Thread FileCache 5364 terminating
22:25:43.668 T:20512 DEBUG: Thread FileCache start, auto delete: false
22:25:43.668 T:21020 DEBUG: CFileCache::Open - opening using cache
22:25:43.669 T:1304 DEBUG: Thread FileCache start, auto delete: false
22:25:43.670 T:20512 INFO: CFileCache::Process - Source read didn't return any data! Hit eof(?)
22:25:43.719 T:20512 INFO: Previous line repeats 1 times.
22:25:43.719 T:20512 DEBUG: Thread FileCache 20512 terminating
22:25:43.720 T:7744 DEBUG: CFileCache::Open - opening using cache
22:25:43.722 T:1304 DEBUG: Thread FileCache 1304 terminating
22:25:43.722 T:21160 DEBUG: Thread FileCache start, auto delete: false
22:25:43.722 T:21020 DEBUG: CFileCache::Open - opening using cache
22:25:43.724 T:12544 DEBUG: Thread FileCache start, auto delete: false
22:25:43.726 T:21160 INFO: CFileCache::Process - Source read didn't return any data! Hit eof(?)
22:25:43.774 T:21160 INFO: Previous line repeats 1 times.
22:25:43.774 T:21160 DEBUG: Thread FileCache 21160 terminating
22:25:43.774 T:7744 DEBUG: CFileCache::Open - opening using cache
22:25:43.775 T:16312 DEBUG: Thread FileCache start, auto delete: false
22:25:43.776 T:16312 INFO: CFileCache::Process - Source read didn't return any data! Hit eof(?)
22:25:43.777 T:12544 DEBUG: Thread FileCache 12544 terminating
22:25:43.777 T:21020 DEBUG: CFileCache::Open - opening using cache
22:25:43.778 T:15608 DEBUG: Thread FileCache start, auto delete: false
22:25:43.778 T:10684 DEBUG: CAddonSettings[script.module.metadatautils]: loading setting definitions
22:25:43.778 T:10684 DEBUG: CAddonSettings[script.module.metadatautils]: trying to load setting definitions from old format...
