22:31:20.962 T:21384 DEBUG: ffmpeg[5388]: [swscaler] No accelerated colorspace conversion found from yuv420p to bgra.
22:31:20.964 T:21384 ERROR: CImageLoader::DoWork - Direct texture file loading failed for special://masterprofile/Thumbnails/9/9c2708cc.jpg
22:31:20.968 T:12644 DEBUG: CCurlFile::GetMimeType - http://image.tmdb.org/t/p/original/mzJFbiI92GerKyO9qF2lbuSgEC1.jpg -> image/jpeg
22:31:20.968 T:12644 DEBUG: CurlFile::Open(0x1bf4e2c0) http://image.tmdb.org/t/p/original/mzJFbiI92GerKyO9qF2lbuSgEC1.jpg
22:31:21.013 T:12644 DEBUG: ffmpeg[3164]: [swscaler] No accelerated colorspace conversion found from yuv420p to bgra.
22:31:21.019 T:12644 DEBUG: Caching image 'http://image.tmdb.org/t/p/original/mzJFbiI92GerKyO9qF2lbuSgEC1.jpg' to 'f/f504f20d.jpg':
22:31:21.037 T:12644 DEBUG: cached image 'special://masterprofile/Thumbnails/f/f504f20d.jpg' size 480x720
22:31:21.078 T:12644 DEBUG: ffmpeg[3164]: [swscaler] No accelerated colorspace conversion found from yuv420p to bgra.
22:31:21.080 T:12644 ERROR: CImageLoader::DoWork - Direct texture file loading failed for special://masterprofile/Thumbnails/d/dcc5aee0.jpg
22:31:21.118 T:12644 DEBUG: CCurlFile::GetMimeType - http://image.tmdb.org/t/p/original/s0QwEei3kVQh8HfOtrfynB8xJB7.jpg -> image/jpeg
22:31:21.118 T:12644 DEBUG: CurlFile::Open(0x1bf4e2c0) http://image.tmdb.org/t/p/original/s0QwEei3kVQh8HfOtrfynB8xJB7.jpg
22:31:21.146 T:12644 DEBUG: ffmpeg[3164]: [swscaler] No accelerated colorspace conversion found from yuv420p to bgra.
22:31:21.149 T:12644 DEBUG: Caching image 'http://image.tmdb.org/t/p/original/s0QwEei3kVQh8HfOtrfynB8xJB7.jpg' to 'd/dcc5aee0.jpg':
22:31:21.160 T:12644 DEBUG: cached image 'special://masterprofile/Thumbnails/d/dcc5aee0.jpg' size 540x720
22:31:21.203 T:12644 ERROR: CImageLoader::DoWork - Direct texture file loading failed for special://masterprofile/Thumbnails/0/07dbcf5a.jpg
22:31:21.211 T:18940 DEBUG: Keyboard: scancode: 0x50, sym: 0x0112, unicode: 0x0000, modifier: 0x0
22:31:21.212 T:18940 DEBUG: CInputManager::HandleKey: down (0xf081) pressed, action is Down
22:31:21.325 T:20484 DEBUG: CCurlFile::GetMimeType - http://image.tmdb.org/t/p/original/ujWSS3go7gHaVyANo8uuRaINmfF.jpg -> image/jpeg
22:31:21.325 T:20484 DEBUG: CurlFile::Open(0x1bf4f980) http://image.tmdb.org/t/p/original/ujWSS3go7gHaVyANo8uuRaINmfF.jpg
22:31:21.343 T:20484 DEBUG: ffmpeg[5004]: [swscaler] No accelerated colorspace conversion found from yuv420p to bgra.
22:31:21.345 T:20484 DEBUG: Caching image 'http://image.tmdb.org/t/p/original/ujWSS3go7gHaVyANo8uuRaINmfF.jpg' to 'a/aad91ff4.jpg':
22:31:21.345 T:18940 DEBUG: Keyboard: scancode: 0x50, sym: 0x0112, unicode: 0x0000, modifier: 0x0
22:31:21.354 T:20484 DEBUG: cached image 'special://masterprofile/Thumbnails/a/aad91ff4.jpg' size 540x720
22:31:21.394 T:20484 ERROR: CImageLoader::DoWork - Direct texture file loading failed for special://masterprofile/Thumbnails/1/12c9fe64.jpg
22:31:21.428 T:18940 DEBUG: Keyboard: scancode: 0x50, sym: 0x0112, unicode: 0x0000, modifier: 0x0
22:31:21.428 T:18940 DEBUG: CInputManager::HandleKey: down (0xf081) pressed, action is Down
22:31:21.458 T:20484 DEBUG: CCurlFile::GetMimeType - http://image.tmdb.org/t/p/original/4jJhKvf9zyZNoYMu6MEMzJAzSBf.jpg -> image/jpeg
22:31:21.458 T:20484 DEBUG: CurlFile::Open(0x1bf4d5c0) http://image.tmdb.org/t/p/original/4jJhKvf9zyZNoYMu6MEMzJAzSBf.jpg
22:31:21.495 T:20484 DEBUG: Caching image 'http://image.tmdb.org/t/p/original/4jJhKvf9zyZNoYMu6MEMzJAzSBf.jpg' to '1/12c9fe64.jpg':
22:31:21.503 T:20484 DEBUG: cached image 'special://masterprofile/Thumbnails/1/12c9fe64.jpg' size 480x720
22:31:21.545 T:20484 ERROR: CImageLoader::DoWork - Direct texture file loading failed for special://masterprofile/Thumbnails/8/829434b5.jpg
22:31:21.562 T:18940 DEBUG: Keyboard: scancode: 0x50, sym: 0x0112, unicode: 0x0000, modifier: 0x0
22:31:21.589 T:19752 DEBUG: CCurlFile::GetMimeType - http://image.tmdb.org/t/p/original/ztriqXVIPRodFrQRycwIynvoWw4.jpg -> image/jpeg
22:31:21.589 T:19752 DEBUG: CurlFile::Open(0x1bf4d5c0) http://image.tmdb.org/t/p/original/ztriqXVIPRodFrQRycwIynvoWw4.jpg
22:31:21.598 T:21384 DEBUG: CCurlFile::GetMimeType - http://image.tmdb.org/t/p/original/yCX1mgfcejRgRbLdwlnFErLDrrX.jpg -> image/jpeg
22:31:21.598 T:21384 DEBUG: CurlFile::Open(0x1bf4df80) http://image.tmdb.org/t/p/original/yCX1mgfcejRgRbLdwlnFErLDrrX.jpg
22:31:21.624 T:19752 DEBUG: ffmpeg[4D28]: [swscaler] No accelerated colorspace conversion found from yuv420p to bgra.
22:31:21.625 T:19752 DEBUG: Caching image 'http://image.tmdb.org/t/p/original/ztriqXVIPRodFrQRycwIynvoWw4.jpg' to '2/2dcdd99b.jpg':
22:31:21.631 T:21384 DEBUG: ffmpeg[5388]: [swscaler] No accelerated colorspace conversion found from yuv420p to bgra.
22:31:21.635 T:21384 DEBUG: Caching image 'http://image.tmdb.org/t/p/original/yCX1mgfcejRgRbLdwlnFErLDrrX.jpg' to '9/9c2708cc.jpg':
22:31:21.636 T:19752 DEBUG: cached image 'special://masterprofile/Thumbnails/2/2dcdd99b.jpg' size 540x720
22:31:21.645 T:18940 DEBUG: Keyboard: scancode: 0x50, sym: 0x0112, unicode: 0x0000, modifier: 0x0
22:31:21.645 T:18940 DEBUG: CInputManager::HandleKey: down (0xf081) pressed, action is Down
22:31:21.656 T:21384 DEBUG: cached image 'special://masterprofile/Thumbnails/9/9c2708cc.jpg' size 480x720
22:31:21.687 T:19260 NOTICE: script.module.metadatautils --> Rate limiter active for themoviedb.org - delaying request with 4 seconds - Configure a personal API key in the settings to get rid of this message and the delay.
22:31:21.688 T:20676 NOTICE: script.module.metadatautils --> Rate limiter active for omdbapi.com - delaying request with 2 seconds - Configure a personal API key in the settings to get rid of this message and the delay.
22:31:21.716 T:19752 ERROR: CImageLoader::DoWork - Direct texture file loading failed for special://masterprofile/Thumbnails/8/8949bae4.jpg
22:31:21.720 T:21384 DEBUG: ffmpeg[5388]: [swscaler] No accelerated colorspace conversion found from yuv420p to bgra.
22:31:21.721 T:21384 ERROR: CImageLoader::DoWork - Direct texture file loading failed for special://masterprofile/Thumbnails/9/9405d8a9.jpg
22:31:21.754 T:19752 DEBUG: CCurlFile::GetMimeType - http://image.tmdb.org/t/p/original/4PlYwKSqsjKFr4hjh61KukRIRvy.jpg -> image/jpeg
22:31:21.754 T:19752 DEBUG: CurlFile::Open(0x1bf4d5c0) http://image.tmdb.org/t/p/original/4PlYwKSqsjKFr4hjh61KukRIRvy.jpg
22:31:21.795 T:18940 DEBUG: Keyboard: scancode: 0x50, sym: 0x0112, unicode: 0x0000, modifier: 0x0
22:31:21.799 T:19752 DEBUG: ffmpeg[4D28]: [swscaler] No accelerated colorspace conversion found from yuv420p to bgra.
22:31:21.805 T:19752 DEBUG: Caching image 'http://image.tmdb.org/t/p/original/4PlYwKSqsjKFr4hjh61KukRIRvy.jpg' to '8/8949bae4.jpg':
22:31:21.823 T:19752 DEBUG: cached image 'special://masterprofile/Thumbnails/8/8949bae4.jpg' size 480x720
22:31:21.858 T:19752 ERROR: CImageLoader::DoWork - Direct texture file loading failed for special://masterprofile/Thumbnails/2/26c8b4b6.jpg
22:31:21.884 T:12644 DEBUG: CCurlFile::GetMimeType - http://image.tmdb.org/t/p/original/RTnEi2qKVEIpo23hJNcxq3dk9.jpg -> image/jpeg
22:31:21.885 T:12644 DEBUG: CurlFile::Open(0x1bf4fcc0) http://image.tmdb.org/t/p/original/RTnEi2qKVEIpo23hJNcxq3dk9.jpg
22:31:21.912 T:12644 DEBUG: ffmpeg[3164]: [swscaler] No accelerated colorspace conversion found from yuv420p to bgra.
22:31:21.916 T:12644 DEBUG: Caching image 'http://image.tmdb.org/t/p/original/RTnEi2qKVEIpo23hJNcxq3dk9.jpg' to '0/07dbcf5a.jpg':
22:31:21.929 T:12644 DEBUG: cached image 'special://masterprofile/Thumbnails/0/07dbcf5a.jpg' size 480x720
22:31:21.966 T:12644 ERROR: CImageLoader::DoWork - Direct texture file loading failed for special://masterprofile/Thumbnails/1/15d535e3.jpg
22:31:21.996 T:12644 DEBUG: CCurlFile::GetMimeType - http://image.tmdb.org/t/p/original/p3Lo5mBJgKIXdaX91sfXeCI9BqY.jpg -> image/jpeg
22:31:21.996 T:12644 DEBUG: CurlFile::Open(0x1bf4d5c0) http://image.tmdb.org/t/p/original/p3Lo5mBJgKIXdaX91sfXeCI9BqY.jpg
22:31:22.018 T:12668 DEBUG: CWebServer[8080]: request received for /jsonrpc
22:31:22.069 T:12644 DEBUG: Previous line repeats 1 times.
22:31:22.069 T:12644 DEBUG: ffmpeg[3164]: [swscaler] No accelerated colorspace conversion found from yuv420p to bgra.
22:31:22.082 T:12644 DEBUG: Caching image 'http://image.tmdb.org/t/p/original/p3Lo5mBJgKIXdaX91sfXeCI9BqY.jpg' to '1/15d535e3.jpg':
22:31:22.115 T:12644 DEBUG: cached image 'special://masterprofile/Thumbnails/1/15d535e3.jpg' size 480x720
22:31:22.155 T:12644 ERROR: CImageLoader::DoWork - Direct texture file loading failed for special://masterprofile/Thumbnails/0/093c5537.jpg
22:31:22.236 T:20484 DEBUG: CCurlFile::GetMimeType - http://image.tmdb.org/t/p/original/8q6IXh2mS8Hg76eQriSCkTMEPQE.jpg -> image/jpeg
22:31:22.236 T:20484 DEBUG: CurlFile::Open(0x1bf4df80) http://image.tmdb.org/t/p/original/8q6IXh2mS8Hg76eQriSCkTMEPQE.jpg
22:31:22.262 T:18940 DEBUG: Keyboard: scancode: 0x48, sym: 0x0111, unicode: 0x0000, modifier: 0x0
22:31:22.262 T:18940 DEBUG: CInputManager::HandleKey: up (0xf080) pressed, action is Up
22:31:22.275 T:20484 DEBUG: ffmpeg[5004]: [swscaler] No accelerated colorspace conversion found from yuv420p to bgra.
22:31:22.282 T:20484 DEBUG: Caching image 'http://image.tmdb.org/t/p/original/8q6IXh2mS8Hg76eQriSCkTMEPQE.jpg' to '8/829434b5.jpg':
22:31:22.294 T:21384 DEBUG: CCurlFile::GetMimeType - http://image.tmdb.org/t/p/original/deQZ3tlbz6j711MDTribfGku8yZ.jpg -> image/jpeg
22:31:22.294 T:21384 DEBUG: CurlFile::Open(0x1bf4d5c0) http://image.tmdb.org/t/p/original/deQZ3tlbz6j711MDTribfGku8yZ.jpg
22:31:22.302 T:20484 DEBUG: cached image 'special://masterprofile/Thumbnails/8/829434b5.jpg' size 508x720
22:31:22.313 T:21384 DEBUG: ffmpeg[5388]: [swscaler] No accelerated colorspace conversion found from yuv420p to bgra.
22:31:22.314 T:21384 DEBUG: Caching image 'http://image.tmdb.org/t/p/original/deQZ3tlbz6j711MDTribfGku8yZ.jpg' to '9/9405d8a9.jpg':
22:31:22.322 T:21384 DEBUG: cached image 'special://masterprofile/Thumbnails/9/9405d8a9.jpg' size 480x720
22:31:22.376 T:20484 ERROR: CImageLoader::DoWork - Direct texture file loading failed for special://masterprofile/Thumbnails/b/be6f55f8.jpg
22:31:22.378 T:18940 DEBUG: Keyboard: scancode: 0x48, sym: 0x0111, unicode: 0x0000, modifier: 0x0
22:31:22.383 T:21384 DEBUG: ffmpeg[5388]: [swscaler] No accelerated colorspace conversion found from yuv420p to bgra.
22:31:22.389 T:21384 DEBUG: Previous line repeats 2 times.
22:31:22.389 T:21384 ERROR: CImageLoader::DoWork - Direct texture file loading failed for special://masterprofile/Thumbnails/b/b74e14e5.jpg
22:31:22.400 T:12644 DEBUG: CCurlFile::GetMimeType - http://image.tmdb.org/t/p/original/iBEKglz3fAaNy3UaQrNi2bGzvFS.jpg -> image/jpeg
22:31:22.401 T:12644 DEBUG: CurlFile::Open(0x1bf4f640) http://image.tmdb.org/t/p/original/iBEKglz3fAaNy3UaQrNi2bGzvFS.jpg
22:31:22.429 T:12644 DEBUG: Caching image 'http://image.tmdb.org/t/p/original/iBEKglz3fAaNy3UaQrNi2bGzvFS.jpg' to '0/093c5537.jpg':
22:31:22.437 T:12644 DEBUG: cached image 'special://masterprofile/Thumbnails/0/093c5537.jpg' size 542x720
22:31:22.474 T:12644 ERROR: CImageLoader::DoWork - Direct texture file loading failed for special://masterprofile/Thumbnails/0/02cd62a1.jpg
22:31:22.505 T:12644 DEBUG: CCurlFile::GetMimeType - http://image.tmdb.org/t/p/original/eRdjwL4w0RljQramEqBzHSA1wN1.jpg -> image/jpeg
22:31:22.505 T:12644 DEBUG: CurlFile::Open(0x1bf4e2c0) http://image.tmdb.org/t/p/original/eRdjwL4w0RljQramEqBzHSA1wN1.jpg
22:31:22.533 T:12644 DEBUG: ffmpeg[3164]: [swscaler] No accelerated colorspace conversion found from yuv420p to bgra.
22:31:22.534 T:12644 DEBUG: Caching image 'http://image.tmdb.org/t/p/original/eRdjwL4w0RljQramEqBzHSA1wN1.jpg' to '0/02cd62a1.jpg':
22:31:22.541 T:12644 DEBUG: cached image 'special://masterprofile/Thumbnails/0/02cd62a1.jpg' size 480x720
22:31:22.576 T:12644 ERROR: CImageLoader::DoWork - Direct texture file loading failed for special://masterprofile/Thumbnails/d/d30e1699.jpg
22:31:22.606 T:12644 DEBUG: CCurlFile::GetMimeType - http://image.tmdb.org/t/p/original/mCO243MBb9A01pXVZh84kBsh9RH.jpg -> image/jpeg
22:31:22.606 T:12644 DEBUG: CurlFile::Open(0x1bf4e2c0) http://image.tmdb.org/t/p/original/mCO243MBb9A01pXVZh84kBsh9RH.jpg
22:31:22.656 T:12644 DEBUG: ffmpeg[3164]: [swscaler] No accelerated colorspace conversion found from yuv420p to bgra.
22:31:22.664 T:12644 DEBUG: Caching image 'http://image.tmdb.org/t/p/original/mCO243MBb9A01pXVZh84kBsh9RH.jpg' to 'd/d30e1699.jpg':
22:31:22.686 T:12644 DEBUG: cached image 'special://masterprofile/Thumbnails/d/d30e1699.jpg' size 480x720
22:31:22.722 T:12644 ERROR: CImageLoader::DoWork - Direct texture file loading failed for special://masterprofile/Thumbnails/7/74dba079.jpg
22:31:22.734 T:19752 DEBUG: CCurlFile::GetMimeType - http://image.tmdb.org/t/p/original/uVES98jNF9GBxYavejb25EB6UJB.jpg -> image/jpeg
22:31:22.734 T:19752 DEBUG: CurlFile::Open(0x1bf4f640) http://image.tmdb.org/t/p/original/uVES98jNF9GBxYavejb25EB6UJB.jpg
22:31:22.745 T:18940 DEBUG: Keyboard: scancode: 0x4b, sym: 0x0114, unicode: 0x0000, modifier: 0x0
22:31:22.745 T:18940 DEBUG: CInputManager::HandleKey: left (0xf082) pressed, action is Left
22:31:22.765 T:3012 NOTICE: script.module.metadatautils --> Rate limiter active for omdbapi.com - delaying request with 2 seconds - Configure a personal API key in the settings to get rid of this message and the delay.
22:31:22.793 T:19752 DEBUG: Caching image 'http://image.tmdb.org/t/p/original/uVES98jNF9GBxYavejb25EB6UJB.jpg' to '2/26c8b4b6.jpg':
22:31:22.808 T:19752 DEBUG: cached image 'special://masterprofile/Thumbnails/2/26c8b4b6.jpg' size 528x720
22:31:22.855 T:19752 DEBUG: ffmpeg[4D28]: [swscaler] No accelerated colorspace conversion found from yuv420p to bgra.
22:31:22.856 T:19752 ERROR: CImageLoader::DoWork - Direct texture file loading failed for special://masterprofile/Thumbnails/d/d0757fd2.jpg
22:31:22.891 T:19752 DEBUG: CCurlFile::GetMimeType - http://image.tmdb.org/t/p/original/vGUY5CjK3Prwo62gML99Qk4Wyen.jpg -> image/jpeg
22:31:22.891 T:19752 DEBUG: CurlFile::Open(0x1bf4f640) http://image.tmdb.org/t/p/original/vGUY5CjK3Prwo62gML99Qk4Wyen.jpg
22:31:22.912 T:18940 DEBUG: Keyboard: scancode: 0x4b, sym: 0x0114, unicode: 0x0000, modifier: 0x0
22:31:22.959 T:19752 DEBUG: ffmpeg[4D28]: [swscaler] No accelerated colorspace conversion found from yuv420p to bgra.
22:31:22.965 T:19752 DEBUG: Caching image 'http://image.tmdb.org/t/p/original/vGUY5CjK3Prwo62gML99Qk4Wyen.jpg' to 'd/d0757fd2.jpg':
22:31:22.984 T:19752 DEBUG: cached image 'special://masterprofile/Thumbnails/d/d0757fd2.jpg' size 480x720
22:31:23.024 T:19752 ERROR: CImageLoader::DoWork - Direct texture file loading failed for special://masterprofile/Thumbnails/d/d83a4dc5.jpg
22:31:23.027 T:20484 DEBUG: CCurlFile::GetMimeType - http://image.tmdb.org/t/p/original/qkgnK7CcefeqIThLyNjQasANGRt.jpg -> image/jpeg
22:31:23.027 T:20484 DEBUG: CurlFile::Open(0x1bf4df80) http://image.tmdb.org/t/p/original/qkgnK7CcefeqIThLyNjQasANGRt.jpg
22:31:23.051 T:20484 DEBUG: ffmpeg[5004]: [swscaler] No accelerated colorspace conversion found from yuv420p to bgra.
22:31:23.054 T:20484 DEBUG: Caching image 'http://image.tmdb.org/t/p/original/qkgnK7CcefeqIThLyNjQasANGRt.jpg' to 'b/be6f55f8.jpg':
22:31:23.063 T:19752 DEBUG: CCurlFile::GetMimeType - http://image.tmdb.org/t/p/original/4V52bmZg4tR96hiuNX3r5h08GvN.jpg -> image/jpeg
22:31:23.063 T:19752 DEBUG: CurlFile::Open(0x1bf4d5c0) http://image.tmdb.org/t/p/original/4V52bmZg4tR96hiuNX3r5h08GvN.jpg
22:31:23.068 T:20484 DEBUG: cached image 'special://masterprofile/Thumbnails/b/be6f55f8.jpg' size 480x720
22:31:23.114 T:20484 ERROR: CImageLoader::DoWork - Direct texture file loading failed for special://masterprofile/Thumbnails/b/b858ad17.jpg
22:31:23.115 T:19752 DEBUG: ffmpeg[4D28]: [swscaler] No accelerated colorspace conversion found from yuv420p to bgra.
22:31:23.121 T:19752 DEBUG: Caching image 'http://image.tmdb.org/t/p/original/4V52bmZg4tR96hiuNX3r5h08GvN.jpg' to 'd/d83a4dc5.jpg':
22:31:23.141 T:19752 DEBUG: cached image 'special://masterprofile/Thumbnails/d/d83a4dc5.jpg' size 480x720
22:31:23.149 T:20484 DEBUG: CCurlFile::GetMimeType - http://image.tmdb.org/t/p/original/qWVaiM4OuKcZhr0IWqp87ukw1Dr.jpg -> image/jpeg
22:31:23.149 T:20484 DEBUG: CurlFile::Open(0x1bf4d5c0) http://image.tmdb.org/t/p/original/qWVaiM4OuKcZhr0IWqp87ukw1Dr.jpg
22:31:23.176 T:20484 DEBUG: ffmpeg[5004]: [swscaler] No accelerated colorspace conversion found from yuv420p to bgra.
22:31:23.177 T:19752 ERROR: CImageLoader::DoWork - Direct texture file loading failed for special://masterprofile/Thumbnails/3/395af551.jpg
22:31:23.180 T:20484 DEBUG: Caching image 'http://image.tmdb.org/t/p/original/qWVaiM4OuKcZhr0IWqp87ukw1Dr.jpg' to 'b/b858ad17.jpg':
22:31:23.194 T:20484 DEBUG: cached image 'special://masterprofile/Thumbnails/b/b858ad17.jpg' size 480x720
22:31:23.233 T:20484 ERROR: CImageLoader::DoWork - Direct texture file loading failed for special://masterprofile/Thumbnails/5/5ecfcfdb.jpg
22:31:23.264 T:20484 DEBUG: CCurlFile::GetMimeType - http://image.tmdb.org/t/p/original/oz1Qz9meei4QqUk9pGcv4XW0Mhf.jpg -> image/jpeg
22:31:23.264 T:20484 DEBUG: CurlFile::Open(0x1bf4d5c0) http://image.tmdb.org/t/p/original/oz1Qz9meei4QqUk9pGcv4XW0Mhf.jpg
22:31:23.296 T:20484 DEBUG: ffmpeg[5004]: [swscaler] No accelerated colorspace conversion found from yuv420p to bgra.
22:31:23.298 T:20484 DEBUG: Caching image 'http://image.tmdb.org/t/p/original/oz1Qz9meei4QqUk9pGcv4XW0Mhf.jpg' to '5/5ecfcfdb.jpg':
22:31:23.298 T:20484 DEBUG: cached image 'special://masterprofile/Thumbnails/5/5ecfcfdb.jpg' size 1280x720
22:31:23.317 T:12644 DEBUG: CCurlFile::GetMimeType - http://image.tmdb.org/t/p/original/m9hBdniUJjJMAqxQNx4CkbRW7fL.jpg -> image/jpeg
22:31:23.317 T:12644 DEBUG: CurlFile::Open(0x1bf4d5c0) http://image.tmdb.org/t/p/original/m9hBdniUJjJMAqxQNx4CkbRW7fL.jpg
22:31:23.338 T:12644 DEBUG: ffmpeg[3164]: [swscaler] No accelerated colorspace conversion found from yuv420p to bgra.
22:31:23.342 T:12644 DEBUG: Caching image 'http://image.tmdb.org/t/p/original/m9hBdniUJjJMAqxQNx4CkbRW7fL.jpg' to '7/74dba079.jpg':
22:31:23.356 T:12644 DEBUG: cached image 'special://masterprofile/Thumbnails/7/74dba079.jpg' size 480x720
22:31:23.423 T:21384 DEBUG: CCurlFile::GetMimeType - http://image.tmdb.org/t/p/original/5SQf3jozEDZs8YgxSU5UAdRyI5I.jpg -> image/jpeg
22:31:23.423 T:21384 DEBUG: CurlFile::Open(0x1bf4f980) http://image.tmdb.org/t/p/original/5SQf3jozEDZs8YgxSU5UAdRyI5I.jpg
22:31:23.448 T:21384 DEBUG: ffmpeg[5388]: [swscaler] No accelerated colorspace conversion found from yuv420p to bgra.
22:31:23.451 T:21384 DEBUG: Caching image 'http://image.tmdb.org/t/p/original/5SQf3jozEDZs8YgxSU5UAdRyI5I.jpg' to 'b/b74e14e5.jpg':
22:31:23.465 T:21384 DEBUG: cached image 'special://masterprofile/Thumbnails/b/b74e14e5.jpg' size 480x720
22:31:23.548 T:12668 DEBUG: CWebServer[8080]: request received for /jsonrpc
22:31:23.935 T:20676 DEBUG: Previous line repeats 1 times.
22:31:23.935 T:20676 NOTICE: script.module.metadatautils --> Rate limiter active for themoviedb.org - delaying request with 5 seconds - Configure a personal API key in the settings to get rid of this message and the delay.
22:31:24.078 T:18940 DEBUG: Keyboard: scancode: 0x2e, sym: 0x0063, unicode: 0x0063, modifier: 0x0
22:31:24.141 T:19752 DEBUG: CCurlFile::GetMimeType - http://image.tmdb.org/t/p/original/tSxNBeqzwOVuzOKhNqeNZcYZSbP.jpg -> image/jpeg
22:31:24.141 T:19752 DEBUG: CurlFile::Open(0x1bf4d5c0) http://image.tmdb.org/t/p/original/tSxNBeqzwOVuzOKhNqeNZcYZSbP.jpg
22:31:24.171 T:19752 DEBUG: ffmpeg[4D28]: [swscaler] No accelerated colorspace conversion found from yuv420p to bgra.
22:31:24.173 T:19752 DEBUG: Caching image 'http://image.tmdb.org/t/p/original/tSxNBeqzwOVuzOKhNqeNZcYZSbP.jpg' to '3/395af551.jpg':
22:31:24.178 T:18940 DEBUG: Keyboard: scancode: 0x2e, sym: 0x0063, unicode: 0x0000, modifier: 0x0
22:31:24.178 T:18940 DEBUG: CInputManager::HandleKey: c (0xf043) pressed, action is ContextMenu
22:31:24.178 T:18940 DEBUG: CPlayerCoreFactory::GetPlayers(sftp://nicestream.fr:22/films/Le Bonheur au Pied du Sapin (2013)/Le Bonheur au Pied du Sapin.strm)
22:31:24.178 T:18940 DEBUG: CPlayerSelectionRule::GetPlayers: considering rule: system rules
22:31:24.178 T:18940 DEBUG: CPlayerSelectionRule::GetPlayers: matches rule: system rules
22:31:24.178 T:18940 DEBUG: CPlayerSelectionRule::GetPlayers: considering rule: mms/udp
22:31:24.178 T:18940 DEBUG: CPlayerSelectionRule::GetPlayers: considering rule: lastfm/shout
22:31:24.179 T:18940 DEBUG: CPlayerSelectionRule::GetPlayers: considering rule: rtmp
22:31:24.179 T:18940 DEBUG: CPlayerSelectionRule::GetPlayers: considering rule: rtsp
22:31:24.179 T:18940 DEBUG: CPlayerSelectionRule::GetPlayers: considering rule: streams
22:31:24.179 T:18940 DEBUG: CPlayerSelectionRule::GetPlayers: considering rule: dvd
22:31:24.179 T:18940 DEBUG: CPlayerSelectionRule::GetPlayers: considering rule: dvdimage
22:31:24.179 T:18940 DEBUG: CPlayerSelectionRule::GetPlayers: considering rule: sdp/asf
22:31:24.179 T:18940 DEBUG: CPlayerSelectionRule::GetPlayers: considering rule: nsv
22:31:24.179 T:18940 DEBUG: CPlayerSelectionRule::GetPlayers: considering rule: radio
22:31:24.179 T:18940 DEBUG: CPlayerCoreFactory::GetPlayers: matched 0 rules with players
22:31:24.179 T:18940 DEBUG: CPlayerCoreFactory::GetPlayers: adding videodefaultplayer (VideoPlayer)
22:31:24.179 T:18940 DEBUG: CPlayerCoreFactory::GetPlayers: for video=1, audio=0
22:31:24.179 T:18940 DEBUG: CPlayerCoreFactory::GetPlayers: for video=1, audio=1
22:31:24.179 T:18940 DEBUG: CPlayerCoreFactory::GetPlayers: adding audiodefaultplayer (PAPlayer)
22:31:24.179 T:18940 DEBUG: CPlayerCoreFactory::GetPlayers: for video=0, audio=1
22:31:24.179 T:18940 DEBUG: CPlayerCoreFactory::GetPlayers: for video=1, audio=1
22:31:24.179 T:18940 DEBUG: CAddonDatabase: SELECT repo.id FROM repo .. took 0 ms
22:31:24.182 T:19752 DEBUG: cached image 'special://masterprofile/Thumbnails/3/395af551.jpg' size 530x720
22:31:24.183 T:18940 DEBUG: CAddonDatabase: query SELECT * FROM addons JOIN addonlinkrepo ON addons.id=addonlinkrepo.idAddon WHERE addonlinkrepo.idRepo IN (5,7,9,11,12,13) ORDER BY addons.addonID returned 1175 rows in 5 ms
22:31:24.216 T:18940 DEBUG: CAddonDatabase::GetAddons took 37 ms
22:31:24.220 T:18940 DEBUG: CPlayerCoreFactory::GetPlayers: added 2 players
22:31:24.223 T:18940 DEBUG: CAddonSettings[metadata.themoviedb.org]: loading setting definitions
22:31:24.223 T:18940 DEBUG: CAddonSettings[metadata.themoviedb.org]: trying to load setting definitions from old format...
22:31:24.224 T:18940 DEBUG: CAddonSettings[metadata.themoviedb.org]: loading setting values
22:31:24.224 T:15628 DEBUG: Thread Timer start, auto delete: false
22:31:24.224 T:15628 DEBUG: Thread Timer 15628 terminating
22:31:24.224 T:18940 INFO: Loading skin file: DialogContextMenu.xml, load type: KEEP_IN_MEMORY
22:31:24.224 T:18484 DEBUG: Thread Timer start, auto delete: false
22:31:24.225 T:18940 DEBUG: ------ Window Init (DialogContextMenu.xml) ------
22:31:24.730 T:18484 DEBUG: Thread Timer 18484 terminating
22:31:25.002 T:3012 NOTICE: script.module.metadatautils --> Rate limiter active for themoviedb.org - delaying request with 4 seconds - Configure a personal API key in the settings to get rid of this message and the delay.
22:31:25.079 T:12668 DEBUG: CWebServer[8080]: request received for /jsonrpc
22:31:25.907 T:19260 DEBUG: Previous line repeats 1 times.
22:31:25.907 T:19260 NOTICE: script.module.metadatautils --> Rate limiter active for themoviedb.org - delaying request with 5 seconds - Configure a personal API key in the settings to get rid of this message and the delay.
22:31:25.928 T:18940 DEBUG: Keyboard: scancode: 0x50, sym: 0x0112, unicode: 0x0000, modifier: 0x0
22:31:25.928 T:18940 DEBUG: CInputManager::HandleKey: down (0xf081) pressed, action is Down
22:31:26.028 T:18940 DEBUG: Keyboard: scancode: 0x50, sym: 0x0112, unicode: 0x0000, modifier: 0x0
22:31:26.128 T:18940 DEBUG: Keyboard: scancode: 0x1c, sym: 0x000d, unicode: 0x000d, modifier: 0x0
22:31:26.274 T:18940 DEBUG: Keyboard: scancode: 0x1c, sym: 0x000d, unicode: 0x0000, modifier: 0x0
22:31:26.274 T:18940 DEBUG: CInputManager::HandleKey: return (0xf00d) pressed, action is Select
22:31:26.514 T:18940 DEBUG: ------ Window Deinit (DialogContextMenu.xml) ------
22:31:26.530 T:18940 DEBUG: CAddonSettings[metadata.themoviedb.org]: loading setting definitions
22:31:26.530 T:18940 DEBUG: CAddonSettings[metadata.themoviedb.org]: trying to load setting definitions from old format...
22:31:26.530 T:18940 DEBUG: CAddonSettings[metadata.themoviedb.org]: loading setting values
22:31:26.587 T:18940 DEBUG: ------ Window Init (DialogVideoInfo.xml) ------
22:31:26.587 T:18940 INFO: Loading skin file: DialogVideoInfo.xml, load type: KEEP_IN_MEMORY
22:31:26.601 T:21384 ERROR: CImageLoader::DoWork - Direct texture file loading failed for special://masterprofile/Thumbnails/b/b8040e9a.jpg
22:31:26.601 T:19752 ERROR: CImageLoader::DoWork - Direct texture file loading failed for special://masterprofile/Thumbnails/9/9d8cdd1b.jpg
22:31:26.601 T:12644 ERROR: CImageLoader::DoWork - Direct texture file loading failed for special://masterprofile/Thumbnails/d/ddc00ec0.jpg
22:31:26.602 T:20484 ERROR: CImageLoader::DoWork - Direct texture file loading failed for special://masterprofile/Thumbnails/b/bdf166b8.jpg
22:31:26.608 T:12668 DEBUG: CWebServer[8080]: request received for /jsonrpc
22:31:26.630 T:20484 DEBUG: Previous line repeats 1 times.
22:31:26.630 T:20484 DEBUG: CCurlFile::GetMimeType - http://image.tmdb.org/t/p/original/hUkbZpavTooaFZDcwrvRN7KIcct.jpg -> image/jpeg
22:31:26.630 T:20484 DEBUG: CurlFile::Open(0x1c9ad470) http://image.tmdb.org/t/p/original/hUkbZpavTooaFZDcwrvRN7KIcct.jpg
22:31:26.631 T:21384 DEBUG: CCurlFile::GetMimeType - http://image.tmdb.org/t/p/original/3eVRyNROorM3wTNp6kvimi9AfYA.jpg -> image/jpeg
22:31:26.631 T:21384 DEBUG: CurlFile::Open(0x1c9acdf0) http://image.tmdb.org/t/p/original/3eVRyNROorM3wTNp6kvimi9AfYA.jpg
22:31:26.631 T:12644 DEBUG: CCurlFile::GetMimeType - http://image.tmdb.org/t/p/original/xBifjKXfvZhYYx6P6dDaIvYIzVq.jpg -> image/jpeg
22:31:26.631 T:12644 DEBUG: CurlFile::Open(0x1c9af4f0) http://image.tmdb.org/t/p/original/xBifjKXfvZhYYx6P6dDaIvYIzVq.jpg
22:31:26.636 T:19752 DEBUG: CCurlFile::GetMimeType - http://image.tmdb.org/t/p/original/f1V2Ebn1xopU6YFAdLW8J32XnPY.jpg -> image/jpeg
22:31:26.636 T:19752 DEBUG: CurlFile::Open(0x1c9ad7b0) http://image.tmdb.org/t/p/original/f1V2Ebn1xopU6YFAdLW8J32XnPY.jpg
22:31:26.652 T:21384 DEBUG: ffmpeg[5388]: [swscaler] No accelerated colorspace conversion found from yuv420p to bgra.
22:31:26.654 T:21384 DEBUG: Caching image 'http://image.tmdb.org/t/p/original/3eVRyNROorM3wTNp6kvimi9AfYA.jpg' to 'b/b8040e9a.jpg':
22:31:26.664 T:12644 DEBUG: ffmpeg[3164]: [swscaler] No accelerated colorspace conversion found from yuv420p to bgra.
22:31:26.666 T:19752 DEBUG: ffmpeg[4D28]: [swscaler] No accelerated colorspace conversion found from yuv420p to bgra.
22:31:26.667 T:21384 DEBUG: cached image 'special://masterprofile/Thumbnails/b/b8040e9a.jpg' size 480x720
22:31:26.671 T:12644 DEBUG: Caching image 'http://image.tmdb.org/t/p/original/xBifjKXfvZhYYx6P6dDaIvYIzVq.jpg' to 'd/ddc00ec0.jpg':
22:31:26.671 T:19752 DEBUG: Caching image 'http://image.tmdb.org/t/p/original/f1V2Ebn1xopU6YFAdLW8J32XnPY.jpg' to '9/9d8cdd1b.jpg':
22:31:26.676 T:20484 DEBUG: Caching image 'http://image.tmdb.org/t/p/original/hUkbZpavTooaFZDcwrvRN7KIcct.jpg' to 'b/bdf166b8.jpg':
22:31:26.689 T:20484 DEBUG: cached image 'special://masterprofile/Thumbnails/b/bdf166b8.jpg' size 480x720
22:31:26.693 T:19752 DEBUG: cached image 'special://masterprofile/Thumbnails/9/9d8cdd1b.jpg' size 480x720
22:31:26.698 T:12644 DEBUG: cached image 'special://masterprofile/Thumbnails/d/ddc00ec0.jpg' size 480x720
22:31:26.801 T:21384 ERROR: CImageLoader::DoWork - Direct texture file loading failed for special://masterprofile/Thumbnails/2/2be4a268.jpg
22:31:26.835 T:21384 DEBUG: CCurlFile::GetMimeType - http://image.tmdb.org/t/p/original/cYtKQ4EvcbldWx4MBY01EK29kDS.jpg -> image/jpeg
22:31:26.835 T:21384 DEBUG: CurlFile::Open(0x1c9aee70) http://image.tmdb.org/t/p/original/cYtKQ4EvcbldWx4MBY01EK29kDS.jpg
22:31:26.878 T:21384 DEBUG: ffmpeg[5388]: [swscaler] No accelerated colorspace conversion found from yuv420p to bgra.
22:31:26.884 T:21384 DEBUG: Caching image 'http://image.tmdb.org/t/p/original/cYtKQ4EvcbldWx4MBY01EK29kDS.jpg' to '2/2be4a268.jpg':
22:31:26.902 T:21384 DEBUG: cached image 'special://masterprofile/Thumbnails/2/2be4a268.jpg' size 480x720
22:31:28.045 T:18940 DEBUG: Keyboard: scancode: 0x4d, sym: 0x0113, unicode: 0x0000, modifier: 0x0
22:31:28.045 T:18940 DEBUG: CInputManager::HandleKey: right (0xf083) pressed, action is Right
22:31:28.138 T:12668 DEBUG: CWebServer[8080]: request received for /jsonrpc
22:31:28.195 T:18940 DEBUG: Previous line repeats 1 times.
22:31:28.195 T:18940 DEBUG: Keyboard: scancode: 0x4d, sym: 0x0113, unicode: 0x0000, modifier: 0x0
22:31:28.295 T:18940 DEBUG: Previous line repeats 1 times.
22:31:28.295 T:18940 DEBUG: CInputManager::HandleKey: right (0xf083) pressed, action is Right
22:31:28.424 T:18940 DEBUG: Keyboard: scancode: 0x4d, sym: 0x0113, unicode: 0x0000, modifier: 0x0
22:31:28.545 T:18940 DEBUG: Previous line repeats 1 times.
22:31:28.545 T:18940 DEBUG: CInputManager::HandleKey: right (0xf083) pressed, action is Right
22:31:28.629 T:18940 DEBUG: Keyboard: scancode: 0x4d, sym: 0x0113, unicode: 0x0000, modifier: 0x0
22:31:28.712 T:18940 DEBUG: Previous line repeats 1 times.
22:31:28.712 T:18940 DEBUG: CInputManager::HandleKey: right (0xf083) pressed, action is Right
22:31:28.828 T:18940 DEBUG: Keyboard: scancode: 0x4d, sym: 0x0113, unicode: 0x0000, modifier: 0x0
22:31:28.912 T:18940 DEBUG: Previous line repeats 1 times.
22:31:28.912 T:18940 DEBUG: CInputManager::HandleKey: right (0xf083) pressed, action is Right
22:31:29.078 T:18940 DEBUG: Keyboard: scancode: 0x4d, sym: 0x0113, unicode: 0x0000, modifier: 0x0
22:31:29.200 T:20676 NOTICE: script.module.metadatautils --> Rate limiter active for themoviedb.org - delaying request with 5 seconds - Configure a personal API key in the settings to get rid of this message and the delay.
22:31:29.295 T:18940 NOTICE: Previous line repeats 1 times.
22:31:29.295 T:18940 INFO: XCURL::DllLibCurlGlobal::CheckIdle - Closing session to https://assets.fanart.tv (easy=0x4bdc96b0, multi=0x376bfe20)
22:31:29.312 T:18940 DEBUG: Keyboard: scancode: 0x4d, sym: 0x0113, unicode: 0x0000, modifier: 0x0
22:31:29.312 T:18940 DEBUG: CInputManager::HandleKey: right (0xf083) pressed, action is Right
22:31:29.462 T:18940 DEBUG: Keyboard: scancode: 0x4d, sym: 0x0113, unicode: 0x0000, modifier: 0x0
22:31:29.669 T:12668 DEBUG: CWebServer[8080]: request received for /jsonrpc
22:31:29.697 T:18940 DEBUG: Previous line repeats 1 times.
22:31:29.697 T:18940 DEBUG: Keyboard: scancode: 0x4b, sym: 0x0114, unicode: 0x0000, modifier: 0x0
22:31:29.697 T:18940 DEBUG: CInputManager::HandleKey: left (0xf082) pressed, action is Left
22:31:29.829 T:18940 DEBUG: Keyboard: scancode: 0x4b, sym: 0x0114, unicode: 0x0000, modifier: 0x0
22:31:29.879 T:18940 DEBUG: Previous line repeats 1 times.
22:31:29.879 T:18940 DEBUG: CInputManager::HandleKey: left (0xf082) pressed, action is Left
22:31:30.012 T:18940 DEBUG: Keyboard: scancode: 0x4b, sym: 0x0114, unicode: 0x0000, modifier: 0x0
22:31:30.062 T:18940 DEBUG: Previous line repeats 1 times.
22:31:30.062 T:18940 DEBUG: CInputManager::HandleKey: left (0xf082) pressed, action is Left
22:31:30.195 T:18940 DEBUG: Keyboard: scancode: 0x4b, sym: 0x0114, unicode: 0x0000, modifier: 0x0
22:31:30.324 T:18940 DEBUG: Keyboard: scancode: 0x1c, sym: 0x000d, unicode: 0x000d, modifier: 0x0
22:31:30.428 T:18940 DEBUG: Keyboard: scancode: 0x1c, sym: 0x000d, unicode: 0x0000, modifier: 0x0
22:31:30.428 T:18940 DEBUG: CInputManager::HandleKey: return (0xf00d) pressed, action is Select
22:31:30.429 T:21472 DEBUG: Thread LanguageInvoker start, auto delete: false
22:31:30.429 T:21472 INFO: initializing python engine.
22:31:30.429 T:21472 DEBUG: CPythonInvoker(64, C:\Users\PC Nice\AppData\Roaming\Kodi\addons\script.extendedinfo\default.py): start processing
22:31:30.442 T:21472 DEBUG: -->Python Interpreter Initialized<--
22:31:30.442 T:21472 DEBUG: CPythonInvoker(64, C:\Users\PC Nice\AppData\Roaming\Kodi\addons\script.extendedinfo\default.py): the source file to load is "C:\Users\PC Nice\AppData\Roaming\Kodi\addons\script.extendedinfo\default.py"
22:31:30.443 T:21472 DEBUG: CPythonInvoker(64, C:\Users\PC Nice\AppData\Roaming\Kodi\addons\script.extendedinfo\default.py): setting the Python path to C:\Users\PC Nice\AppData\Roaming\Kodi\addons\script.extendedinfo;C:\Program Files\Kodi\addons\script.module.pil\lib;C:\Users\PC Nice\AppData\Roaming\Kodi\addons\script.module.addon.signals\lib;C:\Users\PC Nice\AppData\Roaming\Kodi\addons\script.module.autocompletion\lib;C:\Users\PC Nice\AppData\Roaming\Kodi\addons\script.module.certifi\lib;C:\Users\PC Nice\AppData\Roaming\Kodi\addons\script.module.chardet\lib;C:\Users\PC Nice\AppData\Roaming\Kodi\addons\script.module.idna\lib;C:\Users\PC Nice\AppData\Roaming\Kodi\addons\script.module.kodi65\lib;C:\Users\PC Nice\AppData\Roaming\Kodi\addons\script.module.requests\lib;C:\Users\PC Nice\AppData\Roaming\Kodi\addons\script.module.routing\lib;C:\Users\PC Nice\AppData\Roaming\Kodi\addons\script.module.simplejson\lib;C:\Users\PC Nice\AppData\Roaming\Kodi\addons\script.module.urllib3\lib;C:\Users\PC Nice\AppData\Roaming\Kodi\addons\script.module.youtube.dl\lib;C:\Program Files\Kodi\system\python\DLLs;C:\Program Files\Kodi\system\python\Lib;C:\Program Files\Kodi\python27.zip;C:\Program Files\Kodi\system\python\lib\plat-win;C:\Program Files\Kodi\system\python\lib\lib-tk;C:\Program Files\Kodi;C:\Program Files\Kodi\system\python;C:\Program Files\Kodi\system\python\lib\site-packages
22:31:30.443 T:21472 DEBUG: CPythonInvoker(64, C:\Users\PC Nice\AppData\Roaming\Kodi\addons\script.extendedinfo\default.py): entering source directory C:\Users\PC Nice\AppData\Roaming\Kodi\addons\script.extendedinfo
22:31:30.449 T:21472 DEBUG: CPythonInvoker(64, C:\Users\PC Nice\AppData\Roaming\Kodi\addons\script.extendedinfo\default.py): instantiating addon using automatically obtained id of "script.extendedinfo" dependent on version 2.25.0 of the xbmc.python api
22:31:30.759 T:21472 DEBUG: CAddonSettings[script.module.youtube.dl]: loading setting definitions
22:31:30.759 T:21472 DEBUG: CAddonSettings[script.module.youtube.dl]: trying to load setting definitions from old format...
22:31:30.759 T:21472 DEBUG: CAddonSettings[script.module.youtube.dl]: loading setting values
22:31:30.759 T:21472 DEBUG: CSettingsManager: requested setting (core_version) was not found.
22:31:30.759 T:21472 DEBUG: CAddonSettings[script.module.youtube.dl]: failed to find definition for setting core_version. Creating a setting on-the-fly...
22:31:31.117 T:21472 DEBUG: CAddonSettings[script.module.youtube.dl]: loading setting definitions
22:31:31.117 T:21472 DEBUG: CAddonSettings[script.module.youtube.dl]: trying to load setting definitions from old format...
22:31:31.118 T:21472 DEBUG: CAddonSettings[script.module.youtube.dl]: loading setting values
22:31:31.118 T:21472 DEBUG: CSettingsManager: requested setting (core_version) was not found.
22:31:31.118 T:21472 DEBUG: CAddonSettings[script.module.youtube.dl]: failed to find definition for setting core_version. Creating a setting on-the-fly...
22:31:31.118 T:21472 NOTICE: script.module.youtube.dl: youtube_dl core version: 2018.11.07
22:31:31.125 T:21472 DEBUG: CAddonSettings[script.extendedinfo]: loading setting definitions
22:31:31.125 T:21472 DEBUG: CAddonSettings[script.extendedinfo]: trying to load setting definitions from old format...
22:31:31.125 T:21472 DEBUG: CAddonSettings[script.extendedinfo]: loading setting values
22:31:31.125 T:21472 DEBUG: CSettingsManager: requested setting (first_start_infodialog) was not found.
22:31:31.125 T:21472 DEBUG: CAddonSettings[script.extendedinfo]: failed to find definition for setting first_start_infodialog. Creating a setting on-the-fly...
22:31:31.125 T:21472 DEBUG: CSettingsManager: requested setting (session_id) was not found.
22:31:31.125 T:21472 DEBUG: CAddonSettings[script.extendedinfo]: failed to find definition for setting session_id. Creating a setting on-the-fly...
22:31:31.125 T:21472 DEBUG: CSettingsManager: requested setting (viewtype_selection) was not found.
22:31:31.125 T:21472 DEBUG: CAddonSettings[script.extendedinfo]: failed to find definition for setting viewtype_selection. Creating a setting on-the-fly...
22:31:31.125 T:21472 DEBUG: CSettingsManager: requested setting (use_https) was not found.
22:31:31.130 T:21472 DEBUG: script.extendedinfo: version 5.6.0 started
22:31:31.130 T:21472 DEBUG: script.extendedinfo: openinfodialog
22:31:31.130 T:21472 DEBUG: script.extendedinfo: { "handle": null }
22:31:31.130 T:21472 DEBUG: script.extendedinfo: extendedinfo
22:31:31.130 T:21472 DEBUG: script.extendedinfo: { "dbid": "3265", "id": "", "name": "Le Bonheur au pied du sapin" }
22:31:31.130 T:21472 WARNING: using DialogBusy from python results in nop now
22:31:31.200 T:12668 DEBUG: CWebServer[8080]: request received for /jsonrpc
22:31:31.209 T:21472 DEBUG: Previous line repeats 1 times.
22:31:31.209 T:21472 DEBUG: script.extendedinfo: IMDB Id from local DB: tt2665200
22:31:31.779 T:18940 DEBUG: Keyboard: scancode: 0x4d, sym: 0x0113, unicode: 0x0000, modifier: 0x0
22:31:31.779 T:18940 DEBUG: CInputManager::HandleKey: right (0xf083) pressed, action is Right
22:31:31.979 T:18940 DEBUG: Keyboard: scancode: 0x4d, sym: 0x0113, unicode: 0x0000, modifier: 0x0
22:31:32.429 T:18940 DEBUG: Previous line repeats 1 times.
22:31:32.429 T:18940 DEBUG: CInputManager::HandleKey: right (0xf083) pressed, action is Right
22:31:32.458 T:21472 DEBUG: script.extendedinfo: init get_movie_info
22:31:32.460 T:21472 DEBUG: CurlFile::Open(0xeb4d020) http://image.tmdb.org/t/p/w342/4jJhKvf9zyZNoYMu6MEMzJAzSBf.jpg
22:31:32.629 T:18940 DEBUG: Keyboard: scancode: 0x4d, sym: 0x0113, unicode: 0x0000, modifier: 0x0
22:31:32.646 T:18940 DEBUG: ------ Window Init (C:\Users\PC Nice\AppData\Roaming\Kodi\addons\script.extendedinfo\resources\skins\Default\1080i\script-script.extendedinfo-DialogVideoInfo.xml) ------
22:31:32.646 T:18940 INFO: Loading skin file: C:\Users\PC Nice\AppData\Roaming\Kodi\addons\script.extendedinfo\resources\skins\Default\1080i\script-script.extendedinfo-DialogVideoInfo.xml, load type: LOAD_ON_GUI_INIT
22:31:32.661 T:6816 DEBUG: Thread Timer start, auto delete: false
22:31:32.670 T:18940 DEBUG: [Warning] CGUITextureManager::GetTexturePath: could not find texture '-'
22:31:32.700 T:21472 DEBUG: Previous line repeats 3 times.
22:31:32.700 T:21472 ERROR: NEWADDON Unknown Video Info Key "file"
22:31:32.713 T:21472 ERROR: Previous line repeats 12 times.
22:31:32.713 T:21472 ERROR: NEWADDON Unknown Video Info Key "media_type"
22:31:32.728 T:12668 ERROR: Previous line repeats 15 times.
22:31:32.728 T:12668 DEBUG: CWebServer[8080]: request received for /jsonrpc
22:31:32.780 T:21384 DEBUG: Previous line repeats 1 times.
22:31:32.780 T:21384 DEBUG: CCurlFile::GetMimeType - http://image.tmdb.org/t/p/w342/xBifjKXfvZhYYx6P6dDaIvYIzVq.jpg -> image/jpeg
22:31:32.780 T:21384 DEBUG: CurlFile::Open(0x1a1b2790) http://image.tmdb.org/t/p/w342/xBifjKXfvZhYYx6P6dDaIvYIzVq.jpg
22:31:32.781 T:12644 DEBUG: CCurlFile::GetMimeType - http://image.tmdb.org/t/p/w342/f1V2Ebn1xopU6YFAdLW8J32XnPY.jpg -> image/jpeg
22:31:32.781 T:20484 DEBUG: CCurlFile::GetMimeType - http://image.tmdb.org/t/p/w342/3eVRyNROorM3wTNp6kvimi9AfYA.jpg -> image/jpeg
22:31:32.781 T:12644 DEBUG: CurlFile::Open(0x1a1b3150) http://image.tmdb.org/t/p/w342/f1V2Ebn1xopU6YFAdLW8J32XnPY.jpg
22:31:32.781 T:20484 DEBUG: CurlFile::Open(0xeb4f3e0) http://image.tmdb.org/t/p/w342/3eVRyNROorM3wTNp6kvimi9AfYA.jpg
22:31:32.781 T:19752 DEBUG: CCurlFile::GetMimeType - http://image.tmdb.org/t/p/w780/oz1Qz9meei4QqUk9pGcv4XW0Mhf.jpg -> image/jpeg
22:31:32.781 T:19752 DEBUG: CurlFile::Open(0xeb4d020) http://image.tmdb.org/t/p/w780/oz1Qz9meei4QqUk9pGcv4XW0Mhf.jpg
22:31:32.796 T:20484 DEBUG: Caching image 'http://image.tmdb.org/t/p/w342/3eVRyNROorM3wTNp6kvimi9AfYA.jpg' to '5/5b413561.jpg':
22:31:32.796 T:20484 DEBUG: cached image 'special://masterprofile/Thumbnails/5/5b413561.jpg' size 342x513
22:31:32.797 T:12644 DEBUG: Caching image 'http://image.tmdb.org/t/p/w342/f1V2Ebn1xopU6YFAdLW8J32XnPY.jpg' to '7/7ec9e6e0.jpg':
22:31:32.797 T:12644 DEBUG: cached image 'special://masterprofile/Thumbnails/7/7ec9e6e0.jpg' size 342x513
22:31:32.798 T:21384 DEBUG: Caching image 'http://image.tmdb.org/t/p/w342/xBifjKXfvZhYYx6P6dDaIvYIzVq.jpg' to '3/3e85353b.jpg':
22:31:32.798 T:21384 DEBUG: cached image 'special://masterprofile/Thumbnails/3/3e85353b.jpg' size 342x513
22:31:32.801 T:19752 DEBUG: Caching image 'http://image.tmdb.org/t/p/w780/oz1Qz9meei4QqUk9pGcv4XW0Mhf.jpg' to '2/218ff324.jpg':
22:31:32.801 T:19752 DEBUG: cached image 'special://masterprofile/Thumbnails/2/218ff324.jpg' size 780x439
22:31:32.852 T:18940 DEBUG: Keyboard: scancode: 0x4d, sym: 0x0113, unicode: 0x0000, modifier: 0x0
22:31:32.852 T:18940 DEBUG: CInputManager::HandleKey: right (0xf083) pressed, action is Right
22:31:32.906 T:21384 DEBUG: CCurlFile::GetMimeType - http://image.tmdb.org/t/p/w342/cYtKQ4EvcbldWx4MBY01EK29kDS.jpg -> image/jpeg
22:31:32.907 T:21384 DEBUG: CurlFile::Open(0xeb4d020) http://image.tmdb.org/t/p/w342/cYtKQ4EvcbldWx4MBY01EK29kDS.jpg
22:31:32.907 T:19752 DEBUG: CCurlFile::GetMimeType - http://image.tmdb.org/t/p/w342/pH4hDqlrWIzTNBaBkxG4gJxh4Sh.jpg -> image/jpeg
22:31:32.907 T:19752 DEBUG: CurlFile::Open(0xeb4d360) http://image.tmdb.org/t/p/w342/pH4hDqlrWIzTNBaBkxG4gJxh4Sh.jpg
22:31:32.909 T:12644 DEBUG: CCurlFile::GetMimeType - http://image.tmdb.org/t/p/w342/pfk1xXcPcuGr8rIxuOI7hvGogns.jpg -> image/jpeg
22:31:32.909 T:12644 DEBUG: CurlFile::Open(0xeb4d9e0) http://image.tmdb.org/t/p/w342/pfk1xXcPcuGr8rIxuOI7hvGogns.jpg
22:31:32.916 T:20484 DEBUG: CCurlFile::GetMimeType - http://image.tmdb.org/t/p/w342/hUkbZpavTooaFZDcwrvRN7KIcct.jpg -> image/jpeg
22:31:32.916 T:20484 DEBUG: CurlFile::Open(0xeb4f3e0) http://image.tmdb.org/t/p/w342/hUkbZpavTooaFZDcwrvRN7KIcct.jpg
22:31:32.923 T:21384 DEBUG: Caching image 'http://image.tmdb.org/t/p/w342/cYtKQ4EvcbldWx4MBY01EK29kDS.jpg' to 'c/c8a19993.jpg':
22:31:32.923 T:21384 DEBUG: cached image 'special://masterprofile/Thumbnails/c/c8a19993.jpg' size 342x513
22:31:32.925 T:12644 DEBUG: Caching image 'http://image.tmdb.org/t/p/w342/pfk1xXcPcuGr8rIxuOI7hvGogns.jpg' to '1/159394bc.jpg':
22:31:32.925 T:12644 DEBUG: cached image 'special://masterprofile/Thumbnails/1/159394bc.jpg' size 342x513
22:31:32.926 T:19752 DEBUG: Caching image 'http://image.tmdb.org/t/p/w342/pH4hDqlrWIzTNBaBkxG4gJxh4Sh.jpg' to '9/969a34f6.jpg':
22:31:32.926 T:19752 DEBUG: cached image 'special://masterprofile/Thumbnails/9/969a34f6.jpg' size 342x507
22:31:32.934 T:20484 DEBUG: Caching image 'http://image.tmdb.org/t/p/w342/hUkbZpavTooaFZDcwrvRN7KIcct.jpg' to '5/5eb45d43.jpg':
22:31:32.934 T:20484 DEBUG: cached image 'special://masterprofile/Thumbnails/5/5eb45d43.jpg' size 342x513
22:31:32.995 T:18940 DEBUG: Keyboard: scancode: 0x4d, sym: 0x0113, unicode: 0x0000, modifier: 0x0
22:31:33.020 T:19752 DEBUG: CCurlFile::GetMimeType - http://image.tmdb.org/t/p/w342/9U8sLiIEmw3a4lIjWdsovgoThjd.jpg -> image/jpeg
22:31:33.021 T:19752 DEBUG: CurlFile::Open(0xeb4d020) http://image.tmdb.org/t/p/w342/9U8sLiIEmw3a4lIjWdsovgoThjd.jpg
22:31:33.023 T:20484 DEBUG: CCurlFile::GetMimeType - http://image.tmdb.org/t/p/w342/nO22xxg9L3SG6TQGW0amxLqRcF9.jpg -> image/jpeg
22:31:33.023 T:20484 DEBUG: CurlFile::Open(0xeb4d360) http://image.tmdb.org/t/p/w342/nO22xxg9L3SG6TQGW0amxLqRcF9.jpg
22:31:33.026 T:12644 DEBUG: CCurlFile::GetMimeType - http://image.tmdb.org/t/p/w342/joYVZjcDBLYGEAGGtG8KlCSL4NU.jpg -> image/jpeg
22:31:33.026 T:12644 DEBUG: CurlFile::Open(0xeb4d9e0) http://image.tmdb.org/t/p/w342/joYVZjcDBLYGEAGGtG8KlCSL4NU.jpg
22:31:33.034 T:21384 DEBUG: CCurlFile::GetMimeType - http://image.tmdb.org/t/p/w342/3wA07hfkcggnJenudntxM1DnorU.jpg -> image/jpeg
22:31:33.034 T:21384 DEBUG: CurlFile::Open(0xeb4f3e0) http://image.tmdb.org/t/p/w342/3wA07hfkcggnJenudntxM1DnorU.jpg
22:31:33.038 T:19752 DEBUG: Caching image 'http://image.tmdb.org/t/p/w342/9U8sLiIEmw3a4lIjWdsovgoThjd.jpg' to '8/8e574504.jpg':
22:31:33.038 T:19752 DEBUG: cached image 'special://masterprofile/Thumbnails/8/8e574504.jpg' size 342x513
22:31:33.038 T:20484 DEBUG: Caching image 'http://image.tmdb.org/t/p/w342/nO22xxg9L3SG6TQGW0amxLqRcF9.jpg' to 'e/e85ef233.jpg':
22:31:33.038 T:20484 DEBUG: cached image 'special://masterprofile/Thumbnails/e/e85ef233.jpg' size 342x513
22:31:33.042 T:12644 DEBUG: Caching image 'http://image.tmdb.org/t/p/w342/joYVZjcDBLYGEAGGtG8KlCSL4NU.jpg' to '1/1daf38b9.jpg':
22:31:33.042 T:12644 DEBUG: cached image 'special://masterprofile/Thumbnails/1/1daf38b9.jpg' size 342x513
22:31:33.051 T:21384 DEBUG: Caching image 'http://image.tmdb.org/t/p/w342/3wA07hfkcggnJenudntxM1DnorU.jpg' to 'f/ff376197.jpg':
22:31:33.051 T:21384 DEBUG: cached image 'special://masterprofile/Thumbnails/f/ff376197.jpg' size 342x513
22:31:33.149 T:21384 DEBUG: CCurlFile::GetMimeType - http://image.tmdb.org/t/p/w342/4jJhKvf9zyZNoYMu6MEMzJAzSBf.jpg -> image/jpeg
22:31:33.149 T:21384 DEBUG: CurlFile::Open(0xea74a70) http://image.tmdb.org/t/p/w342/4jJhKvf9zyZNoYMu6MEMzJAzSBf.jpg
22:31:33.149 T:12644 DEBUG: CCurlFile::GetMimeType - http://image.tmdb.org/t/p/w342/szmlBcxmMIuldAp6yM2ASPwvPp1.jpg -> image/jpeg
22:31:33.150 T:12644 DEBUG: CurlFile::Open(0xea750f0) http://image.tmdb.org/t/p/w342/szmlBcxmMIuldAp6yM2ASPwvPp1.jpg
22:31:33.153 T:20484 DEBUG: CCurlFile::GetMimeType - http://image.tmdb.org/t/p/w342/yrlEAWTYfOHOSuy5NzTojbzRNWf.jpg -> image/jpeg
22:31:33.153 T:20484 DEBUG: CurlFile::Open(0xea75430) http://image.tmdb.org/t/p/w342/yrlEAWTYfOHOSuy5NzTojbzRNWf.jpg
22:31:33.156 T:19752 DEBUG: CCurlFile::GetMimeType - http://image.tmdb.org/t/p/w342/m2dJJ9UH4lJAVMHgF0AUD4LyopX.jpg -> image/jpeg
22:31:33.156 T:19752 DEBUG: CurlFile::Open(0x1b056dd0) http://image.tmdb.org/t/p/w342/m2dJJ9UH4lJAVMHgF0AUD4LyopX.jpg
22:31:33.166 T:6816 DEBUG: Thread Timer 6816 terminating
22:31:33.168 T:21384 DEBUG: Caching image 'http://image.tmdb.org/t/p/w342/4jJhKvf9zyZNoYMu6MEMzJAzSBf.jpg' to 'f/f18cc59f.jpg':
22:31:33.168 T:21384 DEBUG: cached image 'special://masterprofile/Thumbnails/f/f18cc59f.jpg' size 342x513
22:31:33.172 T:20484 DEBUG: Caching image 'http://image.tmdb.org/t/p/w342/yrlEAWTYfOHOSuy5NzTojbzRNWf.jpg' to 'a/a9ddefcb.jpg':
22:31:33.172 T:20484 DEBUG: cached image 'special://masterprofile/Thumbnails/a/a9ddefcb.jpg' size 342x513
22:31:33.175 T:19752 DEBUG: Caching image 'http://image.tmdb.org/t/p/w342/m2dJJ9UH4lJAVMHgF0AUD4LyopX.jpg' to '1/12fb8392.jpg':
22:31:33.175 T:19752 DEBUG: cached image 'special://masterprofile/Thumbnails/1/12fb8392.jpg' size 342x513
22:31:33.198 T:12644 DEBUG: Caching image 'http://image.tmdb.org/t/p/w342/szmlBcxmMIuldAp6yM2ASPwvPp1.jpg' to '7/7323ef1d.jpg':
22:31:33.198 T:12644 DEBUG: cached image 'special://masterprofile/Thumbnails/7/7323ef1d.jpg' size 342x513
22:31:33.247 T:18940 DEBUG: [Warning] CGUITextureManager::GetTexturePath: could not find texture 'thumbs/homewidget_shadow.png'
22:31:33.264 T:21384 DEBUG: CCurlFile::GetMimeType - http://image.tmdb.org/t/p/w342/rwHSDbU7qLtoTm5yVgUhD6KFrgo.jpg -> image/jpeg
22:31:33.264 T:21384 DEBUG: CurlFile::Open(0xea750f0) http://image.tmdb.org/t/p/w342/rwHSDbU7qLtoTm5yVgUhD6KFrgo.jpg
22:31:33.281 T:20484 DEBUG: CCurlFile::GetMimeType - http://image.tmdb.org/t/p/w342/sb09lhRq8FYFdSWfP1IARJ2Z4Ei.jpg -> image/jpeg
22:31:33.281 T:20484 DEBUG: CurlFile::Open(0xea75430) http://image.tmdb.org/t/p/w342/sb09lhRq8FYFdSWfP1IARJ2Z4Ei.jpg
22:31:33.282 T:21384 DEBUG: Caching image 'http://image.tmdb.org/t/p/w342/rwHSDbU7qLtoTm5yVgUhD6KFrgo.jpg' to '7/7396ef95.jpg':
22:31:33.282 T:21384 DEBUG: cached image 'special://masterprofile/Thumbnails/7/7396ef95.jpg' size 342x513
22:31:33.309 T:20484 DEBUG: Caching image 'http://image.tmdb.org/t/p/w342/sb09lhRq8FYFdSWfP1IARJ2Z4Ei.jpg' to 'd/d2514ce4.jpg':
22:31:33.309 T:20484 DEBUG: cached image 'special://masterprofile/Thumbnails/d/d2514ce4.jpg' size 342x507
22:31:33.337 T:20484 DEBUG: ffmpeg[5004]: [swscaler] No accelerated colorspace conversion found from yuv420p to bgra.
22:31:33.519 T:21384 DEBUG: CCurlFile::GetMimeType - http://image.tmdb.org/t/p/w342/j7CDZbyaA3GGgmAaMw7XmDdIULW.jpg -> image/jpeg
22:31:33.519 T:21384 DEBUG: CurlFile::Open(0x1bf4f980) http://image.tmdb.org/t/p/w342/j7CDZbyaA3GGgmAaMw7XmDdIULW.jpg
22:31:33.537 T:21384 DEBUG: Caching image 'http://image.tmdb.org/t/p/w342/j7CDZbyaA3GGgmAaMw7XmDdIULW.jpg' to '3/30eef219.jpg':
22:31:33.538 T:21384 DEBUG: cached image 'special://masterprofile/Thumbnails/3/30eef219.jpg' size 342x513
22:31:33.671 T:19752 DEBUG: CCurlFile::GetMimeType - http://image.tmdb.org/t/p/w342/oz1Qz9meei4QqUk9pGcv4XW0Mhf.jpg -> image/jpeg
22:31:33.672 T:19752 DEBUG: CurlFile::Open(0x1bf4f980) http://image.tmdb.org/t/p/w342/oz1Qz9meei4QqUk9pGcv4XW0Mhf.jpg
22:31:33.682 T:19948 ERROR: Exception in thread Thread-3: Traceback (most recent call last): File "C:\Program Files\Kodi\system\python\Lib\threading.py", line 801, in __bootstrap_inner self.run()
File "C:\Program Files\Kodi\system\python\Lib\threading.py", line 754, in run self.__target(*self.__args, **self.__kwargs)
File "C:\Users\PC Nice\AppData\Roaming\Kodi\addons\script.extendedinfo\resources\lib\dialogs\DialogBaseInfo.py", line 259, in get_youtube_vids self.yt_listitems = youtube.search(search_str, limit=15)
File "C:\Users\PC Nice\AppData\Roaming\Kodi\addons\script.module.kodi65\lib\kodi65\youtube.py", line 199, in search listitems = handle_videos(results["items"], extended=extended)
