22:31:13.346 T:18940 DEBUG: CDirectoryProvider[addons://sources/executable/]: refreshing..
22:31:13.346 T:18940 DEBUG: CDirectoryProvider[addons://sources/image/]: refreshing..
22:31:13.346 T:18940 DEBUG: CDirectoryProvider[library://video/]: refreshing..
22:31:13.346 T:18940 DEBUG: CDirectoryProvider[sources://video/]: refreshing..
22:31:13.346 T:18940 DEBUG: CDirectoryProvider[special://videoplaylists/]: refreshing..
22:31:13.346 T:18940 DEBUG: CDirectoryProvider[favourites://]: refreshing..
22:31:13.346 T:18940 DEBUG: CDirectoryProvider[sources://pictures/]: refreshing..
22:31:13.346 T:18940 DEBUG: CDirectoryProvider[addons://sources/game/]: refreshing..
22:31:13.360 T:12644 DEBUG: ffmpeg[3164]: [swscaler] No accelerated colorspace conversion found from yuv420p to bgra.
22:31:13.534 T:19752 DEBUG: Previous line repeats 3 times.
22:31:13.534 T:19752 ERROR: CImageLoader::DoWork - Direct texture file loading failed for special://masterprofile/Thumbnails/7/7c2071da.jpg
22:31:13.535 T:12644 DEBUG: ffmpeg[3164]: [swscaler] No accelerated colorspace conversion found from yuv420p to bgra.
22:31:13.536 T:12644 ERROR: CImageLoader::DoWork - Direct texture file loading failed for special://masterprofile/Thumbnails/d/da545bed.jpg
22:31:13.563 T:19752 DEBUG: CCurlFile::GetMimeType - http://image.tmdb.org/t/p/original/mAZwHkJJtIkZT5jjrbTKbBVOrNN.jpg -> image/jpeg
22:31:13.563 T:19752 DEBUG: CurlFile::Open(0x1bf4ec80) http://image.tmdb.org/t/p/original/mAZwHkJJtIkZT5jjrbTKbBVOrNN.jpg
22:31:13.572 T:21384 ERROR: CImageLoader::DoWork - Direct texture file loading failed for special://masterprofile/Thumbnails/9/95c58d48.jpg
22:31:13.586 T:20484 ERROR: CImageLoader::DoWork - Direct texture file loading failed for special://masterprofile/Thumbnails/3/3e1eb380.jpg
22:31:13.597 T:19752 DEBUG: ffmpeg[4D28]: [swscaler] No accelerated colorspace conversion found from yuv420p to bgra.
22:31:13.600 T:19752 DEBUG: Caching image 'http://image.tmdb.org/t/p/original/mAZwHkJJtIkZT5jjrbTKbBVOrNN.jpg' to '7/7c2071da.jpg':
22:31:13.603 T:21384 DEBUG: CCurlFile::GetMimeType - http://image.tmdb.org/t/p/original/eBZXrR5zlGdRAXuugtUQo9D4dCp.jpg -> image/jpeg
22:31:13.604 T:21384 DEBUG: CurlFile::Open(0x1bf50680) http://image.tmdb.org/t/p/original/eBZXrR5zlGdRAXuugtUQo9D4dCp.jpg
22:31:13.616 T:19752 DEBUG: cached image 'special://masterprofile/Thumbnails/7/7c2071da.jpg' size 480x720
22:31:13.618 T:20484 DEBUG: CCurlFile::GetMimeType - http://image.tmdb.org/t/p/original/6TRQ8N8XnOaFXLjkvWR7UcRxIfh.jpg -> image/jpeg
22:31:13.619 T:20484 DEBUG: CurlFile::Open(0x1bf4d280) http://image.tmdb.org/t/p/original/6TRQ8N8XnOaFXLjkvWR7UcRxIfh.jpg
22:31:13.648 T:20484 DEBUG: Caching image 'http://image.tmdb.org/t/p/original/6TRQ8N8XnOaFXLjkvWR7UcRxIfh.jpg' to '3/3e1eb380.jpg':
22:31:13.660 T:19752 ERROR: CImageLoader::DoWork - Direct texture file loading failed for special://masterprofile/Thumbnails/f/ff9e0014.jpg
22:31:13.660 T:20484 DEBUG: cached image 'special://masterprofile/Thumbnails/3/3e1eb380.jpg' size 540x720
22:31:13.690 T:19752 DEBUG: CCurlFile::GetMimeType - http://image.tmdb.org/t/p/original/AuQ1UX2Zd4RW3jnaZkt4RxSYVdT.jpg -> image/jpeg
22:31:13.691 T:19752 DEBUG: CurlFile::Open(0x1bf4e2c0) http://image.tmdb.org/t/p/original/AuQ1UX2Zd4RW3jnaZkt4RxSYVdT.jpg
22:31:13.715 T:20484 DEBUG: ffmpeg[5004]: [swscaler] No accelerated colorspace conversion found from yuv420p to bgra.
22:31:13.716 T:20484 ERROR: CImageLoader::DoWork - Direct texture file loading failed for special://masterprofile/Thumbnails/d/dc0cc4d8.jpg
22:31:13.717 T:21384 DEBUG: ffmpeg[5388]: [swscaler] No accelerated colorspace conversion found from yuv420p to bgra.
22:31:13.731 T:21384 DEBUG: Caching image 'http://image.tmdb.org/t/p/original/eBZXrR5zlGdRAXuugtUQo9D4dCp.jpg' to '9/95c58d48.jpg':
22:31:13.750 T:19752 DEBUG: ffmpeg[4D28]: [swscaler] No accelerated colorspace conversion found from yuv420p to bgra.
22:31:13.757 T:20484 DEBUG: CCurlFile::GetMimeType - http://image.tmdb.org/t/p/original/cWmWTYkMCt7BSSOmgPUTt3HfScS.jpg -> image/jpeg
22:31:13.757 T:20484 DEBUG: CurlFile::Open(0x1bf54100) http://image.tmdb.org/t/p/original/cWmWTYkMCt7BSSOmgPUTt3HfScS.jpg
22:31:13.764 T:19752 DEBUG: Caching image 'http://image.tmdb.org/t/p/original/AuQ1UX2Zd4RW3jnaZkt4RxSYVdT.jpg' to 'f/ff9e0014.jpg':
22:31:13.767 T:21384 DEBUG: cached image 'special://masterprofile/Thumbnails/9/95c58d48.jpg' size 480x720
22:31:13.793 T:20484 DEBUG: ffmpeg[5004]: [swscaler] No accelerated colorspace conversion found from yuv420p to bgra.
22:31:13.797 T:20484 DEBUG: Caching image 'http://image.tmdb.org/t/p/original/cWmWTYkMCt7BSSOmgPUTt3HfScS.jpg' to 'd/dc0cc4d8.jpg':
22:31:13.798 T:19752 DEBUG: cached image 'special://masterprofile/Thumbnails/f/ff9e0014.jpg' size 480x720
22:31:13.810 T:21384 ERROR: CImageLoader::DoWork - Direct texture file loading failed for special://masterprofile/Thumbnails/2/25584d24.jpg
22:31:13.816 T:20484 DEBUG: cached image 'special://masterprofile/Thumbnails/d/dc0cc4d8.jpg' size 480x720
22:31:13.843 T:21384 DEBUG: CCurlFile::GetMimeType - http://image.tmdb.org/t/p/original/bVIX8xuv62ueAhEZ77NFa3K9LDG.jpg -> image/jpeg
22:31:13.843 T:21384 DEBUG: CurlFile::Open(0x1bf52080) http://image.tmdb.org/t/p/original/bVIX8xuv62ueAhEZ77NFa3K9LDG.jpg
22:31:13.860 T:19752 ERROR: CImageLoader::DoWork - Direct texture file loading failed for special://masterprofile/Thumbnails/6/61749d70.jpg
22:31:13.862 T:20484 DEBUG: ffmpeg[5004]: [swscaler] No accelerated colorspace conversion found from yuv420p to bgra.
22:31:13.864 T:20484 ERROR: CImageLoader::DoWork - Direct texture file loading failed for special://masterprofile/Thumbnails/2/2a16e7c2.jpg
22:31:13.879 T:21384 DEBUG: ffmpeg[5388]: [swscaler] No accelerated colorspace conversion found from yuv420p to bgra.
22:31:13.882 T:21384 DEBUG: Caching image 'http://image.tmdb.org/t/p/original/bVIX8xuv62ueAhEZ77NFa3K9LDG.jpg' to '2/25584d24.jpg':
22:31:13.891 T:19752 DEBUG: CCurlFile::GetMimeType - http://image.tmdb.org/t/p/original/zmYV2zgXQWUIKyP2CtSkSCNtduD.jpg -> image/jpeg
22:31:13.891 T:19752 DEBUG: CurlFile::Open(0x1bf50000) http://image.tmdb.org/t/p/original/zmYV2zgXQWUIKyP2CtSkSCNtduD.jpg
22:31:13.892 T:20484 DEBUG: CCurlFile::GetMimeType - http://image.tmdb.org/t/p/original/nXw0SaOl8iRmXzRZtR4FBAPPwy6.jpg -> image/jpeg
22:31:13.892 T:20484 DEBUG: CurlFile::Open(0x1bf53740) http://image.tmdb.org/t/p/original/nXw0SaOl8iRmXzRZtR4FBAPPwy6.jpg
22:31:13.896 T:21384 DEBUG: cached image 'special://masterprofile/Thumbnails/2/25584d24.jpg' size 480x720
22:31:13.924 T:20484 DEBUG: ffmpeg[5004]: [swscaler] No accelerated colorspace conversion found from yuv420p to bgra.
22:31:13.929 T:20484 DEBUG: Caching image 'http://image.tmdb.org/t/p/original/nXw0SaOl8iRmXzRZtR4FBAPPwy6.jpg' to '2/2a16e7c2.jpg':
22:31:13.931 T:19752 DEBUG: Caching image 'http://image.tmdb.org/t/p/original/zmYV2zgXQWUIKyP2CtSkSCNtduD.jpg' to '6/61749d70.jpg':
22:31:13.933 T:21384 DEBUG: ffmpeg[5388]: [swscaler] No accelerated colorspace conversion found from yuv420p to bgra.
22:31:13.943 T:20484 DEBUG: Previous line repeats 3 times.
22:31:13.943 T:20484 DEBUG: cached image 'special://masterprofile/Thumbnails/2/2a16e7c2.jpg' size 480x720
22:31:13.945 T:19752 DEBUG: cached image 'special://masterprofile/Thumbnails/6/61749d70.jpg' size 480x720
22:31:13.947 T:21384 DEBUG: ffmpeg[5388]: [swscaler] No accelerated colorspace conversion found from yuv420p to bgra.
22:31:13.984 T:12644 DEBUG: Previous line repeats 1 times.
22:31:13.984 T:12644 DEBUG: CCurlFile::GetMimeType - http://image.tmdb.org/t/p/original/A2j9uVk6YUqztYnj5PdC5BaRG4K.jpg -> image/jpeg
22:31:13.984 T:12644 DEBUG: CurlFile::Open(0x1bf4cc00) http://image.tmdb.org/t/p/original/A2j9uVk6YUqztYnj5PdC5BaRG4K.jpg
22:31:14.000 T:12644 DEBUG: ffmpeg[3164]: [swscaler] No accelerated colorspace conversion found from yuv420p to bgra.
22:31:14.001 T:12644 DEBUG: Caching image 'http://image.tmdb.org/t/p/original/A2j9uVk6YUqztYnj5PdC5BaRG4K.jpg' to 'd/da545bed.jpg':
22:31:14.010 T:12644 DEBUG: cached image 'special://masterprofile/Thumbnails/d/da545bed.jpg' size 480x720
22:31:14.178 T:18940 DEBUG: Keyboard: scancode: 0x1c, sym: 0x000d, unicode: 0x000d, modifier: 0x0
22:31:14.212 T:21384 ERROR: CImageLoader::DoWork - Direct texture file loading failed for special://masterprofile/Thumbnails/4/428d5f83.jpg
22:31:14.230 T:19752 DEBUG: ffmpeg[4D28]: [swscaler] No accelerated colorspace conversion found from yuv420p to bgra.
22:31:14.231 T:19752 ERROR: CImageLoader::DoWork - Direct texture file loading failed for special://masterprofile/Thumbnails/0/0182f86a.jpg
22:31:14.240 T:20484 DEBUG: ffmpeg[5004]: [swscaler] No accelerated colorspace conversion found from yuv420p to bgra.
22:31:14.244 T:20484 DEBUG: Previous line repeats 1 times.
22:31:14.244 T:20484 ERROR: CImageLoader::DoWork - Direct texture file loading failed for special://masterprofile/Thumbnails/4/421e94bd.jpg
22:31:14.248 T:21384 DEBUG: CCurlFile::GetMimeType - http://image.tmdb.org/t/p/original/trlqlzWbhwv9VLmpVQJcPXVYBdD.jpg -> image/jpeg
22:31:14.248 T:21384 DEBUG: CurlFile::Open(0x1e1be4e0) http://image.tmdb.org/t/p/original/trlqlzWbhwv9VLmpVQJcPXVYBdD.jpg
22:31:14.265 T:19752 DEBUG: CCurlFile::GetMimeType - http://image.tmdb.org/t/p/original/wNvR90ThYIYq4hZziisqTe3Wfrw.jpg -> image/jpeg
22:31:14.266 T:19752 DEBUG: CurlFile::Open(0x1e1beea0) http://image.tmdb.org/t/p/original/wNvR90ThYIYq4hZziisqTe3Wfrw.jpg
22:31:14.274 T:20484 DEBUG: CCurlFile::GetMimeType - http://image.tmdb.org/t/p/original/nb2hvt3pnX5m3kTPIS8vz0UzL0E.jpg -> image/jpeg
22:31:14.274 T:20484 DEBUG: CurlFile::Open(0x1e1bf860) http://image.tmdb.org/t/p/original/nb2hvt3pnX5m3kTPIS8vz0UzL0E.jpg
22:31:14.278 T:18940 DEBUG: Keyboard: scancode: 0x1c, sym: 0x000d, unicode: 0x0000, modifier: 0x0
22:31:14.278 T:18940 DEBUG: CInputManager::HandleKey: return (0xf00d) pressed, action is Select
22:31:14.278 T:18940 DEBUG: Activating window ID: 10025
22:31:14.285 T:21384 DEBUG: Caching image 'http://image.tmdb.org/t/p/original/trlqlzWbhwv9VLmpVQJcPXVYBdD.jpg' to '4/428d5f83.jpg':
22:31:14.299 T:21384 DEBUG: cached image 'special://masterprofile/Thumbnails/4/428d5f83.jpg' size 540x720
22:31:14.313 T:19752 DEBUG: ffmpeg[4D28]: [swscaler] No accelerated colorspace conversion found from yuv420p to bgra.
22:31:14.324 T:19752 DEBUG: Caching image 'http://image.tmdb.org/t/p/original/wNvR90ThYIYq4hZziisqTe3Wfrw.jpg' to '0/0182f86a.jpg':
22:31:14.352 T:21384 DEBUG: CAddonMgr::GetAvailableUpdates took 16 ms
22:31:14.354 T:19752 DEBUG: cached image 'special://masterprofile/Thumbnails/0/0182f86a.jpg' size 480x720
22:31:14.372 T:20484 DEBUG: ffmpeg[5004]: [swscaler] No accelerated colorspace conversion found from yuv420p to bgra.
22:31:14.385 T:20484 DEBUG: Caching image 'http://image.tmdb.org/t/p/original/nb2hvt3pnX5m3kTPIS8vz0UzL0E.jpg' to '4/421e94bd.jpg':
22:31:14.408 T:12668 DEBUG: CWebServer[8080]: request received for /jsonrpc
22:31:14.419 T:20484 DEBUG: Previous line repeats 1 times.
22:31:14.419 T:20484 DEBUG: cached image 'special://masterprofile/Thumbnails/4/421e94bd.jpg' size 480x720
22:31:14.520 T:20484 INFO: AddOnLog: SFTP support: SFTPSession: Creating new session on host 'nicestream.fr:22' with user 'nicestreamadmin'
22:31:14.579 T:18940 DEBUG: ------ Window Deinit (Home.xml) ------
22:31:14.579 T:18940 DEBUG: FreeVisualisation() done
22:31:14.597 T:18940 DEBUG: ------ Window Init (MyVideoNav.xml) ------
22:31:14.597 T:18940 INFO: Loading skin file: MyVideoNav.xml, load type: KEEP_IN_MEMORY
22:31:14.603 T:21384 DEBUG: CMultiPathDirectory::GetDirectory(multipath://special%3a%2f%2fprofile%2fplaylists%2fvideo/special%3a%2f%2fprofile%2fplaylists%2fmixed/)
22:31:14.603 T:21384 DEBUG: Getting Directory (special://profile/playlists/video)
22:31:14.604 T:21384 DEBUG: Getting Directory (special://profile/playlists/mixed)
22:31:14.604 T:21384 DEBUG: CMultiPathDirectory::MergeItems, items = 0
22:31:14.630 T:18940 DEBUG: CDirectoryProvider[]: refreshing..
22:31:14.630 T:21384 DEBUG: Previous line repeats 1 times.
22:31:14.630 T:21384 ERROR: XFILE::CDirectory::GetDirectory - Error getting
22:31:14.630 T:18940 ERROR: Previous line repeats 1 times.
22:31:14.630 T:18940 DEBUG: CDirectoryProvider[]: refreshing..
22:31:14.630 T:19752 DEBUG: Previous line repeats 2 times.
22:31:14.630 T:19752 ERROR: XFILE::CDirectory::GetDirectory - Error getting
22:31:14.630 T:18940 DEBUG: CDirectoryProvider[]: refreshing..
22:31:14.630 T:19752 ERROR: XFILE::CDirectory::GetDirectory - Error getting
22:31:14.630 T:18940 ERROR: Previous line repeats 2 times.
22:31:14.630 T:18940 DEBUG: CDirectoryProvider[]: refreshing..
22:31:14.630 T:21384 ERROR: XFILE::CDirectory::GetDirectory - Error getting
22:31:14.631 T:18940 DEBUG: CGUIMediaWindow::GetDirectory (videodb://movies/titles/)
22:31:14.631 T:18940 DEBUG: ParentPath = [videodb://movies/titles/]
22:31:15.021 T:3124 DEBUG: Thread BackgroundLoader start, auto delete: false
22:31:15.297 T:20484 DEBUG: ffmpeg[5004]: [swscaler] No accelerated colorspace conversion found from yuv420p to bgra.
22:31:15.303 T:12644 DEBUG: ffmpeg[3164]: [swscaler] No accelerated colorspace conversion found from yuv420p to bgra.
22:31:15.928 T:12668 DEBUG: CWebServer[8080]: request received for /jsonrpc
22:31:16.590 T:18940 DEBUG: Previous line repeats 1 times.
22:31:16.590 T:18940 DEBUG: Keyboard: scancode: 0x4b, sym: 0x0114, unicode: 0x0000, modifier: 0x0
22:31:16.590 T:18940 DEBUG: CInputManager::HandleKey: left (0xf082) pressed, action is Left
22:31:16.657 T:3124 DEBUG: Thread BackgroundLoader 3124 terminating
22:31:16.761 T:18940 DEBUG: Keyboard: scancode: 0x4b, sym: 0x0114, unicode: 0x0000, modifier: 0x0
22:31:17.384 T:18940 DEBUG: Keyboard: scancode: 0x1c, sym: 0x000d, unicode: 0x000d, modifier: 0x0
22:31:17.449 T:12668 DEBUG: CWebServer[8080]: request received for /jsonrpc
22:31:17.462 T:18940 DEBUG: Previous line repeats 1 times.
22:31:17.462 T:18940 DEBUG: Keyboard: scancode: 0x1c, sym: 0x000d, unicode: 0x0000, modifier: 0x0
22:31:17.462 T:18940 DEBUG: CInputManager::HandleKey: return (0xf00d) pressed, action is Select
22:31:17.482 T:12644 ERROR: CImageLoader::DoWork - Direct texture file loading failed for special://masterprofile/Thumbnails/6/67f3396f.jpg
22:31:17.482 T:19752 ERROR: CImageLoader::DoWork - Direct texture file loading failed for special://masterprofile/Thumbnails/5/5bc0ae80.jpg
22:31:17.482 T:21384 ERROR: CImageLoader::DoWork - Direct texture file loading failed for special://masterprofile/Thumbnails/6/63d7224f.jpg
22:31:17.482 T:20484 ERROR: CImageLoader::DoWork - Direct texture file loading failed for special://masterprofile/Thumbnails/8/834e3994.jpg
22:31:17.510 T:19752 DEBUG: CCurlFile::GetMimeType - http://image.tmdb.org/t/p/original/AmggUMtR6DsSNEvHUFE2hGFwBoh.jpg -> image/jpeg
22:31:17.510 T:19752 DEBUG: CurlFile::Open(0x1bf4d5c0) http://image.tmdb.org/t/p/original/AmggUMtR6DsSNEvHUFE2hGFwBoh.jpg
22:31:17.512 T:20484 DEBUG: CCurlFile::GetMimeType - http://image.tmdb.org/t/p/original/AnQAvKiGcFzcDKb2WYnYimSXPDH.jpg -> image/jpeg
22:31:17.512 T:20484 DEBUG: CurlFile::Open(0x1bf4e2c0) http://image.tmdb.org/t/p/original/AnQAvKiGcFzcDKb2WYnYimSXPDH.jpg
22:31:17.514 T:12644 DEBUG: CCurlFile::GetMimeType - http://image.tmdb.org/t/p/original/4LQ14eMtyRTN6fJK7cEa5pkop9d.jpg -> image/jpeg
22:31:17.514 T:12644 DEBUG: CurlFile::Open(0x1bf4f640) http://image.tmdb.org/t/p/original/4LQ14eMtyRTN6fJK7cEa5pkop9d.jpg
22:31:17.535 T:19752 DEBUG: ffmpeg[4D28]: [swscaler] No accelerated colorspace conversion found from yuv420p to bgra.
22:31:17.537 T:19752 DEBUG: Caching image 'http://image.tmdb.org/t/p/original/AmggUMtR6DsSNEvHUFE2hGFwBoh.jpg' to '5/5bc0ae80.jpg':
22:31:17.546 T:12644 DEBUG: ffmpeg[3164]: [swscaler] No accelerated colorspace conversion found from yuv420p to bgra.
22:31:17.548 T:19752 DEBUG: cached image 'special://masterprofile/Thumbnails/5/5bc0ae80.jpg' size 480x720
22:31:17.550 T:12644 DEBUG: Caching image 'http://image.tmdb.org/t/p/original/4LQ14eMtyRTN6fJK7cEa5pkop9d.jpg' to '6/67f3396f.jpg':
22:31:17.564 T:12644 DEBUG: cached image 'special://masterprofile/Thumbnails/6/67f3396f.jpg' size 480x720
22:31:17.599 T:20484 DEBUG: ffmpeg[5004]: [swscaler] No accelerated colorspace conversion found from yuv420p to bgra.
22:31:17.603 T:20484 DEBUG: Caching image 'http://image.tmdb.org/t/p/original/AnQAvKiGcFzcDKb2WYnYimSXPDH.jpg' to '8/834e3994.jpg':
22:31:17.617 T:20484 DEBUG: cached image 'special://masterprofile/Thumbnails/8/834e3994.jpg' size 480x720
22:31:17.617 T:19752 ERROR: CImageLoader::DoWork - Direct texture file loading failed for special://masterprofile/Thumbnails/9/90836ed0.jpg
22:31:17.619 T:12644 DEBUG: ffmpeg[3164]: [swscaler] No accelerated colorspace conversion found from yuv420p to bgra.
22:31:17.620 T:12644 ERROR: CImageLoader::DoWork - Direct texture file loading failed for special://masterprofile/Thumbnails/7/7d1420fb.jpg
22:31:17.650 T:12644 DEBUG: CCurlFile::GetMimeType - http://image.tmdb.org/t/p/original/3q1ld0YSD2EltzTzeeG79E7j5j9.jpg -> image/jpeg
22:31:17.650 T:12644 DEBUG: CurlFile::Open(0x1bf4d5c0) http://image.tmdb.org/t/p/original/3q1ld0YSD2EltzTzeeG79E7j5j9.jpg
22:31:17.651 T:19752 DEBUG: CCurlFile::GetMimeType - http://image.tmdb.org/t/p/original/uaZFzwd87Wp2IxPLkDECXDc6Yil.jpg -> image/jpeg
22:31:17.651 T:19752 DEBUG: CurlFile::Open(0x1bf4e2c0) http://image.tmdb.org/t/p/original/uaZFzwd87Wp2IxPLkDECXDc6Yil.jpg
22:31:17.656 T:20484 ERROR: CImageLoader::DoWork - Direct texture file loading failed for special://masterprofile/Thumbnails/3/31075add.jpg
22:31:17.667 T:12644 DEBUG: ffmpeg[3164]: [swscaler] No accelerated colorspace conversion found from yuv420p to bgra.
22:31:17.667 T:12644 DEBUG: Caching image 'http://image.tmdb.org/t/p/original/3q1ld0YSD2EltzTzeeG79E7j5j9.jpg' to '7/7d1420fb.jpg':
22:31:17.667 T:12644 DEBUG: cached image 'special://masterprofile/Thumbnails/7/7d1420fb.jpg' size 495x700
22:31:17.690 T:20484 DEBUG: CCurlFile::GetMimeType - http://image.tmdb.org/t/p/original/lz6TEiZXT7vUF6zaRuxkBOhqkfO.jpg -> image/jpeg
22:31:17.690 T:20484 DEBUG: CurlFile::Open(0x1bf4d5c0) http://image.tmdb.org/t/p/original/lz6TEiZXT7vUF6zaRuxkBOhqkfO.jpg
22:31:17.720 T:20484 DEBUG: ffmpeg[5004]: [swscaler] No accelerated colorspace conversion found from yuv420p to bgra.
22:31:17.720 T:12644 DEBUG: ffmpeg[3164]: [swscaler] No accelerated colorspace conversion found from yuv420p to bgra.
22:31:17.721 T:12644 ERROR: CImageLoader::DoWork - Direct texture file loading failed for special://masterprofile/Thumbnails/8/85761384.jpg
22:31:17.723 T:20484 DEBUG: Caching image 'http://image.tmdb.org/t/p/original/lz6TEiZXT7vUF6zaRuxkBOhqkfO.jpg' to '3/31075add.jpg':
22:31:17.738 T:20484 DEBUG: cached image 'special://masterprofile/Thumbnails/3/31075add.jpg' size 480x720
22:31:17.740 T:19752 DEBUG: ffmpeg[4D28]: [swscaler] No accelerated colorspace conversion found from yuv420p to bgra.
22:31:17.759 T:19752 DEBUG: Caching image 'http://image.tmdb.org/t/p/original/uaZFzwd87Wp2IxPLkDECXDc6Yil.jpg' to '9/90836ed0.jpg':
22:31:17.763 T:12644 DEBUG: CCurlFile::GetMimeType - http://image.tmdb.org/t/p/original/rlZ3q1ce4sbUig9IrPflbHSsRuD.jpg -> image/jpeg
22:31:17.764 T:12644 DEBUG: CurlFile::Open(0x1bf4d5c0) http://image.tmdb.org/t/p/original/rlZ3q1ce4sbUig9IrPflbHSsRuD.jpg
22:31:17.783 T:20484 DEBUG: ffmpeg[5004]: [swscaler] No accelerated colorspace conversion found from yuv420p to bgra.
22:31:17.791 T:20484 DEBUG: Previous line repeats 1 times.
22:31:17.791 T:20484 ERROR: CImageLoader::DoWork - Direct texture file loading failed for special://masterprofile/Thumbnails/8/805a2fd9.jpg
22:31:17.793 T:19752 DEBUG: cached image 'special://masterprofile/Thumbnails/9/90836ed0.jpg' size 480x720
22:31:17.803 T:12644 DEBUG: ffmpeg[3164]: [swscaler] No accelerated colorspace conversion found from yuv420p to bgra.
22:31:17.809 T:12644 DEBUG: Caching image 'http://image.tmdb.org/t/p/original/rlZ3q1ce4sbUig9IrPflbHSsRuD.jpg' to '8/85761384.jpg':
22:31:17.819 T:20484 DEBUG: CCurlFile::GetMimeType - http://image.tmdb.org/t/p/original/mmy2q3CoDlmVl3SmnlIdoGIo5MT.jpg -> image/jpeg
22:31:17.819 T:20484 DEBUG: CurlFile::Open(0x1bf4d5c0) http://image.tmdb.org/t/p/original/mmy2q3CoDlmVl3SmnlIdoGIo5MT.jpg
22:31:17.828 T:12644 DEBUG: cached image 'special://masterprofile/Thumbnails/8/85761384.jpg' size 480x720
22:31:17.833 T:19752 DEBUG: ffmpeg[4D28]: [swscaler] No accelerated colorspace conversion found from yuv420p to bgra.
22:31:17.834 T:19752 ERROR: CImageLoader::DoWork - Direct texture file loading failed for special://masterprofile/Thumbnails/7/75740f21.jpg
22:31:17.870 T:20484 DEBUG: Caching image 'http://image.tmdb.org/t/p/original/mmy2q3CoDlmVl3SmnlIdoGIo5MT.jpg' to '8/805a2fd9.jpg':
22:31:17.871 T:12644 DEBUG: ffmpeg[3164]: [swscaler] No accelerated colorspace conversion found from yuv420p to bgra.
22:31:17.872 T:12644 ERROR: CImageLoader::DoWork - Direct texture file loading failed for special://masterprofile/Thumbnails/1/130a7fd2.jpg
22:31:17.877 T:19752 DEBUG: CCurlFile::GetMimeType - http://image.tmdb.org/t/p/original/cXThMaTgC9txO11Q71BPS56LvDs.jpg -> image/jpeg
22:31:17.877 T:19752 DEBUG: CurlFile::Open(0x1bf4e2c0) http://image.tmdb.org/t/p/original/cXThMaTgC9txO11Q71BPS56LvDs.jpg
22:31:17.888 T:20484 DEBUG: cached image 'special://masterprofile/Thumbnails/8/805a2fd9.jpg' size 540x720
22:31:17.901 T:19752 DEBUG: ffmpeg[4D28]: [swscaler] No accelerated colorspace conversion found from yuv420p to bgra.
22:31:17.905 T:19752 DEBUG: Caching image 'http://image.tmdb.org/t/p/original/cXThMaTgC9txO11Q71BPS56LvDs.jpg' to '7/75740f21.jpg':
22:31:17.918 T:19752 DEBUG: cached image 'special://masterprofile/Thumbnails/7/75740f21.jpg' size 480x720
22:31:17.924 T:20484 ERROR: CImageLoader::DoWork - Direct texture file loading failed for special://masterprofile/Thumbnails/3/3a9e4860.jpg
22:31:17.957 T:19752 ERROR: CImageLoader::DoWork - Direct texture file loading failed for special://masterprofile/Thumbnails/c/cb21d5e3.jpg
22:31:17.989 T:19752 DEBUG: CCurlFile::GetMimeType - http://image.tmdb.org/t/p/original/dY8FbH5DEKcaBneXPRNRokJVwAp.jpg -> image/jpeg
22:31:17.989 T:19752 DEBUG: CurlFile::Open(0x1bf4f640) http://image.tmdb.org/t/p/original/dY8FbH5DEKcaBneXPRNRokJVwAp.jpg
22:31:18.023 T:19752 DEBUG: ffmpeg[4D28]: [swscaler] No accelerated colorspace conversion found from yuv420p to bgra.
22:31:18.026 T:19752 DEBUG: Caching image 'http://image.tmdb.org/t/p/original/dY8FbH5DEKcaBneXPRNRokJVwAp.jpg' to 'c/cb21d5e3.jpg':
22:31:18.039 T:19752 DEBUG: cached image 'special://masterprofile/Thumbnails/c/cb21d5e3.jpg' size 480x720
22:31:18.080 T:19752 ERROR: CImageLoader::DoWork - Direct texture file loading failed for special://masterprofile/Thumbnails/d/da7d2253.jpg
22:31:18.328 T:18940 DEBUG: Keyboard: scancode: 0x4d, sym: 0x0113, unicode: 0x0000, modifier: 0x0
22:31:18.328 T:18940 DEBUG: CInputManager::HandleKey: right (0xf083) pressed, action is Right
22:31:18.443 T:12644 DEBUG: CCurlFile::GetMimeType - http://image.tmdb.org/t/p/original/hxOeVq3b9NqVKawp2ASvwUsoXlM.jpg -> image/jpeg
22:31:18.444 T:12644 DEBUG: CurlFile::Open(0x1bf4d5c0) http://image.tmdb.org/t/p/original/hxOeVq3b9NqVKawp2ASvwUsoXlM.jpg
22:31:18.468 T:20484 DEBUG: CCurlFile::GetMimeType - http://image.tmdb.org/t/p/original/kpqYxg8vWIWvquBjRoiGBwGbzVM.jpg -> image/jpeg
22:31:18.468 T:20484 DEBUG: CurlFile::Open(0x1bf4df80) http://image.tmdb.org/t/p/original/kpqYxg8vWIWvquBjRoiGBwGbzVM.jpg
22:31:18.488 T:12644 DEBUG: ffmpeg[3164]: [swscaler] No accelerated colorspace conversion found from yuv420p to bgra.
22:31:18.490 T:20484 DEBUG: Caching image 'http://image.tmdb.org/t/p/original/kpqYxg8vWIWvquBjRoiGBwGbzVM.jpg' to '3/3a9e4860.jpg':
22:31:18.490 T:12644 DEBUG: Caching image 'http://image.tmdb.org/t/p/original/hxOeVq3b9NqVKawp2ASvwUsoXlM.jpg' to '1/130a7fd2.jpg':
22:31:18.490 T:20484 DEBUG: cached image 'special://masterprofile/Thumbnails/3/3a9e4860.jpg' size 402x541
22:31:18.495 T:21384 DEBUG: CCurlFile::GetMimeType - http://image.tmdb.org/t/p/original/jjJeKKUkVEol0DURWbuOeG3fD98.jpg -> image/jpeg
22:31:18.495 T:21384 DEBUG: CurlFile::Open(0x1bf4fcc0) http://image.tmdb.org/t/p/original/jjJeKKUkVEol0DURWbuOeG3fD98.jpg
22:31:18.504 T:12644 DEBUG: cached image 'special://masterprofile/Thumbnails/1/130a7fd2.jpg' size 540x720
22:31:18.512 T:18940 DEBUG: Keyboard: scancode: 0x4d, sym: 0x0113, unicode: 0x0000, modifier: 0x0
22:31:18.532 T:21384 DEBUG: ffmpeg[5388]: [swscaler] No accelerated colorspace conversion found from yuv420p to bgra.
22:31:18.535 T:21384 DEBUG: Caching image 'http://image.tmdb.org/t/p/original/jjJeKKUkVEol0DURWbuOeG3fD98.jpg' to '6/63d7224f.jpg':
22:31:18.548 T:21384 DEBUG: cached image 'special://masterprofile/Thumbnails/6/63d7224f.jpg' size 480x720
22:31:18.550 T:12644 ERROR: CImageLoader::DoWork - Direct texture file loading failed for special://masterprofile/Thumbnails/a/a782fca6.jpg
22:31:18.552 T:20484 DEBUG: ffmpeg[5004]: [swscaler] No accelerated colorspace conversion found from yuv420p to bgra.
22:31:18.584 T:20484 DEBUG: Previous line repeats 1 times.
22:31:18.584 T:20484 ERROR: CImageLoader::DoWork - Direct texture file loading failed for special://masterprofile/Thumbnails/0/04057ee8.jpg
22:31:18.584 T:21384 ERROR: CImageLoader::DoWork - Direct texture file loading failed for special://masterprofile/Thumbnails/e/e9a15e21.jpg
22:31:18.586 T:12644 DEBUG: CCurlFile::GetMimeType - http://image.tmdb.org/t/p/original/qCrvpGxWjOh7tVLxyqWLR65ZuWX.jpg -> image/jpeg
22:31:18.586 T:12644 DEBUG: CurlFile::Open(0x1bf4df80) http://image.tmdb.org/t/p/original/qCrvpGxWjOh7tVLxyqWLR65ZuWX.jpg
22:31:18.611 T:21384 DEBUG: CCurlFile::GetMimeType - http://image.tmdb.org/t/p/original/proMObvstiaMhhiRGuzzi762ORg.jpg -> image/jpeg
22:31:18.611 T:21384 DEBUG: CurlFile::Open(0x1bf4d5c0) http://image.tmdb.org/t/p/original/proMObvstiaMhhiRGuzzi762ORg.jpg
22:31:18.612 T:20484 DEBUG: CCurlFile::GetMimeType - http://image.tmdb.org/t/p/original/4MWOkRcr7GPxSPXXaA4DOdLgJcE.jpg -> image/jpeg
22:31:18.612 T:20484 DEBUG: CurlFile::Open(0x1bf4e2c0) http://image.tmdb.org/t/p/original/4MWOkRcr7GPxSPXXaA4DOdLgJcE.jpg
22:31:18.622 T:12644 DEBUG: ffmpeg[3164]: [swscaler] No accelerated colorspace conversion found from yuv420p to bgra.
22:31:18.630 T:12644 DEBUG: Caching image 'http://image.tmdb.org/t/p/original/qCrvpGxWjOh7tVLxyqWLR65ZuWX.jpg' to 'a/a782fca6.jpg':
22:31:18.641 T:21384 DEBUG: ffmpeg[5388]: [swscaler] No accelerated colorspace conversion found from yuv420p to bgra.
22:31:18.646 T:21384 DEBUG: Caching image 'http://image.tmdb.org/t/p/original/proMObvstiaMhhiRGuzzi762ORg.jpg' to 'e/e9a15e21.jpg':
22:31:18.654 T:12644 DEBUG: cached image 'special://masterprofile/Thumbnails/a/a782fca6.jpg' size 480x720
22:31:18.660 T:20484 DEBUG: Caching image 'http://image.tmdb.org/t/p/original/4MWOkRcr7GPxSPXXaA4DOdLgJcE.jpg' to '0/04057ee8.jpg':
22:31:18.662 T:21384 DEBUG: cached image 'special://masterprofile/Thumbnails/e/e9a15e21.jpg' size 480x720
22:31:18.679 T:20484 DEBUG: cached image 'special://masterprofile/Thumbnails/0/04057ee8.jpg' size 480x720
22:31:18.750 T:12644 ERROR: CImageLoader::DoWork - Direct texture file loading failed for special://masterprofile/Thumbnails/0/0f59ee13.jpg
22:31:18.750 T:20484 ERROR: CImageLoader::DoWork - Direct texture file loading failed for special://masterprofile/Thumbnails/a/aa06041a.jpg
22:31:18.753 T:21384 DEBUG: ffmpeg[5388]: [swscaler] No accelerated colorspace conversion found from yuv420p to bgra.
22:31:18.754 T:21384 ERROR: CImageLoader::DoWork - Direct texture file loading failed for special://masterprofile/Thumbnails/3/32ce6831.jpg
22:31:18.791 T:21384 DEBUG: CCurlFile::GetMimeType - http://image.tmdb.org/t/p/original/lF0NCoSFtP93dhbvgUr5BFHJW3r.jpg -> image/jpeg
22:31:18.791 T:21384 DEBUG: CurlFile::Open(0x1bf4e2c0) http://image.tmdb.org/t/p/original/lF0NCoSFtP93dhbvgUr5BFHJW3r.jpg
22:31:18.820 T:21384 DEBUG: ffmpeg[5388]: [swscaler] No accelerated colorspace conversion found from yuv420p to bgra.
22:31:18.824 T:21384 DEBUG: Caching image 'http://image.tmdb.org/t/p/original/lF0NCoSFtP93dhbvgUr5BFHJW3r.jpg' to '3/32ce6831.jpg':
22:31:18.838 T:21384 DEBUG: cached image 'special://masterprofile/Thumbnails/3/32ce6831.jpg' size 480x720
22:31:18.969 T:12668 DEBUG: CWebServer[8080]: request received for /jsonrpc
22:31:18.978 T:18940 DEBUG: Previous line repeats 1 times.
22:31:18.978 T:18940 DEBUG: Keyboard: scancode: 0x50, sym: 0x0112, unicode: 0x0000, modifier: 0x0
22:31:18.978 T:18940 DEBUG: CInputManager::HandleKey: down (0xf081) pressed, action is Down
22:31:18.979 T:21384 ERROR: CImageLoader::DoWork - Direct texture file loading failed for special://masterprofile/Thumbnails/0/0dca3106.jpg
22:31:19.010 T:21384 DEBUG: CCurlFile::GetMimeType - http://image.tmdb.org/t/p/original/1kqKJBfw73I9q2caApghcLRUZoi.jpg -> image/jpeg
22:31:19.010 T:21384 DEBUG: CurlFile::Open(0x1bf4e2c0) http://image.tmdb.org/t/p/original/1kqKJBfw73I9q2caApghcLRUZoi.jpg
22:31:19.048 T:21384 DEBUG: ffmpeg[5388]: [swscaler] No accelerated colorspace conversion found from yuv420p to bgra.
22:31:19.052 T:21384 DEBUG: Caching image 'http://image.tmdb.org/t/p/original/1kqKJBfw73I9q2caApghcLRUZoi.jpg' to '0/0dca3106.jpg':
22:31:19.052 T:21384 DEBUG: cached image 'special://masterprofile/Thumbnails/0/0dca3106.jpg' size 1920x1080
22:31:19.076 T:19752 DEBUG: CCurlFile::GetMimeType - http://image.tmdb.org/t/p/original/wWkPtVSGniVZffByxxyN5VRJS7A.jpg -> image/jpeg
22:31:19.077 T:19752 DEBUG: CurlFile::Open(0x1bf4f640) http://image.tmdb.org/t/p/original/wWkPtVSGniVZffByxxyN5VRJS7A.jpg
22:31:19.108 T:12644 DEBUG: CCurlFile::GetMimeType - http://image.tmdb.org/t/p/original/xVfSGAbOK4FucTwkYrXJjeBFqv4.jpg -> image/jpeg
22:31:19.108 T:12644 DEBUG: CurlFile::Open(0x1bf4f980) http://image.tmdb.org/t/p/original/xVfSGAbOK4FucTwkYrXJjeBFqv4.jpg
22:31:19.109 T:19752 DEBUG: ffmpeg[4D28]: [swscaler] No accelerated colorspace conversion found from yuv420p to bgra.
22:31:19.111 T:18940 DEBUG: Keyboard: scancode: 0x50, sym: 0x0112, unicode: 0x0000, modifier: 0x0
22:31:19.113 T:19752 DEBUG: Caching image 'http://image.tmdb.org/t/p/original/wWkPtVSGniVZffByxxyN5VRJS7A.jpg' to 'd/da7d2253.jpg':
22:31:19.119 T:21384 ERROR: CImageLoader::DoWork - Direct texture file loading failed for special://masterprofile/Thumbnails/3/3356b5a3.jpg
22:31:19.128 T:19752 DEBUG: cached image 'special://masterprofile/Thumbnails/d/da7d2253.jpg' size 507x720
22:31:19.157 T:21384 DEBUG: CCurlFile::GetMimeType - http://image.tmdb.org/t/p/original/hQoJd5YlT4IkDcQ12aWi9mNKw0u.jpg -> image/jpeg
22:31:19.157 T:21384 DEBUG: CurlFile::Open(0x1bf4d5c0) http://image.tmdb.org/t/p/original/hQoJd5YlT4IkDcQ12aWi9mNKw0u.jpg
22:31:19.174 T:19752 DEBUG: ffmpeg[4D28]: [swscaler] No accelerated colorspace conversion found from yuv420p to bgra.
22:31:19.183 T:19752 DEBUG: Previous line repeats 1 times.
22:31:19.183 T:19752 ERROR: CImageLoader::DoWork - Direct texture file loading failed for special://masterprofile/Thumbnails/8/8357cba7.jpg
22:31:19.195 T:18940 DEBUG: Keyboard: scancode: 0x50, sym: 0x0112, unicode: 0x0000, modifier: 0x0
22:31:19.195 T:18940 DEBUG: CInputManager::HandleKey: down (0xf081) pressed, action is Down
22:31:19.201 T:21384 DEBUG: ffmpeg[5388]: [swscaler] No accelerated colorspace conversion found from yuv420p to bgra.
22:31:19.208 T:21384 DEBUG: Caching image 'http://image.tmdb.org/t/p/original/hQoJd5YlT4IkDcQ12aWi9mNKw0u.jpg' to '3/3356b5a3.jpg':
22:31:19.210 T:19752 DEBUG: CCurlFile::GetMimeType - http://image.tmdb.org/t/p/original/8ixLHMV9RoyBGJz2yRuggsr0vyX.jpg -> image/jpeg
22:31:19.210 T:19752 DEBUG: CurlFile::Open(0x1bf4e2c0) http://image.tmdb.org/t/p/original/8ixLHMV9RoyBGJz2yRuggsr0vyX.jpg
22:31:19.226 T:21384 DEBUG: cached image 'special://masterprofile/Thumbnails/3/3356b5a3.jpg' size 480x720
22:31:19.237 T:12644 DEBUG: ffmpeg[3164]: [swscaler] No accelerated colorspace conversion found from yuv420p to bgra.
22:31:19.241 T:12644 DEBUG: Caching image 'http://image.tmdb.org/t/p/original/xVfSGAbOK4FucTwkYrXJjeBFqv4.jpg' to '0/0f59ee13.jpg':
22:31:19.256 T:12644 DEBUG: cached image 'special://masterprofile/Thumbnails/0/0f59ee13.jpg' size 480x720
22:31:19.278 T:19752 DEBUG: ffmpeg[4D28]: [swscaler] No accelerated colorspace conversion found from yuv420p to bgra.
22:31:19.280 T:19260 NOTICE: script.module.metadatautils --> Rate limiter active for omdbapi.com - delaying request with 2 seconds - Configure a personal API key in the settings to get rid of this message and the delay.
22:31:19.291 T:19752 DEBUG: Caching image 'http://image.tmdb.org/t/p/original/8ixLHMV9RoyBGJz2yRuggsr0vyX.jpg' to '8/8357cba7.jpg':
22:31:19.295 T:18940 DEBUG: Keyboard: scancode: 0x50, sym: 0x0112, unicode: 0x0000, modifier: 0x0
22:31:19.305 T:21384 ERROR: CImageLoader::DoWork - Direct texture file loading failed for special://masterprofile/Thumbnails/5/51b035d7.jpg
22:31:19.311 T:12644 DEBUG: ffmpeg[3164]: [swscaler] No accelerated colorspace conversion found from yuv420p to bgra.
22:31:19.312 T:12644 ERROR: CImageLoader::DoWork - Direct texture file loading failed for special://masterprofile/Thumbnails/1/1a121c3e.jpg
22:31:19.313 T:20484 DEBUG: CCurlFile::GetMimeType - http://image.tmdb.org/t/p/original/vM7ANNfjhF2J6bnSX4Opsc8gqx5.jpg -> image/jpeg
22:31:19.313 T:20484 DEBUG: CurlFile::Open(0x1bf4df80) http://image.tmdb.org/t/p/original/vM7ANNfjhF2J6bnSX4Opsc8gqx5.jpg
22:31:19.325 T:19752 DEBUG: cached image 'special://masterprofile/Thumbnails/8/8357cba7.jpg' size 480x720
22:31:19.337 T:20484 DEBUG: ffmpeg[5004]: [swscaler] No accelerated colorspace conversion found from yuv420p to bgra.
22:31:19.337 T:20484 DEBUG: Caching image 'http://image.tmdb.org/t/p/original/vM7ANNfjhF2J6bnSX4Opsc8gqx5.jpg' to 'a/aa06041a.jpg':
22:31:19.345 T:20484 DEBUG: cached image 'special://masterprofile/Thumbnails/a/aa06041a.jpg' size 480x720
22:31:19.346 T:21384 DEBUG: CCurlFile::GetMimeType - http://image.tmdb.org/t/p/original/5RlPKu0QxtSwhtNTwq6e3mHunf7.jpg -> image/jpeg
22:31:19.346 T:21384 DEBUG: CurlFile::Open(0x1bf4df80) http://image.tmdb.org/t/p/original/5RlPKu0QxtSwhtNTwq6e3mHunf7.jpg
22:31:19.375 T:21384 DEBUG: ffmpeg[5388]: [swscaler] No accelerated colorspace conversion found from yuv420p to bgra.
22:31:19.381 T:21384 DEBUG: Caching image 'http://image.tmdb.org/t/p/original/5RlPKu0QxtSwhtNTwq6e3mHunf7.jpg' to '5/51b035d7.jpg':
22:31:19.383 T:19752 ERROR: CImageLoader::DoWork - Direct texture file loading failed for special://masterprofile/Thumbnails/0/03978063.jpg
22:31:19.383 T:20484 ERROR: CImageLoader::DoWork - Direct texture file loading failed for special://masterprofile/Thumbnails/9/9fae4204.jpg
22:31:19.397 T:21384 DEBUG: cached image 'special://masterprofile/Thumbnails/5/51b035d7.jpg' size 480x720
22:31:19.430 T:20484 DEBUG: CCurlFile::GetMimeType - http://image.tmdb.org/t/p/original/qDjhIJvVZgX3hsj2yV00KJyAkoE.jpg -> image/jpeg
22:31:19.430 T:20484 DEBUG: CurlFile::Open(0x1bf4e2c0) http://image.tmdb.org/t/p/original/qDjhIJvVZgX3hsj2yV00KJyAkoE.jpg
22:31:19.438 T:21384 ERROR: CImageLoader::DoWork - Direct texture file loading failed for special://masterprofile/Thumbnails/1/1dbba9ec.jpg
22:31:19.445 T:18940 DEBUG: Keyboard: scancode: 0x50, sym: 0x0112, unicode: 0x0000, modifier: 0x0
22:31:19.445 T:18940 DEBUG: CInputManager::HandleKey: down (0xf081) pressed, action is Down
22:31:19.450 T:20484 DEBUG: ffmpeg[5004]: [swscaler] No accelerated colorspace conversion found from yuv420p to bgra.
22:31:19.454 T:20484 DEBUG: Caching image 'http://image.tmdb.org/t/p/original/qDjhIJvVZgX3hsj2yV00KJyAkoE.jpg' to '9/9fae4204.jpg':
22:31:19.469 T:20484 DEBUG: cached image 'special://masterprofile/Thumbnails/9/9fae4204.jpg' size 480x720
22:31:19.475 T:21384 DEBUG: CCurlFile::GetMimeType - http://image.tmdb.org/t/p/original/x7RHFbxurmz8BVNmctP85Bx0cxg.jpg -> image/jpeg
22:31:19.475 T:21384 DEBUG: CurlFile::Open(0x1bf4e2c0) http://image.tmdb.org/t/p/original/x7RHFbxurmz8BVNmctP85Bx0cxg.jpg
22:31:19.501 T:21384 DEBUG: ffmpeg[5388]: [swscaler] No accelerated colorspace conversion found from yuv420p to bgra.
22:31:19.503 T:21384 DEBUG: Caching image 'http://image.tmdb.org/t/p/original/x7RHFbxurmz8BVNmctP85Bx0cxg.jpg' to '1/1dbba9ec.jpg':
22:31:19.507 T:20484 ERROR: CImageLoader::DoWork - Direct texture file loading failed for special://masterprofile/Thumbnails/f/f78b49eb.jpg
22:31:19.509 T:19752 DEBUG: CCurlFile::GetMimeType - http://image.tmdb.org/t/p/original/psJb2NQKUWDQyhMRV3hoEWk60gS.jpg -> image/jpeg
22:31:19.509 T:19752 DEBUG: CurlFile::Open(0x1bf4e2c0) http://image.tmdb.org/t/p/original/psJb2NQKUWDQyhMRV3hoEWk60gS.jpg
22:31:19.510 T:21384 DEBUG: cached image 'special://masterprofile/Thumbnails/1/1dbba9ec.jpg' size 480x720
22:31:19.528 T:18940 DEBUG: Keyboard: scancode: 0x50, sym: 0x0112, unicode: 0x0000, modifier: 0x0
22:31:19.549 T:19752 DEBUG: ffmpeg[4D28]: [swscaler] No accelerated colorspace conversion found from yuv420p to bgra.
22:31:19.550 T:21384 ERROR: CImageLoader::DoWork - Direct texture file loading failed for special://masterprofile/Thumbnails/c/c5ac1e59.jpg
22:31:19.558 T:19752 DEBUG: Caching image 'http://image.tmdb.org/t/p/original/psJb2NQKUWDQyhMRV3hoEWk60gS.jpg' to '0/03978063.jpg':
22:31:19.580 T:21384 DEBUG: CCurlFile::GetMimeType - http://image.tmdb.org/t/p/original/fVbnkSVsXhwpZXdCpuyBz8ZMI3k.jpg -> image/jpeg
22:31:19.580 T:21384 DEBUG: CurlFile::Open(0x1bf4e2c0) http://image.tmdb.org/t/p/original/fVbnkSVsXhwpZXdCpuyBz8ZMI3k.jpg
22:31:19.581 T:19752 DEBUG: cached image 'special://masterprofile/Thumbnails/0/03978063.jpg' size 480x720
22:31:19.620 T:19752 ERROR: CImageLoader::DoWork - Direct texture file loading failed for special://masterprofile/Thumbnails/1/145fec3f.jpg
22:31:19.620 T:21384 DEBUG: ffmpeg[5388]: [swscaler] No accelerated colorspace conversion found from yuv420p to bgra.
22:31:19.626 T:21384 DEBUG: Caching image 'http://image.tmdb.org/t/p/original/fVbnkSVsXhwpZXdCpuyBz8ZMI3k.jpg' to 'c/c5ac1e59.jpg':
22:31:19.646 T:21384 DEBUG: cached image 'special://masterprofile/Thumbnails/c/c5ac1e59.jpg' size 480x720
22:31:19.652 T:19752 DEBUG: CCurlFile::GetMimeType - http://image.tmdb.org/t/p/original/4QO8ZN6fS8V1hdIe6ODxwkxVYVi.jpg -> image/jpeg
22:31:19.652 T:19752 DEBUG: CurlFile::Open(0x1bf4e2c0) http://image.tmdb.org/t/p/original/4QO8ZN6fS8V1hdIe6ODxwkxVYVi.jpg
22:31:19.688 T:19752 DEBUG: ffmpeg[4D28]: [swscaler] No accelerated colorspace conversion found from yuv420p to bgra.
22:31:19.688 T:21384 ERROR: CImageLoader::DoWork - Direct texture file loading failed for special://masterprofile/Thumbnails/3/3eae9be7.jpg
22:31:19.695 T:19752 DEBUG: Caching image 'http://image.tmdb.org/t/p/original/4QO8ZN6fS8V1hdIe6ODxwkxVYVi.jpg' to '1/145fec3f.jpg':
22:31:19.716 T:19752 DEBUG: cached image 'special://masterprofile/Thumbnails/1/145fec3f.jpg' size 512x720
22:31:19.728 T:21384 DEBUG: CCurlFile::GetMimeType - http://image.tmdb.org/t/p/original/zQ1X6JKorMMP6nZpGUPLsPp6fH3.jpg -> image/jpeg
22:31:19.728 T:21384 DEBUG: CurlFile::Open(0x1bf4e2c0) http://image.tmdb.org/t/p/original/zQ1X6JKorMMP6nZpGUPLsPp6fH3.jpg
22:31:19.744 T:21384 DEBUG: ffmpeg[5388]: [swscaler] No accelerated colorspace conversion found from yuv420p to bgra.
22:31:19.746 T:21384 DEBUG: Caching image 'http://image.tmdb.org/t/p/original/zQ1X6JKorMMP6nZpGUPLsPp6fH3.jpg' to '3/3eae9be7.jpg':
22:31:19.754 T:21384 DEBUG: cached image 'special://masterprofile/Thumbnails/3/3eae9be7.jpg' size 540x720
22:31:19.757 T:19752 ERROR: CImageLoader::DoWork - Direct texture file loading failed for special://masterprofile/Thumbnails/d/d51856db.jpg
22:31:19.780 T:20864 NOTICE: script.module.metadatautils --> Rate limiter active for themoviedb.org - delaying request with 5 seconds - Configure a personal API key in the settings to get rid of this message and the delay.
22:31:19.789 T:19752 DEBUG: CCurlFile::GetMimeType - http://image.tmdb.org/t/p/original/25kLxS6AFsQMOBqG5dRK8Mwcz2c.jpg -> image/jpeg
22:31:19.789 T:19752 DEBUG: CurlFile::Open(0x1bf4d5c0) http://image.tmdb.org/t/p/original/25kLxS6AFsQMOBqG5dRK8Mwcz2c.jpg
22:31:19.795 T:18940 DEBUG: Keyboard: scancode: 0x50, sym: 0x0112, unicode: 0x0000, modifier: 0x0
22:31:19.795 T:18940 DEBUG: CInputManager::HandleKey: down (0xf081) pressed, action is Down
22:31:19.800 T:21384 DEBUG: ffmpeg[5388]: [swscaler] No accelerated colorspace conversion found from yuv420p to bgra.
22:31:19.801 T:21384 ERROR: CImageLoader::DoWork - Direct texture file loading failed for special://masterprofile/Thumbnails/f/fb130d06.jpg
22:31:19.813 T:19752 DEBUG: ffmpeg[4D28]: [swscaler] No accelerated colorspace conversion found from yuv420p to bgra.
22:31:19.816 T:19752 DEBUG: Caching image 'http://image.tmdb.org/t/p/original/25kLxS6AFsQMOBqG5dRK8Mwcz2c.jpg' to 'd/d51856db.jpg':
22:31:19.827 T:19752 DEBUG: cached image 'special://masterprofile/Thumbnails/d/d51856db.jpg' size 480x720
22:31:19.842 T:21384 DEBUG: CCurlFile::GetMimeType - http://image.tmdb.org/t/p/original/4GLnErLrLfban9JDCOsxB9Xeegq.jpg -> image/jpeg
22:31:19.842 T:21384 DEBUG: CurlFile::Open(0x1bf4d5c0) http://image.tmdb.org/t/p/original/4GLnErLrLfban9JDCOsxB9Xeegq.jpg
22:31:19.858 T:19752 ERROR: CImageLoader::DoWork - Direct texture file loading failed for special://masterprofile/Thumbnails/5/5f441453.jpg
22:31:19.870 T:21384 DEBUG: ffmpeg[5388]: [swscaler] No accelerated colorspace conversion found from yuv420p to bgra.
22:31:19.870 T:12644 DEBUG: CCurlFile::GetMimeType - http://image.tmdb.org/t/p/original/2XwcGtEogxsonaYwj7Zxy5aOBia.jpg -> image/jpeg
22:31:19.870 T:12644 DEBUG: CurlFile::Open(0x1bf4f640) http://image.tmdb.org/t/p/original/2XwcGtEogxsonaYwj7Zxy5aOBia.jpg
22:31:19.873 T:21384 DEBUG: Caching image 'http://image.tmdb.org/t/p/original/4GLnErLrLfban9JDCOsxB9Xeegq.jpg' to 'f/fb130d06.jpg':
22:31:19.887 T:12644 DEBUG: ffmpeg[3164]: [swscaler] No accelerated colorspace conversion found from yuv420p to bgra.
22:31:19.888 T:21384 DEBUG: cached image 'special://masterprofile/Thumbnails/f/fb130d06.jpg' size 480x720
22:31:19.888 T:12644 DEBUG: Caching image 'http://image.tmdb.org/t/p/original/2XwcGtEogxsonaYwj7Zxy5aOBia.jpg' to '1/1a121c3e.jpg':
22:31:19.895 T:12644 DEBUG: cached image 'special://masterprofile/Thumbnails/1/1a121c3e.jpg' size 480x720
22:31:19.928 T:18940 DEBUG: Keyboard: scancode: 0x50, sym: 0x0112, unicode: 0x0000, modifier: 0x0
22:31:19.949 T:21384 ERROR: CImageLoader::DoWork - Direct texture file loading failed for special://masterprofile/Thumbnails/a/ade46041.jpg
22:31:19.951 T:12644 DEBUG: ffmpeg[3164]: [swscaler] No accelerated colorspace conversion found from yuv420p to bgra.
22:31:19.952 T:12644 ERROR: CImageLoader::DoWork - Direct texture file loading failed for special://masterprofile/Thumbnails/a/a53cbcbe.jpg
22:31:19.985 T:12644 DEBUG: CCurlFile::GetMimeType - http://image.tmdb.org/t/p/original/pWblaPZrS9JdKLmV6PPGeBYeKM8.jpg -> image/jpeg
22:31:19.985 T:12644 DEBUG: CurlFile::Open(0x1bf4df80) http://image.tmdb.org/t/p/original/pWblaPZrS9JdKLmV6PPGeBYeKM8.jpg
22:31:20.006 T:12644 DEBUG: ffmpeg[3164]: [swscaler] No accelerated colorspace conversion found from yuv420p to bgra.
22:31:20.007 T:12644 DEBUG: Caching image 'http://image.tmdb.org/t/p/original/pWblaPZrS9JdKLmV6PPGeBYeKM8.jpg' to 'a/a53cbcbe.jpg':
22:31:20.014 T:12644 DEBUG: cached image 'special://masterprofile/Thumbnails/a/a53cbcbe.jpg' size 480x720
22:31:20.028 T:18940 DEBUG: Keyboard: scancode: 0x50, sym: 0x0112, unicode: 0x0000, modifier: 0x0
22:31:20.028 T:18940 DEBUG: CInputManager::HandleKey: down (0xf081) pressed, action is Down
22:31:20.055 T:12644 ERROR: CImageLoader::DoWork - Direct texture file loading failed for special://masterprofile/Thumbnails/7/7f847c71.jpg
22:31:20.126 T:20484 DEBUG: CCurlFile::GetMimeType - http://image.tmdb.org/t/p/original/z4R9GJfkEpiPBHI9aKHKv1FbMr3.jpg -> image/jpeg
22:31:20.126 T:20484 DEBUG: CurlFile::Open(0x1bf4f640) http://image.tmdb.org/t/p/original/z4R9GJfkEpiPBHI9aKHKv1FbMr3.jpg
22:31:20.145 T:18940 DEBUG: Keyboard: scancode: 0x50, sym: 0x0112, unicode: 0x0000, modifier: 0x0
22:31:20.146 T:20484 DEBUG: ffmpeg[5004]: [swscaler] No accelerated colorspace conversion found from yuv420p to bgra.
22:31:20.147 T:20484 DEBUG: Caching image 'http://image.tmdb.org/t/p/original/z4R9GJfkEpiPBHI9aKHKv1FbMr3.jpg' to 'f/f78b49eb.jpg':
22:31:20.158 T:20484 DEBUG: cached image 'special://masterprofile/Thumbnails/f/f78b49eb.jpg' size 540x720
22:31:20.199 T:20484 ERROR: CImageLoader::DoWork - Direct texture file loading failed for special://masterprofile/Thumbnails/1/15c5ac90.jpg
22:31:20.240 T:20484 DEBUG: CCurlFile::GetMimeType - http://image.tmdb.org/t/p/original/AjaexIh4nJ6Zc5vTO7TiBsuyM2L.jpg -> image/jpeg
22:31:20.240 T:20484 DEBUG: CurlFile::Open(0x1bf4f640) http://image.tmdb.org/t/p/original/AjaexIh4nJ6Zc5vTO7TiBsuyM2L.jpg
22:31:20.245 T:18940 DEBUG: Keyboard: scancode: 0x50, sym: 0x0112, unicode: 0x0000, modifier: 0x0
22:31:20.245 T:18940 DEBUG: CInputManager::HandleKey: down (0xf081) pressed, action is Down
22:31:20.283 T:20484 DEBUG: ffmpeg[5004]: [swscaler] No accelerated colorspace conversion found from yuv420p to bgra.
22:31:20.288 T:20484 DEBUG: Caching image 'http://image.tmdb.org/t/p/original/AjaexIh4nJ6Zc5vTO7TiBsuyM2L.jpg' to '1/15c5ac90.jpg':
22:31:20.304 T:20484 DEBUG: cached image 'special://masterprofile/Thumbnails/1/15c5ac90.jpg' size 520x720
22:31:20.341 T:20484 ERROR: CImageLoader::DoWork - Direct texture file loading failed for special://masterprofile/Thumbnails/0/00f01659.jpg
22:31:20.362 T:18940 DEBUG: Keyboard: scancode: 0x50, sym: 0x0112, unicode: 0x0000, modifier: 0x0
22:31:20.387 T:20484 DEBUG: CCurlFile::GetMimeType - http://image.tmdb.org/t/p/original/kNfYfgtxOFcFegDITtUPd4bYtcO.jpg -> image/jpeg
22:31:20.387 T:20484 DEBUG: CurlFile::Open(0x1bf4fcc0) http://image.tmdb.org/t/p/original/kNfYfgtxOFcFegDITtUPd4bYtcO.jpg
22:31:20.407 T:20484 DEBUG: ffmpeg[5004]: [swscaler] No accelerated colorspace conversion found from yuv420p to bgra.
22:31:20.408 T:20484 DEBUG: Caching image 'http://image.tmdb.org/t/p/original/kNfYfgtxOFcFegDITtUPd4bYtcO.jpg' to '0/00f01659.jpg':
22:31:20.416 T:20484 DEBUG: cached image 'special://masterprofile/Thumbnails/0/00f01659.jpg' size 540x720
22:31:20.450 T:20484 ERROR: CImageLoader::DoWork - Direct texture file loading failed for special://masterprofile/Thumbnails/a/aad91ff4.jpg
22:31:20.499 T:12668 DEBUG: CWebServer[8080]: request received for /jsonrpc
22:31:20.598 T:21384 DEBUG: Previous line repeats 1 times.
22:31:20.598 T:21384 DEBUG: CCurlFile::GetMimeType - http://image.tmdb.org/t/p/original/g5t6G3LlPI4QYM8ogTZ8vn4qWK9.jpg -> image/jpeg
22:31:20.598 T:21384 DEBUG: CurlFile::Open(0x1bf4df80) http://image.tmdb.org/t/p/original/g5t6G3LlPI4QYM8ogTZ8vn4qWK9.jpg
22:31:20.641 T:21384 DEBUG: ffmpeg[5388]: [swscaler] No accelerated colorspace conversion found from yuv420p to bgra.
22:31:20.645 T:21384 DEBUG: Caching image 'http://image.tmdb.org/t/p/original/g5t6G3LlPI4QYM8ogTZ8vn4qWK9.jpg' to 'a/ade46041.jpg':
22:31:20.646 T:12644 DEBUG: CCurlFile::GetMimeType - http://image.tmdb.org/t/p/original/xRoGhWNhmB3ya7UPhO9uSWzpg77.jpg -> image/jpeg
22:31:20.646 T:12644 DEBUG: CurlFile::Open(0x1bf4df80) http://image.tmdb.org/t/p/original/xRoGhWNhmB3ya7UPhO9uSWzpg77.jpg
22:31:20.659 T:21384 DEBUG: cached image 'special://masterprofile/Thumbnails/a/ade46041.jpg' size 480x720
22:31:20.671 T:12644 DEBUG: ffmpeg[3164]: [swscaler] No accelerated colorspace conversion found from yuv420p to bgra.
22:31:20.673 T:12644 DEBUG: Caching image 'http://image.tmdb.org/t/p/original/xRoGhWNhmB3ya7UPhO9uSWzpg77.jpg' to '7/7f847c71.jpg':
22:31:20.682 T:12644 DEBUG: cached image 'special://masterprofile/Thumbnails/7/7f847c71.jpg' size 550x720
22:31:20.729 T:21384 ERROR: CImageLoader::DoWork - Direct texture file loading failed for special://masterprofile/Thumbnails/0/0bfc0ce9.jpg
22:31:20.729 T:12644 ERROR: CImageLoader::DoWork - Direct texture file loading failed for special://masterprofile/Thumbnails/d/d4fa918a.jpg
22:31:20.758 T:12644 DEBUG: CCurlFile::GetMimeType - http://image.tmdb.org/t/p/original/h9H7KrorUlf3fYxJXOcI5QkZAYk.jpg -> image/jpeg
22:31:20.758 T:12644 DEBUG: CurlFile::Open(0x1bf4df80) http://image.tmdb.org/t/p/original/h9H7KrorUlf3fYxJXOcI5QkZAYk.jpg
22:31:20.767 T:21384 DEBUG: CCurlFile::GetMimeType - http://image.tmdb.org/t/p/original/xHoV8u9nYztHL4zzs0zFAPZNChs.jpg -> image/jpeg
22:31:20.767 T:21384 DEBUG: CurlFile::Open(0x1bf4fcc0) http://image.tmdb.org/t/p/original/xHoV8u9nYztHL4zzs0zFAPZNChs.jpg
22:31:20.816 T:12644 DEBUG: ffmpeg[3164]: [swscaler] No accelerated colorspace conversion found from yuv420p to bgra.
22:31:20.824 T:21384 DEBUG: ffmpeg[5388]: [swscaler] No accelerated colorspace conversion found from yuv420p to bgra.
22:31:20.830 T:12644 DEBUG: Caching image 'http://image.tmdb.org/t/p/original/h9H7KrorUlf3fYxJXOcI5QkZAYk.jpg' to 'd/d4fa918a.jpg':
22:31:20.838 T:21384 DEBUG: Caching image 'http://image.tmdb.org/t/p/original/xHoV8u9nYztHL4zzs0zFAPZNChs.jpg' to '0/0bfc0ce9.jpg':
22:31:20.860 T:19752 DEBUG: CCurlFile::GetMimeType - http://image.tmdb.org/t/p/original/AkMqr8oEa1AtVRSdG6iECMtipoH.jpg -> image/jpeg
22:31:20.860 T:19752 DEBUG: CurlFile::Open(0x1bf4df80) http://image.tmdb.org/t/p/original/AkMqr8oEa1AtVRSdG6iECMtipoH.jpg
22:31:20.870 T:21384 DEBUG: cached image 'special://masterprofile/Thumbnails/0/0bfc0ce9.jpg' size 486x720
22:31:20.871 T:12644 DEBUG: cached image 'special://masterprofile/Thumbnails/d/d4fa918a.jpg' size 480x720
22:31:20.893 T:19752 DEBUG: ffmpeg[4D28]: [swscaler] No accelerated colorspace conversion found from yuv420p to bgra.
22:31:20.897 T:19752 DEBUG: Caching image 'http://image.tmdb.org/t/p/original/AkMqr8oEa1AtVRSdG6iECMtipoH.jpg' to '5/5f441453.jpg':
22:31:20.910 T:19752 DEBUG: cached image 'special://masterprofile/Thumbnails/5/5f441453.jpg' size 480x720
22:31:20.937 T:12644 ERROR: CImageLoader::DoWork - Direct texture file loading failed for special://masterprofile/Thumbnails/f/f504f20d.jpg
22:31:20.960 T:19752 ERROR: CImageLoader::DoWork - Direct texture file loading failed for special://masterprofile/Thumbnails/2/2dcdd99b.jpg
