22:30:58.067 T:12644 DEBUG: ffmpeg[3164]: [swscaler] No accelerated colorspace conversion found from yuv420p to bgra.
22:30:58.068 T:20484 DEBUG: ffmpeg[5004]: [swscaler] No accelerated colorspace conversion found from yuv420p to bgra.
22:30:58.100 T:21384 DEBUG: CCurlFile::GetMimeType - http://image.tmdb.org/t/p/original/6XqgDOyzygeO3BJPpPp6M7fhjUy.jpg -> image/jpeg
22:30:58.100 T:21384 DEBUG: CurlFile::Open(0x3a135860) http://image.tmdb.org/t/p/original/6XqgDOyzygeO3BJPpPp6M7fhjUy.jpg
22:30:58.145 T:19752 DEBUG: CCurlFile::GetMimeType - http://image.tmdb.org/t/p/original/jxdSxqAFrdioKgXwgTs5Qfbazjq.jpg -> image/jpeg
22:30:58.145 T:19752 DEBUG: CurlFile::Open(0x3a133e60) http://image.tmdb.org/t/p/original/jxdSxqAFrdioKgXwgTs5Qfbazjq.jpg
22:30:58.162 T:20484 ERROR: CImageLoader::DoWork - Direct texture file loading failed for special://masterprofile/Thumbnails/3/3f2698e8.jpg
22:30:58.167 T:12644 DEBUG: ffmpeg[3164]: [swscaler] No accelerated colorspace conversion found from yuv420p to bgra.
22:30:58.190 T:12644 DEBUG: Previous line repeats 1 times.
22:30:58.190 T:12644 ERROR: CImageLoader::DoWork - Direct texture file loading failed for special://masterprofile/Thumbnails/3/3f2698e8.jpg
22:30:58.194 T:18940 DEBUG: Keyboard: scancode: 0x50, sym: 0x0112, unicode: 0x0000, modifier: 0x0
22:30:58.194 T:20484 DEBUG: CCurlFile::GetMimeType - http://image.tmdb.org/t/p/original/mkjFIWLwqhG3VwcN38FIwzMzpo1.jpg -> image/jpeg
22:30:58.194 T:20484 DEBUG: CurlFile::Open(0x3a135ba0) http://image.tmdb.org/t/p/original/mkjFIWLwqhG3VwcN38FIwzMzpo1.jpg
22:30:58.204 T:19752 DEBUG: ffmpeg[4D28]: [swscaler] No accelerated colorspace conversion found from yuv420p to bgra.
22:30:58.208 T:19752 DEBUG: Caching image 'http://image.tmdb.org/t/p/original/jxdSxqAFrdioKgXwgTs5Qfbazjq.jpg' to '9/9675fb27.jpg':
22:30:58.208 T:19752 DEBUG: cached image 'special://masterprofile/Thumbnails/9/9675fb27.jpg' size 1920x1080
22:30:58.226 T:20484 DEBUG: ffmpeg[5004]: [swscaler] No accelerated colorspace conversion found from yuv420p to bgra.
22:30:58.229 T:20484 DEBUG: Caching image 'http://image.tmdb.org/t/p/original/mkjFIWLwqhG3VwcN38FIwzMzpo1.jpg' to '3/3f2698e8.jpg':
22:30:58.249 T:20484 DEBUG: cached image 'special://masterprofile/Thumbnails/3/3f2698e8.jpg' size 480x720
22:30:58.265 T:21384 DEBUG: Caching image 'http://image.tmdb.org/t/p/original/6XqgDOyzygeO3BJPpPp6M7fhjUy.jpg' to '8/8c448212.jpg':
22:30:58.301 T:21384 DEBUG: cached image 'special://masterprofile/Thumbnails/8/8c448212.jpg' size 480x720
22:30:58.327 T:18940 DEBUG: Keyboard: scancode: 0x50, sym: 0x0112, unicode: 0x0000, modifier: 0x0
22:30:58.327 T:18940 DEBUG: CInputManager::HandleKey: down (0xf081) pressed, action is Down
22:30:58.347 T:12644 ERROR: CImageLoader::DoWork - Direct texture file loading failed for special://masterprofile/Thumbnails/3/3f586fa7.jpg
22:30:58.350 T:21384 DEBUG: ffmpeg[5388]: [swscaler] No accelerated colorspace conversion found from yuv420p to bgra.
22:30:58.350 T:20484 DEBUG: ffmpeg[5004]: [swscaler] No accelerated colorspace conversion found from yuv420p to bgra.
22:30:58.351 T:21384 ERROR: CImageLoader::DoWork - Direct texture file loading failed for special://masterprofile/Thumbnails/0/0ce3ee13.jpg
22:30:58.351 T:20484 ERROR: CImageLoader::DoWork - Direct texture file loading failed for special://masterprofile/Thumbnails/8/841447b3.jpg
22:30:58.378 T:12644 DEBUG: CCurlFile::GetMimeType - http://image.tmdb.org/t/p/original/39nstYsfjR6ggyKTtB4Joga2fs8.jpg -> image/jpeg
22:30:58.378 T:12644 DEBUG: CurlFile::Open(0x3a136be0) http://image.tmdb.org/t/p/original/39nstYsfjR6ggyKTtB4Joga2fs8.jpg
22:30:58.386 T:20484 DEBUG: CCurlFile::GetMimeType - http://image.tmdb.org/t/p/original/lHybMxfRvGJAIEctTPpjsycCCVO.jpg -> image/jpeg
22:30:58.386 T:20484 DEBUG: CurlFile::Open(0x3a133e60) http://image.tmdb.org/t/p/original/lHybMxfRvGJAIEctTPpjsycCCVO.jpg
22:30:58.399 T:19752 DEBUG: CCurlFile::GetMimeType - https://assets.fanart.tv/fanart/movies/49538/moviethumb/x-men-first-class-51ba1c9e0e547.jpg -> image/jpeg
22:30:58.399 T:19752 DEBUG: CurlFile::Open(0x3a137260) https://assets.fanart.tv/fanart/movies/49538/moviethumb/x-men-first-class-51ba1c9e0e547.jpg
22:30:58.406 T:12644 DEBUG: ffmpeg[3164]: [swscaler] No accelerated colorspace conversion found from yuv420p to bgra.
22:30:58.412 T:12644 DEBUG: Caching image 'http://image.tmdb.org/t/p/original/39nstYsfjR6ggyKTtB4Joga2fs8.jpg' to '3/3f586fa7.jpg':
22:30:58.412 T:12644 DEBUG: cached image 'special://masterprofile/Thumbnails/3/3f586fa7.jpg' size 1920x1080
22:30:58.426 T:20484 DEBUG: ffmpeg[5004]: [swscaler] No accelerated colorspace conversion found from yuv420p to bgra.
22:30:58.444 T:18940 DEBUG: Keyboard: scancode: 0x50, sym: 0x0112, unicode: 0x0000, modifier: 0x0
22:30:58.447 T:20484 DEBUG: Caching image 'http://image.tmdb.org/t/p/original/lHybMxfRvGJAIEctTPpjsycCCVO.jpg' to '8/841447b3.jpg':
22:30:58.477 T:12644 ERROR: CImageLoader::DoWork - Direct texture file loading failed for special://masterprofile/Thumbnails/9/9bac5cf3.jpg
22:30:58.483 T:20484 DEBUG: cached image 'special://masterprofile/Thumbnails/8/841447b3.jpg' size 480x720
22:30:58.508 T:12644 DEBUG: CCurlFile::GetMimeType - http://image.tmdb.org/t/p/original/pdXzeqduaNgB01iji1EP83LB28G.jpg -> image/jpeg
22:30:58.508 T:12644 DEBUG: CurlFile::Open(0x3a136be0) http://image.tmdb.org/t/p/original/pdXzeqduaNgB01iji1EP83LB28G.jpg
22:30:58.518 T:19752 DEBUG: ffmpeg[4D28]: [swscaler] No accelerated colorspace conversion found from yuv420p to bgra.
22:30:58.519 T:19752 DEBUG: Caching image 'https://assets.fanart.tv/fanart/movies/49538/moviethumb/x-men-first-class-51ba1c9e0e547.jpg' to 'b/b76f0e22.jpg':
22:30:58.519 T:19752 DEBUG: cached image 'special://masterprofile/Thumbnails/b/b76f0e22.jpg' size 1000x562
22:30:58.523 T:20484 ERROR: CImageLoader::DoWork - Direct texture file loading failed for special://masterprofile/Thumbnails/f/fea01fcd.jpg
22:30:58.551 T:20484 DEBUG: CCurlFile::GetMimeType - http://image.tmdb.org/t/p/original/nYuM4Wy9LySIN1crmJ1KlKDz44z.jpg -> image/jpeg
22:30:58.551 T:20484 DEBUG: CurlFile::Open(0x3a135860) http://image.tmdb.org/t/p/original/nYuM4Wy9LySIN1crmJ1KlKDz44z.jpg
22:30:58.570 T:20484 DEBUG: ffmpeg[5004]: [swscaler] No accelerated colorspace conversion found from yuv420p to bgra.
22:30:58.571 T:20484 DEBUG: Caching image 'http://image.tmdb.org/t/p/original/nYuM4Wy9LySIN1crmJ1KlKDz44z.jpg' to 'f/fea01fcd.jpg':
22:30:58.571 T:20484 DEBUG: cached image 'special://masterprofile/Thumbnails/f/fea01fcd.jpg' size 457x640
22:30:58.571 T:18100 NOTICE: script.module.metadatautils --> Rate limiter active for themoviedb.org - delaying request with 5 seconds - Configure a personal API key in the settings to get rid of this message and the delay.
22:30:58.577 T:18940 DEBUG: Keyboard: scancode: 0x50, sym: 0x0112, unicode: 0x0000, modifier: 0x0
22:30:58.577 T:18940 DEBUG: CInputManager::HandleKey: down (0xf081) pressed, action is Down
22:30:58.578 T:19752 ERROR: CImageLoader::DoWork - Direct texture file loading failed for special://masterprofile/Thumbnails/3/370986de.jpg
22:30:58.582 T:12644 DEBUG: ffmpeg[3164]: [swscaler] No accelerated colorspace conversion found from yuv420p to bgra.
22:30:58.586 T:20972 NOTICE: script.module.metadatautils --> Rate limiter active for themoviedb.org - delaying request with 5 seconds - Configure a personal API key in the settings to get rid of this message and the delay.
22:30:58.595 T:12644 DEBUG: Caching image 'http://image.tmdb.org/t/p/original/pdXzeqduaNgB01iji1EP83LB28G.jpg' to '9/9bac5cf3.jpg':
22:30:58.613 T:19752 DEBUG: CCurlFile::GetMimeType - http://image.tmdb.org/t/p/original/rtr0l61RxLPkmZHbZj0WFlGx5G5.jpg -> image/jpeg
22:30:58.613 T:19752 DEBUG: CurlFile::Open(0x3a135860) http://image.tmdb.org/t/p/original/rtr0l61RxLPkmZHbZj0WFlGx5G5.jpg
22:30:58.632 T:12644 DEBUG: cached image 'special://masterprofile/Thumbnails/9/9bac5cf3.jpg' size 480x720
22:30:58.633 T:21384 DEBUG: CCurlFile::GetMimeType - http://image.tmdb.org/t/p/original/m7sQfNuH0M8wLQtgdyHp57lMDe5.jpg -> image/jpeg
22:30:58.634 T:21384 DEBUG: CurlFile::Open(0x3a136be0) http://image.tmdb.org/t/p/original/m7sQfNuH0M8wLQtgdyHp57lMDe5.jpg
22:30:58.649 T:19752 DEBUG: ffmpeg[4D28]: [swscaler] No accelerated colorspace conversion found from yuv420p to bgra.
22:30:58.654 T:19752 DEBUG: Caching image 'http://image.tmdb.org/t/p/original/rtr0l61RxLPkmZHbZj0WFlGx5G5.jpg' to '3/370986de.jpg':
22:30:58.654 T:19752 DEBUG: cached image 'special://masterprofile/Thumbnails/3/370986de.jpg' size 1920x1080
22:30:58.665 T:20484 DEBUG: CCurlFile::GetMimeType - https://assets.fanart.tv/fanart/movies/301337/moviethumb/downsizing-5a6f4a7e0d1ba.jpg -> image/jpeg
22:30:58.665 T:20484 DEBUG: CurlFile::Open(0x3a133e60) https://assets.fanart.tv/fanart/movies/301337/moviethumb/downsizing-5a6f4a7e0d1ba.jpg
22:30:58.665 T:21384 DEBUG: ffmpeg[5388]: [swscaler] No accelerated colorspace conversion found from yuv420p to bgra.
22:30:58.669 T:21384 DEBUG: Caching image 'http://image.tmdb.org/t/p/original/m7sQfNuH0M8wLQtgdyHp57lMDe5.jpg' to '0/0ce3ee13.jpg':
22:30:58.670 T:12644 DEBUG: ffmpeg[3164]: [swscaler] No accelerated colorspace conversion found from yuv420p to bgra.
22:30:58.671 T:12644 ERROR: CImageLoader::DoWork - Direct texture file loading failed for special://masterprofile/Thumbnails/2/25c51737.jpg
22:30:58.683 T:21384 DEBUG: cached image 'special://masterprofile/Thumbnails/0/0ce3ee13.jpg' size 480x720
22:30:58.694 T:18940 DEBUG: Keyboard: scancode: 0x50, sym: 0x0112, unicode: 0x0000, modifier: 0x0
22:30:58.721 T:20484 DEBUG: Caching image 'https://assets.fanart.tv/fanart/movies/301337/moviethumb/downsizing-5a6f4a7e0d1ba.jpg' to '6/60a97a01.jpg':
22:30:58.721 T:20484 DEBUG: cached image 'special://masterprofile/Thumbnails/6/60a97a01.jpg' size 1000x562
22:30:58.749 T:21384 ERROR: CImageLoader::DoWork - Direct texture file loading failed for special://masterprofile/Thumbnails/2/266fbe92.jpg
22:30:58.765 T:19752 ERROR: CImageLoader::DoWork - Direct texture file loading failed for special://masterprofile/Thumbnails/5/593e06c3.jpg
22:30:58.765 T:20484 ERROR: CImageLoader::DoWork - Direct texture file loading failed for special://masterprofile/Thumbnails/4/4d6eaa7e.jpg
22:30:58.795 T:19752 DEBUG: CCurlFile::GetMimeType - http://image.tmdb.org/t/p/original/93vl1h5epOlHK0NaL5GS0DVHUfH.jpg -> image/jpeg
22:30:58.795 T:19752 DEBUG: CurlFile::Open(0x3a133e60) http://image.tmdb.org/t/p/original/93vl1h5epOlHK0NaL5GS0DVHUfH.jpg
22:30:58.798 T:21384 DEBUG: CCurlFile::GetMimeType - http://image.tmdb.org/t/p/original/vhVvCUjBqRWbbqA3qFvT9UbloYO.jpg -> image/jpeg
22:30:58.798 T:21384 DEBUG: CurlFile::Open(0x3a135ba0) http://image.tmdb.org/t/p/original/vhVvCUjBqRWbbqA3qFvT9UbloYO.jpg
22:30:58.811 T:18940 DEBUG: Keyboard: scancode: 0x50, sym: 0x0112, unicode: 0x0000, modifier: 0x0
22:30:58.811 T:18940 DEBUG: CInputManager::HandleKey: down (0xf081) pressed, action is Down
22:30:58.811 T:20484 DEBUG: CCurlFile::GetMimeType - http://image.tmdb.org/t/p/original/8qUrVFsCnBi7lQ0Qo3ugVrZUt8n.jpg -> image/jpeg
22:30:58.811 T:20484 DEBUG: CurlFile::Open(0x3a136be0) http://image.tmdb.org/t/p/original/8qUrVFsCnBi7lQ0Qo3ugVrZUt8n.jpg
22:30:58.827 T:21384 DEBUG: ffmpeg[5388]: [swscaler] No accelerated colorspace conversion found from yuv420p to bgra.
22:30:58.831 T:21384 DEBUG: Caching image 'http://image.tmdb.org/t/p/original/vhVvCUjBqRWbbqA3qFvT9UbloYO.jpg' to '2/266fbe92.jpg':
22:30:58.848 T:21384 DEBUG: cached image 'special://masterprofile/Thumbnails/2/266fbe92.jpg' size 480x720
22:30:58.884 T:19752 DEBUG: ffmpeg[4D28]: [swscaler] No accelerated colorspace conversion found from yuv420p to bgra.
22:30:58.890 T:21384 ERROR: CImageLoader::DoWork - Direct texture file loading failed for special://masterprofile/Thumbnails/2/28054bdb.jpg
22:30:58.896 T:20484 DEBUG: Caching image 'http://image.tmdb.org/t/p/original/8qUrVFsCnBi7lQ0Qo3ugVrZUt8n.jpg' to '4/4d6eaa7e.jpg':
22:30:58.913 T:19752 DEBUG: Caching image 'http://image.tmdb.org/t/p/original/93vl1h5epOlHK0NaL5GS0DVHUfH.jpg' to '5/593e06c3.jpg':
22:30:58.920 T:20484 DEBUG: cached image 'special://masterprofile/Thumbnails/4/4d6eaa7e.jpg' size 480x720
22:30:58.932 T:21384 DEBUG: CCurlFile::GetMimeType - http://image.tmdb.org/t/p/original/tZGKKeWGejt63jiSdi7MTAjCFE9.jpg -> image/jpeg
22:30:58.932 T:21384 DEBUG: CurlFile::Open(0x3a133e60) http://image.tmdb.org/t/p/original/tZGKKeWGejt63jiSdi7MTAjCFE9.jpg
22:30:58.944 T:18940 DEBUG: Keyboard: scancode: 0x50, sym: 0x0112, unicode: 0x0000, modifier: 0x0
22:30:58.973 T:19752 DEBUG: cached image 'special://masterprofile/Thumbnails/5/593e06c3.jpg' size 540x720
22:30:58.974 T:21384 DEBUG: ffmpeg[5388]: [swscaler] No accelerated colorspace conversion found from yuv420p to bgra.
22:30:58.979 T:21384 DEBUG: Caching image 'http://image.tmdb.org/t/p/original/tZGKKeWGejt63jiSdi7MTAjCFE9.jpg' to '2/28054bdb.jpg':
22:30:58.979 T:21384 DEBUG: cached image 'special://masterprofile/Thumbnails/2/28054bdb.jpg' size 1920x1080
22:30:59.023 T:20484 DEBUG: CCurlFile::GetMimeType - https://assets.fanart.tv/fanart/movies/57800/moviethumb/ice-age-continental-drift-5529cedfd6bf4.jpg -> image/jpeg
22:30:59.023 T:20484 DEBUG: CurlFile::Open(0x3a133e60) https://assets.fanart.tv/fanart/movies/57800/moviethumb/ice-age-continental-drift-5529cedfd6bf4.jpg
22:30:59.045 T:19752 ERROR: CImageLoader::DoWork - Direct texture file loading failed for special://masterprofile/Thumbnails/0/04eec551.jpg
22:30:59.045 T:21384 ERROR: CImageLoader::DoWork - Direct texture file loading failed for special://masterprofile/Thumbnails/e/ef8ca08b.jpg
22:30:59.058 T:12668 DEBUG: CWebServer[8080]: request received for /jsonrpc
22:30:59.060 T:18940 DEBUG: Keyboard: scancode: 0x50, sym: 0x0112, unicode: 0x0000, modifier: 0x0
22:30:59.060 T:18940 DEBUG: CInputManager::HandleKey: down (0xf081) pressed, action is Down
22:30:59.068 T:12668 DEBUG: CWebServer[8080]: request received for /jsonrpc
22:30:59.073 T:21384 DEBUG: CCurlFile::GetMimeType - http://image.tmdb.org/t/p/original/Nsde38XSWQXfwZ7sLPlAOGLvCS.jpg -> image/jpeg
22:30:59.073 T:21384 DEBUG: CurlFile::Open(0x3a135ba0) http://image.tmdb.org/t/p/original/Nsde38XSWQXfwZ7sLPlAOGLvCS.jpg
22:30:59.075 T:19752 DEBUG: CCurlFile::GetMimeType - http://image.tmdb.org/t/p/original/n9dwu1p5G4qJ4DI5eHJMUbAdOfA.jpg -> image/jpeg
22:30:59.075 T:19752 DEBUG: CurlFile::Open(0x3a136be0) http://image.tmdb.org/t/p/original/n9dwu1p5G4qJ4DI5eHJMUbAdOfA.jpg
22:30:59.084 T:20484 DEBUG: Caching image 'https://assets.fanart.tv/fanart/movies/57800/moviethumb/ice-age-continental-drift-5529cedfd6bf4.jpg' to 'e/e1d4d88c.jpg':
22:30:59.084 T:20484 DEBUG: cached image 'special://masterprofile/Thumbnails/e/e1d4d88c.jpg' size 1000x562
22:30:59.116 T:20484 ERROR: CImageLoader::DoWork - Direct texture file loading failed for special://masterprofile/Thumbnails/3/31b0a6e4.jpg
22:30:59.148 T:20484 DEBUG: CCurlFile::GetMimeType - http://image.tmdb.org/t/p/original/yq2DGzM0kNWtGwkplGAcEEM4eSH.jpg -> image/jpeg
22:30:59.149 T:20484 DEBUG: CurlFile::Open(0x3a133e60) http://image.tmdb.org/t/p/original/yq2DGzM0kNWtGwkplGAcEEM4eSH.jpg
22:30:59.170 T:19752 DEBUG: Caching image 'http://image.tmdb.org/t/p/original/n9dwu1p5G4qJ4DI5eHJMUbAdOfA.jpg' to '0/04eec551.jpg':
22:30:59.177 T:20484 DEBUG: ffmpeg[5004]: [swscaler] No accelerated colorspace conversion found from yuv420p to bgra.
22:30:59.177 T:18940 DEBUG: Keyboard: scancode: 0x50, sym: 0x0112, unicode: 0x0000, modifier: 0x0
22:30:59.182 T:20484 DEBUG: Caching image 'http://image.tmdb.org/t/p/original/yq2DGzM0kNWtGwkplGAcEEM4eSH.jpg' to '3/31b0a6e4.jpg':
22:30:59.185 T:21384 DEBUG: Caching image 'http://image.tmdb.org/t/p/original/Nsde38XSWQXfwZ7sLPlAOGLvCS.jpg' to 'e/ef8ca08b.jpg':
22:30:59.197 T:20484 DEBUG: cached image 'special://masterprofile/Thumbnails/3/31b0a6e4.jpg' size 480x720
22:30:59.199 T:19752 DEBUG: cached image 'special://masterprofile/Thumbnails/0/04eec551.jpg' size 480x720
22:30:59.222 T:21384 DEBUG: cached image 'special://masterprofile/Thumbnails/e/ef8ca08b.jpg' size 480x720
22:30:59.284 T:20484 ERROR: CImageLoader::DoWork - Direct texture file loading failed for special://masterprofile/Thumbnails/1/16bad848.jpg
22:30:59.284 T:19752 ERROR: CImageLoader::DoWork - Direct texture file loading failed for special://masterprofile/Thumbnails/1/106a5ae6.jpg
22:30:59.284 T:21384 ERROR: CImageLoader::DoWork - Direct texture file loading failed for special://masterprofile/Thumbnails/8/819b0d85.jpg
22:30:59.312 T:19752 DEBUG: CCurlFile::GetMimeType - http://image.tmdb.org/t/p/original/38qfEWsoTEP898vtSDge3UGhirS.jpg -> image/jpeg
22:30:59.312 T:19752 DEBUG: CurlFile::Open(0x3a137260) http://image.tmdb.org/t/p/original/38qfEWsoTEP898vtSDge3UGhirS.jpg
22:30:59.314 T:20484 DEBUG: CCurlFile::GetMimeType - http://image.tmdb.org/t/p/original/8bXVTfPGlxBmz8p3QsHEdqDcZCC.jpg -> image/jpeg
22:30:59.314 T:20484 DEBUG: CurlFile::Open(0x3a1375a0) http://image.tmdb.org/t/p/original/8bXVTfPGlxBmz8p3QsHEdqDcZCC.jpg
22:30:59.315 T:21384 DEBUG: CCurlFile::GetMimeType - http://image.tmdb.org/t/p/original/xgXAF5G9HxnqmAUBPlpz4dxxjdy.jpg -> image/jpeg
22:30:59.315 T:21384 DEBUG: CurlFile::Open(0x3a135860) http://image.tmdb.org/t/p/original/xgXAF5G9HxnqmAUBPlpz4dxxjdy.jpg
22:30:59.345 T:21384 DEBUG: ffmpeg[5388]: [swscaler] No accelerated colorspace conversion found from yuv420p to bgra.
22:30:59.350 T:21384 DEBUG: Caching image 'http://image.tmdb.org/t/p/original/xgXAF5G9HxnqmAUBPlpz4dxxjdy.jpg' to '8/819b0d85.jpg':
22:30:59.350 T:21384 DEBUG: cached image 'special://masterprofile/Thumbnails/8/819b0d85.jpg' size 1920x1080
22:30:59.396 T:20484 DEBUG: ffmpeg[5004]: [swscaler] No accelerated colorspace conversion found from yuv420p to bgra.
22:30:59.409 T:20484 DEBUG: Caching image 'http://image.tmdb.org/t/p/original/8bXVTfPGlxBmz8p3QsHEdqDcZCC.jpg' to '1/16bad848.jpg':
22:30:59.413 T:19752 DEBUG: ffmpeg[4D28]: [swscaler] No accelerated colorspace conversion found from yuv420p to bgra.
22:30:59.421 T:21384 ERROR: CImageLoader::DoWork - Direct texture file loading failed for special://masterprofile/Thumbnails/f/fd7fc8a6.jpg
22:30:59.427 T:19752 DEBUG: Caching image 'http://image.tmdb.org/t/p/original/38qfEWsoTEP898vtSDge3UGhirS.jpg' to '1/106a5ae6.jpg':
22:30:59.445 T:20484 DEBUG: cached image 'special://masterprofile/Thumbnails/1/16bad848.jpg' size 480x720
22:30:59.464 T:19752 DEBUG: cached image 'special://masterprofile/Thumbnails/1/106a5ae6.jpg' size 480x720
22:30:59.512 T:19752 ERROR: CImageLoader::DoWork - Direct texture file loading failed for special://masterprofile/Thumbnails/c/c3c2559c.jpg
22:30:59.514 T:20484 DEBUG: ffmpeg[5004]: [swscaler] No accelerated colorspace conversion found from yuv420p to bgra.
22:30:59.515 T:20484 ERROR: CImageLoader::DoWork - Direct texture file loading failed for special://masterprofile/Thumbnails/9/923a41d6.jpg
22:30:59.556 T:20484 DEBUG: CCurlFile::GetMimeType - http://image.tmdb.org/t/p/original/zgxyy3VUnoqeFey59Ev9a0k9CQp.jpg -> image/jpeg
22:30:59.556 T:20484 DEBUG: CurlFile::Open(0x3a137260) http://image.tmdb.org/t/p/original/zgxyy3VUnoqeFey59Ev9a0k9CQp.jpg
22:30:59.583 T:12644 DEBUG: CCurlFile::GetMimeType - http://image.tmdb.org/t/p/original/qTAZqYdqgkwlJMnxQilLRzNp5P4.jpg -> image/jpeg
22:30:59.583 T:12644 DEBUG: CurlFile::Open(0x3a135ba0) http://image.tmdb.org/t/p/original/qTAZqYdqgkwlJMnxQilLRzNp5P4.jpg
22:30:59.623 T:20484 DEBUG: ffmpeg[5004]: [swscaler] No accelerated colorspace conversion found from yuv420p to bgra.
22:30:59.636 T:20484 DEBUG: Caching image 'http://image.tmdb.org/t/p/original/zgxyy3VUnoqeFey59Ev9a0k9CQp.jpg' to '9/923a41d6.jpg':
22:30:59.650 T:12644 DEBUG: ffmpeg[3164]: [swscaler] No accelerated colorspace conversion found from yuv420p to bgra.
22:30:59.664 T:12644 DEBUG: Caching image 'http://image.tmdb.org/t/p/original/qTAZqYdqgkwlJMnxQilLRzNp5P4.jpg' to '2/25c51737.jpg':
22:30:59.671 T:20484 DEBUG: cached image 'special://masterprofile/Thumbnails/9/923a41d6.jpg' size 480x720
22:30:59.699 T:12644 DEBUG: cached image 'special://masterprofile/Thumbnails/2/25c51737.jpg' size 480x720
22:30:59.710 T:20484 DEBUG: ffmpeg[5004]: [swscaler] No accelerated colorspace conversion found from yuv420p to bgra.
22:30:59.777 T:18940 DEBUG: Keyboard: scancode: 0x0e, sym: 0x0008, unicode: 0x0008, modifier: 0x0
22:30:59.894 T:18940 DEBUG: Keyboard: scancode: 0x0e, sym: 0x0008, unicode: 0x0000, modifier: 0x0
22:30:59.894 T:18940 DEBUG: CInputManager::HandleKey: backspace (0xf008) pressed, action is Back
22:30:59.894 T:18940 DEBUG: CGUIWindowManager::PreviousWindow: Deactivate
22:31:00.097 T:18940 DEBUG: ------ Window Deinit (MyVideoNav.xml) ------
22:31:00.111 T:18940 DEBUG: CGUIWindowManager::PreviousWindow: Activate new
22:31:00.111 T:18940 DEBUG: ------ Window Init (Home.xml) ------
22:31:00.111 T:18940 DEBUG: [Warning] CGUITextureManager::GetTexturePath: could not find texture '-'
22:31:00.115 T:21068 DEBUG: Previous line repeats 6 times.
22:31:00.115 T:21068 DEBUG: Thread LanguageInvoker start, auto delete: false
22:31:00.115 T:21068 INFO: initializing python engine.
22:31:00.115 T:21068 DEBUG: CPythonInvoker(62, C:\Users\PC Nice\AppData\Roaming\Kodi\addons\script.skinshortcuts\default.py): start processing
22:31:00.119 T:12644 DEBUG: [Warning] CGUITextureManager::GetTexturePath: could not find texture 'None'
22:31:00.144 T:18940 DEBUG: started alarm with name: trailer_delay
22:31:00.235 T:21068 DEBUG: -->Python Interpreter Initialized<--
22:31:00.235 T:21068 DEBUG: CPythonInvoker(62, C:\Users\PC Nice\AppData\Roaming\Kodi\addons\script.skinshortcuts\default.py): the source file to load is "C:\Users\PC Nice\AppData\Roaming\Kodi\addons\script.skinshortcuts\default.py"
22:31:00.235 T:21068 DEBUG: CPythonInvoker(62, C:\Users\PC Nice\AppData\Roaming\Kodi\addons\script.skinshortcuts\default.py): setting the Python path to C:\Users\PC Nice\AppData\Roaming\Kodi\addons\script.skinshortcuts;C:\Users\PC Nice\AppData\Roaming\Kodi\addons\script.module.simplejson\lib;C:\Users\PC Nice\AppData\Roaming\Kodi\addons\script.module.unidecode\lib;C:\Program Files\Kodi\system\python\DLLs;C:\Program Files\Kodi\system\python\Lib;C:\Program Files\Kodi\python27.zip;C:\Program Files\Kodi\system\python\lib\plat-win;C:\Program Files\Kodi\system\python\lib\lib-tk;C:\Program Files\Kodi;C:\Program Files\Kodi\system\python;C:\Program Files\Kodi\system\python\lib\site-packages
22:31:00.235 T:21068 DEBUG: CPythonInvoker(62, C:\Users\PC Nice\AppData\Roaming\Kodi\addons\script.skinshortcuts\default.py): entering source directory C:\Users\PC Nice\AppData\Roaming\Kodi\addons\script.skinshortcuts
22:31:00.235 T:21068 DEBUG: CPythonInvoker(62, C:\Users\PC Nice\AppData\Roaming\Kodi\addons\script.skinshortcuts\default.py): instantiating addon using automatically obtained id of "script.skinshortcuts" dependent on version 2.20.0 of the xbmc.python api
22:31:00.424 T:21384 DEBUG: CCurlFile::GetMimeType - http://image.tmdb.org/t/p/original/pKgTByKGXTiiHZurezSGGzBlqNt.jpg -> image/jpeg
22:31:00.424 T:21384 DEBUG: CurlFile::Open(0x3a137260) http://image.tmdb.org/t/p/original/pKgTByKGXTiiHZurezSGGzBlqNt.jpg
22:31:00.444 T:18940 DEBUG: Keyboard: scancode: 0x0e, sym: 0x0008, unicode: 0x0008, modifier: 0x0
22:31:00.448 T:21068 DEBUG: CAddonSettings[script.skinshortcuts]: loading setting definitions
22:31:00.448 T:21068 DEBUG: CAddonSettings[script.skinshortcuts]: trying to load setting definitions from old format...
22:31:00.448 T:21384 DEBUG: ffmpeg[5388]: [swscaler] No accelerated colorspace conversion found from yuv420p to bgra.
22:31:00.451 T:21384 DEBUG: Caching image 'http://image.tmdb.org/t/p/original/pKgTByKGXTiiHZurezSGGzBlqNt.jpg' to 'f/fd7fc8a6.jpg':
22:31:00.453 T:21068 DEBUG: CAddonSettings[script.skinshortcuts]: loading setting definitions
22:31:00.453 T:21068 DEBUG: CAddonSettings[script.skinshortcuts]: trying to load setting definitions from old format...
22:31:00.456 T:21068 INFO: CPythonInvoker(62, C:\Users\PC Nice\AppData\Roaming\Kodi\addons\script.skinshortcuts\default.py): script successfully run
22:31:00.456 T:21068 DEBUG: CPythonInvoker::onExecutionDone(62, C:\Users\PC Nice\AppData\Roaming\Kodi\addons\script.skinshortcuts\default.py)
22:31:00.461 T:10204 DEBUG: Thread Timer start, auto delete: false
22:31:00.466 T:21384 DEBUG: cached image 'special://masterprofile/Thumbnails/f/fd7fc8a6.jpg' size 480x720
22:31:00.467 T:10204 DEBUG: Thread Timer 10204 terminating
22:31:00.467 T:20988 DEBUG: Thread Timer start, auto delete: false
22:31:00.484 T:19752 DEBUG: CCurlFile::GetMimeType - http://image.tmdb.org/t/p/original/zhTJj0W5SLIXFVZN5q670KDu5t4.jpg -> image/jpeg
22:31:00.484 T:19752 DEBUG: CurlFile::Open(0x3a137260) http://image.tmdb.org/t/p/original/zhTJj0W5SLIXFVZN5q670KDu5t4.jpg
22:31:00.486 T:21068 INFO: Python interpreter stopped
22:31:00.486 T:21068 DEBUG: Thread LanguageInvoker 21068 terminating
22:31:00.539 T:19752 DEBUG: ffmpeg[4D28]: [swscaler] No accelerated colorspace conversion found from yuv420p to bgra.
22:31:00.551 T:19752 DEBUG: Caching image 'http://image.tmdb.org/t/p/original/zhTJj0W5SLIXFVZN5q670KDu5t4.jpg' to 'c/c3c2559c.jpg':
22:31:00.560 T:18940 DEBUG: Keyboard: scancode: 0x0e, sym: 0x0008, unicode: 0x0000, modifier: 0x0
22:31:00.560 T:18940 DEBUG: CInputManager::HandleKey: backspace (0xf008) pressed, action is Back
22:31:00.580 T:12644 DEBUG: [Warning] CGUITextureManager::GetTexturePath: could not find texture 'None'
22:31:00.588 T:12668 DEBUG: CWebServer[8080]: request received for /jsonrpc
22:31:00.590 T:19752 DEBUG: cached image 'special://masterprofile/Thumbnails/c/c3c2559c.jpg' size 480x720
22:31:00.599 T:12668 DEBUG: CWebServer[8080]: request received for /jsonrpc
22:31:00.973 T:20988 DEBUG: Thread Timer 20988 terminating
22:31:01.089 T:2960 NOTICE: script.module.metadatautils --> Rate limiter active for themoviedb.org - delaying request with 4 seconds - Configure a personal API key in the settings to get rid of this message and the delay.
22:31:01.127 T:18940 DEBUG: Keyboard: scancode: 0x50, sym: 0x0112, unicode: 0x0000, modifier: 0x0
22:31:01.127 T:18940 DEBUG: CInputManager::HandleKey: down (0xf081) pressed, action is Down
22:31:01.211 T:18940 DEBUG: Keyboard: scancode: 0x50, sym: 0x0112, unicode: 0x0000, modifier: 0x0
22:31:01.310 T:18940 DEBUG: Previous line repeats 1 times.
22:31:01.310 T:18940 DEBUG: CInputManager::HandleKey: down (0xf081) pressed, action is Down
22:31:01.394 T:18940 DEBUG: Keyboard: scancode: 0x50, sym: 0x0112, unicode: 0x0000, modifier: 0x0
22:31:01.544 T:18940 DEBUG: Keyboard: scancode: 0x48, sym: 0x0111, unicode: 0x0000, modifier: 0x0
22:31:01.544 T:18940 DEBUG: CInputManager::HandleKey: up (0xf080) pressed, action is Up
22:31:01.627 T:18940 DEBUG: Keyboard: scancode: 0x48, sym: 0x0111, unicode: 0x0000, modifier: 0x0
22:31:01.694 T:18940 DEBUG: Previous line repeats 1 times.
22:31:01.694 T:18940 DEBUG: CInputManager::HandleKey: up (0xf080) pressed, action is Up
22:31:01.794 T:18940 DEBUG: Keyboard: scancode: 0x48, sym: 0x0111, unicode: 0x0000, modifier: 0x0
22:31:01.860 T:18940 DEBUG: Keyboard: scancode: 0x1c, sym: 0x000d, unicode: 0x000d, modifier: 0x0
22:31:01.944 T:18940 DEBUG: Keyboard: scancode: 0x1c, sym: 0x000d, unicode: 0x0000, modifier: 0x0
22:31:01.944 T:18940 DEBUG: CInputManager::HandleKey: return (0xf00d) pressed, action is Select
22:31:01.944 T:18940 DEBUG: Activating window ID: 10025
22:31:02.108 T:12668 DEBUG: CWebServer[8080]: request received for /jsonrpc
22:31:02.147 T:18940 DEBUG: Previous line repeats 1 times.
22:31:02.147 T:18940 DEBUG: ------ Window Deinit (Home.xml) ------
22:31:02.147 T:18940 DEBUG: FreeVisualisation() done
22:31:02.161 T:18940 DEBUG: Previous line repeats 1 times.
22:31:02.161 T:18940 DEBUG: ------ Window Init (MyVideoNav.xml) ------
22:31:02.162 T:18940 DEBUG: [Warning] CGUITextureManager::GetTexturePath: could not find texture '-'
22:31:02.163 T:18940 DEBUG: Previous line repeats 14 times.
22:31:02.163 T:18940 DEBUG: CGUIMediaWindow::GetDirectory (videodb://movies/titles/)
22:31:02.163 T:18940 DEBUG: ParentPath = [videodb://movies/titles/]
22:31:02.561 T:21480 DEBUG: Thread BackgroundLoader start, auto delete: false
22:31:02.673 T:18940 DEBUG: [Warning] CGUITextureManager::GetTexturePath: could not find texture 'DefaultMovies.png'
22:31:02.748 T:21384 DEBUG: [Warning] CGUITextureManager::GetTexturePath: could not find texture 'None'
22:31:02.798 T:12644 DEBUG: Previous line repeats 1 times.
22:31:02.798 T:12644 DEBUG: ffmpeg[3164]: [swscaler] No accelerated colorspace conversion found from yuv420p to bgra.
22:31:02.869 T:19752 DEBUG: ffmpeg[4D28]: [swscaler] No accelerated colorspace conversion found from yuv420p to bgra.
22:31:02.869 T:20484 DEBUG: ffmpeg[5004]: [swscaler] No accelerated colorspace conversion found from yuv420p to bgra.
22:31:02.900 T:21384 DEBUG: ffmpeg[5388]: [swscaler] No accelerated colorspace conversion found from yuv420p to bgra.
22:31:02.903 T:20484 DEBUG: ffmpeg[5004]: [swscaler] No accelerated colorspace conversion found from yuv420p to bgra.
22:31:02.920 T:12644 DEBUG: ffmpeg[3164]: [swscaler] No accelerated colorspace conversion found from yuv420p to bgra.
22:31:02.937 T:20484 DEBUG: ffmpeg[5004]: [swscaler] No accelerated colorspace conversion found from yuv420p to bgra.
22:31:02.967 T:12644 DEBUG: ffmpeg[3164]: [swscaler] No accelerated colorspace conversion found from yuv420p to bgra.
22:31:03.002 T:21384 DEBUG: ffmpeg[5388]: [swscaler] No accelerated colorspace conversion found from yuv420p to bgra.
22:31:03.038 T:20796 NOTICE: script.module.metadatautils --> Rate limiter active for themoviedb.org - delaying request with 4 seconds - Configure a personal API key in the settings to get rid of this message and the delay.
22:31:03.066 T:19752 DEBUG: ffmpeg[4D28]: [swscaler] No accelerated colorspace conversion found from yuv420p to bgra.
22:31:03.160 T:18940 DEBUG: Previous line repeats 1 times.
22:31:03.160 T:18940 DEBUG: Keyboard: scancode: 0x0e, sym: 0x0008, unicode: 0x0008, modifier: 0x0
22:31:03.167 T:21384 DEBUG: ffmpeg[5388]: [swscaler] No accelerated colorspace conversion found from yuv420p to bgra.
22:31:03.267 T:12644 DEBUG: ffmpeg[3164]: [swscaler] No accelerated colorspace conversion found from yuv420p to bgra.
22:31:03.277 T:18940 DEBUG: Keyboard: scancode: 0x0e, sym: 0x0008, unicode: 0x0000, modifier: 0x0
22:31:03.278 T:18940 DEBUG: CInputManager::HandleKey: backspace (0xf008) pressed, action is Back
22:31:03.278 T:18940 DEBUG: CGUIWindowManager::PreviousWindow: Deactivate
22:31:03.380 T:21384 DEBUG: ffmpeg[5388]: [swscaler] No accelerated colorspace conversion found from yuv420p to bgra.
22:31:03.381 T:19752 DEBUG: ffmpeg[4D28]: [swscaler] No accelerated colorspace conversion found from yuv420p to bgra.
22:31:03.398 T:21384 DEBUG: ffmpeg[5388]: [swscaler] No accelerated colorspace conversion found from yuv420p to bgra.
22:31:03.414 T:12644 DEBUG: ffmpeg[3164]: [swscaler] No accelerated colorspace conversion found from yuv420p to bgra.
22:31:03.414 T:21384 DEBUG: ffmpeg[5388]: [swscaler] No accelerated colorspace conversion found from yuv420p to bgra.
22:31:03.430 T:12644 DEBUG: ffmpeg[3164]: [swscaler] No accelerated colorspace conversion found from yuv420p to bgra.
22:31:03.447 T:20484 DEBUG: ffmpeg[5004]: [swscaler] No accelerated colorspace conversion found from yuv420p to bgra.
22:31:03.464 T:19752 DEBUG: ffmpeg[4D28]: [swscaler] No accelerated colorspace conversion found from yuv420p to bgra.
22:31:03.464 T:21384 DEBUG: ffmpeg[5388]: [swscaler] No accelerated colorspace conversion found from yuv420p to bgra.
22:31:03.498 T:21480 DEBUG: Thread BackgroundLoader 21480 terminating
22:31:03.498 T:18940 DEBUG: ------ Window Deinit (MyVideoNav.xml) ------
22:31:03.520 T:18940 DEBUG: CGUIWindowManager::PreviousWindow: Activate new
22:31:03.520 T:18940 DEBUG: ------ Window Init (Home.xml) ------
22:31:03.520 T:18940 DEBUG: [Warning] CGUITextureManager::GetTexturePath: could not find texture '-'
22:31:03.523 T:17936 DEBUG: Previous line repeats 6 times.
22:31:03.523 T:17936 DEBUG: Thread LanguageInvoker start, auto delete: false
22:31:03.523 T:17936 INFO: initializing python engine.
22:31:03.523 T:17936 DEBUG: CPythonInvoker(63, C:\Users\PC Nice\AppData\Roaming\Kodi\addons\script.skinshortcuts\default.py): start processing
22:31:03.526 T:19752 DEBUG: [Warning] CGUITextureManager::GetTexturePath: could not find texture 'None'
22:31:03.538 T:17936 DEBUG: Previous line repeats 1 times.
22:31:03.538 T:17936 DEBUG: -->Python Interpreter Initialized<--
22:31:03.538 T:17936 DEBUG: CPythonInvoker(63, C:\Users\PC Nice\AppData\Roaming\Kodi\addons\script.skinshortcuts\default.py): the source file to load is "C:\Users\PC Nice\AppData\Roaming\Kodi\addons\script.skinshortcuts\default.py"
22:31:03.539 T:17936 DEBUG: CPythonInvoker(63, C:\Users\PC Nice\AppData\Roaming\Kodi\addons\script.skinshortcuts\default.py): setting the Python path to C:\Users\PC Nice\AppData\Roaming\Kodi\addons\script.skinshortcuts;C:\Users\PC Nice\AppData\Roaming\Kodi\addons\script.module.simplejson\lib;C:\Users\PC Nice\AppData\Roaming\Kodi\addons\script.module.unidecode\lib;C:\Program Files\Kodi\system\python\DLLs;C:\Program Files\Kodi\system\python\Lib;C:\Program Files\Kodi\python27.zip;C:\Program Files\Kodi\system\python\lib\plat-win;C:\Program Files\Kodi\system\python\lib\lib-tk;C:\Program Files\Kodi;C:\Program Files\Kodi\system\python;C:\Program Files\Kodi\system\python\lib\site-packages
22:31:03.539 T:17936 DEBUG: CPythonInvoker(63, C:\Users\PC Nice\AppData\Roaming\Kodi\addons\script.skinshortcuts\default.py): entering source directory C:\Users\PC Nice\AppData\Roaming\Kodi\addons\script.skinshortcuts
22:31:03.539 T:17936 DEBUG: CPythonInvoker(63, C:\Users\PC Nice\AppData\Roaming\Kodi\addons\script.skinshortcuts\default.py): instantiating addon using automatically obtained id of "script.skinshortcuts" dependent on version 2.20.0 of the xbmc.python api
22:31:03.544 T:18940 DEBUG: started alarm with name: trailer_delay
22:31:03.588 T:17936 DEBUG: CAddonSettings[script.skinshortcuts]: loading setting definitions
22:31:03.588 T:17936 DEBUG: CAddonSettings[script.skinshortcuts]: trying to load setting definitions from old format...
22:31:03.590 T:17936 DEBUG: CAddonSettings[script.skinshortcuts]: loading setting definitions
22:31:03.590 T:17936 DEBUG: CAddonSettings[script.skinshortcuts]: trying to load setting definitions from old format...
22:31:03.593 T:17936 INFO: CPythonInvoker(63, C:\Users\PC Nice\AppData\Roaming\Kodi\addons\script.skinshortcuts\default.py): script successfully run
22:31:03.593 T:17936 DEBUG: CPythonInvoker::onExecutionDone(63, C:\Users\PC Nice\AppData\Roaming\Kodi\addons\script.skinshortcuts\default.py)
22:31:03.594 T:1352 DEBUG: Thread Timer start, auto delete: false
22:31:03.600 T:1352 DEBUG: Thread Timer 1352 terminating
22:31:03.600 T:21204 DEBUG: Thread Timer start, auto delete: false
22:31:03.625 T:17936 INFO: Python interpreter stopped
22:31:03.625 T:17936 DEBUG: Thread LanguageInvoker 17936 terminating
22:31:03.629 T:12668 DEBUG: CWebServer[8080]: request received for /jsonrpc
22:31:03.811 T:18940 DEBUG: Previous line repeats 1 times.
22:31:03.811 T:18940 DEBUG: Keyboard: scancode: 0x0e, sym: 0x0008, unicode: 0x0008, modifier: 0x0
22:31:03.910 T:18940 DEBUG: Keyboard: scancode: 0x0e, sym: 0x0008, unicode: 0x0000, modifier: 0x0
22:31:03.911 T:18940 DEBUG: CInputManager::HandleKey: backspace (0xf008) pressed, action is Back
22:31:03.932 T:12644 DEBUG: [Warning] CGUITextureManager::GetTexturePath: could not find texture 'None'
22:31:03.964 T:18100 NOTICE: script.module.metadatautils --> Rate limiter active for themoviedb.org - delaying request with 5 seconds - Configure a personal API key in the settings to get rid of this message and the delay.
22:31:04.106 T:21204 DEBUG: Thread Timer 21204 terminating
22:31:04.427 T:18940 DEBUG: Keyboard: scancode: 0x50, sym: 0x0112, unicode: 0x0000, modifier: 0x0
22:31:04.427 T:18940 DEBUG: CInputManager::HandleKey: down (0xf081) pressed, action is Down
22:31:04.527 T:18940 DEBUG: Keyboard: scancode: 0x50, sym: 0x0112, unicode: 0x0000, modifier: 0x0
22:31:04.594 T:18940 DEBUG: Previous line repeats 1 times.
22:31:04.594 T:18940 DEBUG: CInputManager::HandleKey: down (0xf081) pressed, action is Down
22:31:04.677 T:18940 DEBUG: Keyboard: scancode: 0x50, sym: 0x0112, unicode: 0x0000, modifier: 0x0
22:31:04.761 T:18940 DEBUG: Previous line repeats 1 times.
22:31:04.761 T:18940 DEBUG: CInputManager::HandleKey: down (0xf081) pressed, action is Down
22:31:04.877 T:18940 DEBUG: Keyboard: scancode: 0x50, sym: 0x0112, unicode: 0x0000, modifier: 0x0
22:31:04.944 T:18940 DEBUG: Previous line repeats 1 times.
22:31:04.944 T:18940 DEBUG: CInputManager::HandleKey: down (0xf081) pressed, action is Down
22:31:05.104 T:18940 DEBUG: Keyboard: scancode: 0x50, sym: 0x0112, unicode: 0x0000, modifier: 0x0
22:31:05.168 T:12668 DEBUG: CWebServer[8080]: request received for /jsonrpc
22:31:05.344 T:18940 DEBUG: Previous line repeats 1 times.
22:31:05.344 T:18940 DEBUG: Keyboard: scancode: 0x1c, sym: 0x000d, unicode: 0x000d, modifier: 0x0
22:31:05.457 T:18940 DEBUG: Keyboard: scancode: 0x1c, sym: 0x000d, unicode: 0x0000, modifier: 0x0
22:31:05.458 T:18940 DEBUG: CInputManager::HandleKey: return (0xf00d) pressed, action is Select
22:31:05.458 T:18940 DEBUG: Activating window ID: 10004
22:31:05.680 T:18940 DEBUG: ------ Window Deinit (Home.xml) ------
22:31:05.681 T:18940 DEBUG: FreeVisualisation() done
22:31:05.694 T:18940 DEBUG: Previous line repeats 1 times.
22:31:05.694 T:18940 DEBUG: ------ Window Init (Settings.xml) ------
22:31:05.694 T:18940 DEBUG: [Warning] CGUITextureManager::GetTexturePath: could not find texture '-'
22:31:05.695 T:18940 DEBUG: Previous line repeats 1 times.
22:31:05.695 T:18940 DEBUG: started alarm with name: setfocus
22:31:05.698 T:20484 DEBUG: [Warning] CGUITextureManager::GetTexturePath: could not find texture 'None'
22:31:05.706 T:19752 DEBUG: Previous line repeats 1 times.
22:31:05.706 T:19752 DEBUG: ffmpeg[4D28]: [swscaler] No accelerated colorspace conversion found from yuv420p to bgra.
22:31:06.181 T:18940 DEBUG: Keyboard: scancode: 0x4d, sym: 0x0113, unicode: 0x0000, modifier: 0x0
22:31:06.181 T:18940 DEBUG: CInputManager::HandleKey: right (0xf083) pressed, action is Right
22:31:06.196 T:20484 DEBUG: ffmpeg[5004]: [swscaler] No accelerated colorspace conversion found from yuv420p to bgra.
22:31:06.311 T:18940 DEBUG: Keyboard: scancode: 0x4d, sym: 0x0113, unicode: 0x0000, modifier: 0x0
22:31:06.494 T:18940 DEBUG: Keyboard: scancode: 0x48, sym: 0x0111, unicode: 0x0000, modifier: 0x0
22:31:06.494 T:18940 DEBUG: CInputManager::HandleKey: up (0xf080) pressed, action is Up
22:31:06.594 T:18940 DEBUG: Keyboard: scancode: 0x48, sym: 0x0111, unicode: 0x0000, modifier: 0x0
22:31:06.678 T:18940 DEBUG: Previous line repeats 1 times.
22:31:06.678 T:18940 DEBUG: CInputManager::HandleKey: up (0xf080) pressed, action is Up
22:31:06.698 T:12668 DEBUG: CWebServer[8080]: request received for /jsonrpc
22:31:06.777 T:18940 DEBUG: Previous line repeats 1 times.
22:31:06.777 T:18940 DEBUG: Keyboard: scancode: 0x48, sym: 0x0111, unicode: 0x0000, modifier: 0x0
22:31:06.894 T:18940 DEBUG: Keyboard: scancode: 0x1c, sym: 0x000d, unicode: 0x000d, modifier: 0x0
22:31:06.997 T:18940 DEBUG: Keyboard: scancode: 0x1c, sym: 0x000d, unicode: 0x0000, modifier: 0x0
22:31:06.997 T:18940 DEBUG: CInputManager::HandleKey: return (0xf00d) pressed, action is Select
22:31:06.997 T:18940 DEBUG: Activating window ID: 10032
22:31:07.163 T:18940 DEBUG: ------ Window Deinit (Settings.xml) ------
22:31:07.163 T:18940 DEBUG: FreeVisualisation() done
22:31:07.178 T:18940 DEBUG: Previous line repeats 1 times.
22:31:07.178 T:18940 DEBUG: ------ Window Init (SettingsCategory.xml) ------
22:31:07.178 T:18940 INFO: Loading skin file: SettingsCategory.xml, load type: KEEP_IN_MEMORY
22:31:07.188 T:18940 DEBUG: [Warning] CGUITextureManager::GetTexturePath: could not find texture '-'
22:31:07.220 T:19752 DEBUG: Previous line repeats 1 times.
22:31:07.220 T:19752 DEBUG: [Warning] CGUITextureManager::GetTexturePath: could not find texture 'None'
22:31:07.281 T:20796 DEBUG: Previous line repeats 1 times.
22:31:07.281 T:20796 NOTICE: script.module.metadatautils --> Rate limiter active for themoviedb.org - delaying request with 5 seconds - Configure a personal API key in the settings to get rid of this message and the delay.
22:31:07.677 T:18940 DEBUG: Keyboard: scancode: 0x4d, sym: 0x0113, unicode: 0x0000, modifier: 0x0
22:31:07.677 T:18940 DEBUG: CInputManager::HandleKey: right (0xf083) pressed, action is Right
22:31:07.794 T:18940 DEBUG: Keyboard: scancode: 0x4d, sym: 0x0113, unicode: 0x0000, modifier: 0x0
22:31:08.228 T:12668 DEBUG: CWebServer[8080]: request received for /jsonrpc
22:31:08.261 T:18940 DEBUG: Previous line repeats 1 times.
22:31:08.261 T:18940 DEBUG: Keyboard: scancode: 0x1c, sym: 0x000d, unicode: 0x000d, modifier: 0x0
22:31:08.361 T:18940 DEBUG: Keyboard: scancode: 0x1c, sym: 0x000d, unicode: 0x0000, modifier: 0x0
22:31:08.361 T:18940 DEBUG: CInputManager::HandleKey: return (0xf00d) pressed, action is Select
22:31:08.363 T:18940 DEBUG: CAddonDatabase: SELECT repo.id FROM repo .. took 0 ms
22:31:08.368 T:18940 DEBUG: CAddonDatabase: query SELECT * FROM addons JOIN addonlinkrepo ON addons.id=addonlinkrepo.idAddon WHERE addonlinkrepo.idRepo IN (5,7,9,11,12,13) ORDER BY addons.addonID returned 1175 rows in 4 ms
22:31:08.396 T:18940 DEBUG: CAddonDatabase::GetAddons took 33 ms
22:31:08.401 T:18940 DEBUG: ------ Window Init (DialogSelect.xml) ------
22:31:08.401 T:18940 INFO: Loading skin file: DialogSelect.xml, load type: KEEP_IN_MEMORY
22:31:08.409 T:12644 DEBUG: ffmpeg[3164]: [swscaler] No accelerated colorspace conversion found from yuv420p to bgra.
22:31:08.412 T:20484 DEBUG: ffmpeg[5004]: [swscaler] No accelerated colorspace conversion found from yuv420p to bgra.
22:31:08.877 T:18940 DEBUG: Keyboard: scancode: 0x48, sym: 0x0111, unicode: 0x0000, modifier: 0x0
22:31:08.878 T:18940 DEBUG: CInputManager::HandleKey: up (0xf080) pressed, action is Up
22:31:09.044 T:18940 DEBUG: Keyboard: scancode: 0x48, sym: 0x0111, unicode: 0x0000, modifier: 0x0
22:31:09.427 T:18940 DEBUG: Keyboard: scancode: 0x1c, sym: 0x000d, unicode: 0x000d, modifier: 0x0
22:31:09.528 T:18940 DEBUG: Keyboard: scancode: 0x1c, sym: 0x000d, unicode: 0x0000, modifier: 0x0
22:31:09.528 T:18940 DEBUG: CInputManager::HandleKey: return (0xf00d) pressed, action is Select
22:31:09.680 T:18940 DEBUG: ------ Window Deinit (DialogSelect.xml) ------
22:31:09.715 T:18940 INFO: Unloading old skin ...
22:31:09.721 T:18940 DEBUG: FreeVisualisation() done
22:31:09.726 T:18940 DEBUG: Previous line repeats 3 times.
22:31:09.726 T:18940 DEBUG: ------ Window Deinit () ------
22:31:09.726 T:18940 DEBUG: FreeVisualisation() done
22:31:09.727 T:18940 DEBUG: Previous line repeats 1 times.
22:31:09.727 T:18940 DEBUG: ------ Window Deinit (SettingsCategory.xml) ------
22:31:09.759 T:12668 DEBUG: CWebServer[8080]: request received for /jsonrpc
22:31:09.763 T:18940 NOTICE: load skin from: C:\Program Files\Kodi\addons\skin.estuary (version: 2.0.17)
22:31:09.772 T:18940 INFO: load fonts for skin...
22:31:09.772 T:18940 INFO: Loading skin includes from C:\Program Files\Kodi\addons\skin.estuary\xml\includes.xml
22:31:09.790 T:18940 INFO: Loading fonts from C:\Program Files\Kodi\addons\skin.estuary\xml\Font.xml
22:31:09.798 T:18940 DEBUG: POParser: PO file has Win Style Line Endings. Converted in memory to Linux LF for file: C:\Program Files\Kodi\addons\skin.estuary\language\resource.language.fr_fr\strings.po
22:31:09.798 T:18940 DEBUG: LocalizeStrings: loaded 140 strings from file C:\Program Files\Kodi\addons\skin.estuary\language\resource.language.fr_fr\strings.po
22:31:09.799 T:18940 DEBUG: POParser: PO file has Win Style Line Endings. Converted in memory to Linux LF for file: C:\Program Files\Kodi\addons\skin.estuary\language\resource.language.en_gb\strings.po
22:31:09.799 T:18940 DEBUG: LocalizeStrings: loaded 0 strings from file C:\Program Files\Kodi\addons\skin.estuary\language\resource.language.en_gb\strings.po
22:31:09.799 T:18940 INFO: load new skin...
22:31:09.799 T:18940 INFO: Loading custom window XMLs from skin path C:\Program Files\Kodi\addons\skin.estuary\xml
22:31:09.801 T:18940 DEBUG: Load Skin XML: 2.69ms
22:31:09.801 T:18940 INFO: initialize new skin...
22:31:09.801 T:18940 DEBUG: guilib: Fill viewport on change for solving rendering passes
22:31:09.801 T:18940 INFO: Loading skin file: DialogBusy.xml, load type: LOAD_ON_GUI_INIT
22:31:09.802 T:18940 DEBUG: CTextureBundleXBT::OpenBundle - Opened bundle C:\Program Files\Kodi\addons\skin.estuary\media\Textures.xbt
22:31:09.802 T:18940 INFO: Loading skin file: Pointer.xml, load type: LOAD_ON_GUI_INIT
22:31:09.802 T:18940 INFO: Loading skin file: DialogVolumeBar.xml, load type: LOAD_ON_GUI_INIT
22:31:09.803 T:18940 INFO: Loading skin file: DialogExtendedProgressBar.xml, load type: LOAD_ON_GUI_INIT
22:31:09.803 T:18940 INFO: Loading skin file: DialogSeekBar.xml, load type: LOAD_ON_GUI_INIT
22:31:09.807 T:18940 INFO: Loading skin file: DialogNotification.xml, load type: LOAD_ON_GUI_INIT
22:31:09.807 T:18940 INFO: Loading skin file: DialogBusy.xml, load type: LOAD_ON_GUI_INIT
22:31:09.808 T:18940 INFO: Loading skin file: Custom_1109_TopBarOverlay.xml, load type: LOAD_ON_GUI_INIT
22:31:09.809 T:18940 INFO: Loading resource://resource.uisounds.kodi/sounds.xml
22:31:09.817 T:18940 INFO: skin loaded...
22:31:09.817 T:18940 DEBUG: Activating window ID: 10032
22:31:09.817 T:18940 DEBUG: ------ Window Init (SettingsCategory.xml) ------
22:31:09.817 T:18940 INFO: Loading skin file: SettingsCategory.xml, load type: KEEP_IN_MEMORY
22:31:09.824 T:18940 DEBUG: ------ Window Init (DialogConfirm.xml) ------
22:31:09.824 T:18940 INFO: Loading skin file: DialogConfirm.xml, load type: KEEP_IN_MEMORY
22:31:09.839 T:12668 DEBUG: CWebServer[8080]: request received for /jsonrpc
22:31:09.855 T:18940 DEBUG: ------ Window Init () ------
22:31:10.844 T:18940 DEBUG: Keyboard: scancode: 0x4b, sym: 0x0114, unicode: 0x0000, modifier: 0x0
22:31:10.844 T:18940 DEBUG: CInputManager::HandleKey: left (0xf082) pressed, action is Left
22:31:10.978 T:18940 DEBUG: Keyboard: scancode: 0x4b, sym: 0x0114, unicode: 0x0000, modifier: 0x0
22:31:11.228 T:18940 DEBUG: Keyboard: scancode: 0x1c, sym: 0x000d, unicode: 0x000d, modifier: 0x0
22:31:11.330 T:18940 DEBUG: Keyboard: scancode: 0x1c, sym: 0x000d, unicode: 0x0000, modifier: 0x0
22:31:11.330 T:18940 DEBUG: CInputManager::HandleKey: return (0xf00d) pressed, action is Select
22:31:11.348 T:12668 DEBUG: CWebServer[8080]: request received for /jsonrpc
22:31:11.579 T:18940 DEBUG: Previous line repeats 1 times.
22:31:11.579 T:18940 DEBUG: ------ Window Deinit (DialogConfirm.xml) ------
22:31:11.761 T:18940 DEBUG: Keyboard: scancode: 0x0e, sym: 0x0008, unicode: 0x0008, modifier: 0x0
22:31:11.761 T:18940 DEBUG: CInputManager::HandleKey: backspace (0xf008) pressed, action is Back
22:31:11.771 T:18940 DEBUG: CGUIWindowManager::PreviousWindow: Deactivate
22:31:12.063 T:18940 DEBUG: ------ Window Deinit (SettingsCategory.xml) ------
22:31:12.063 T:18940 DEBUG: FreeVisualisation() done
22:31:12.078 T:18940 DEBUG: CGUIWindowManager::PreviousWindow: Activate new
22:31:12.078 T:18940 DEBUG: ------ Window Init (Settings.xml) ------
22:31:12.078 T:18940 INFO: Loading skin file: Settings.xml, load type: KEEP_IN_MEMORY
22:31:12.085 T:18940 DEBUG: Keyboard: scancode: 0x0e, sym: 0x0008, unicode: 0x0000, modifier: 0x0
22:31:12.861 T:18940 DEBUG: Keyboard: scancode: 0x0e, sym: 0x0008, unicode: 0x0008, modifier: 0x0
22:31:12.879 T:12668 DEBUG: CWebServer[8080]: request received for /jsonrpc
22:31:12.995 T:18940 DEBUG: Previous line repeats 1 times.
22:31:12.995 T:18940 DEBUG: Keyboard: scancode: 0x0e, sym: 0x0008, unicode: 0x0000, modifier: 0x0
22:31:12.995 T:18940 DEBUG: CInputManager::HandleKey: backspace (0xf008) pressed, action is Back
22:31:12.995 T:18940 DEBUG: CGUIWindowManager::PreviousWindow: Deactivate
22:31:13.295 T:18940 DEBUG: ------ Window Deinit (Settings.xml) ------
22:31:13.295 T:18940 DEBUG: FreeVisualisation() done
22:31:13.311 T:18940 DEBUG: CGUIWindowManager::PreviousWindow: Activate new
22:31:13.311 T:18940 DEBUG: ------ Window Init (Home.xml) ------
22:31:13.311 T:18940 INFO: Loading skin file: Home.xml, load type: KEEP_IN_MEMORY
22:31:13.345 T:18940 DEBUG: CDirectoryProvider[library://video/movies/]: refreshing..
22:31:13.345 T:18940 DEBUG: CDirectoryProvider[special://skin/playlists/inprogress_movies.xsp]: refreshing..
22:31:13.345 T:18940 DEBUG: CDirectoryProvider[special://skin/playlists/recent_unwatched_movies.xsp]: refreshing..
22:31:13.345 T:18940 DEBUG: CDirectoryProvider[special://skin/playlists/unwatched_movies.xsp]: refreshing..
22:31:13.345 T:18940 DEBUG: CDirectoryProvider[special://skin/playlists/random_movies.xsp]: refreshing..
22:31:13.345 T:18940 DEBUG: CDirectoryProvider[videodb://movies/genres/]: refreshing..
22:31:13.345 T:18940 DEBUG: CDirectoryProvider[videodb://movies/sets/]: refreshing..
22:31:13.345 T:18940 DEBUG: CDirectoryProvider[library://video/tvshows/]: refreshing..
22:31:13.345 T:18940 DEBUG: CDirectoryProvider[videodb://inprogresstvshows]: refreshing..
22:31:13.345 T:18940 DEBUG: CDirectoryProvider[special://skin/playlists/recent_unwatched_episodes.xsp]: refreshing..
22:31:13.345 T:18940 DEBUG: CDirectoryProvider[special://skin/playlists/unwatched_tvshows.xsp]: refreshing..
22:31:13.345 T:18940 DEBUG: CDirectoryProvider[videodb://tvshows/genres/]: refreshing..
22:31:13.345 T:18940 DEBUG: CDirectoryProvider[videodb://tvshows/studios/]: refreshing..
22:31:13.345 T:18940 DEBUG: CDirectoryProvider[addons://]: refreshing..
22:31:13.345 T:18940 DEBUG: CDirectoryProvider[addons://sources/video/]: refreshing..
22:31:13.346 T:18940 DEBUG: CDirectoryProvider[addons://sources/audio/]: refreshing..
22:31:13.346 T:18940 DEBUG: CDirectoryProvider[addons://sources/game/]: refreshing..
