22:21:11.505 T:18940 DEBUG: LocalizeStrings: loaded 48 strings from file C:\Users\PC Nice\AppData\Roaming\Kodi\addons\script.skin.helper.backgrounds\resources\language\resource.language.fr_fr\strings.po
22:21:11.505 T:18940 DEBUG: LocalizeStrings: loaded 0 strings from file C:\Users\PC Nice\AppData\Roaming\Kodi\addons\script.skin.helper.backgrounds\resources\language\resource.language.en_gb\strings.po
22:21:11.506 T:18940 DEBUG: LocalizeStrings: loaded 64 strings from file C:\Users\PC Nice\AppData\Roaming\Kodi\addons\script.user.rating\resources\language\English\strings.po
22:21:11.508 T:18940 DEBUG: LocalizeStrings: loaded 39 strings from file C:\Users\PC Nice\AppData\Roaming\Kodi\addons\script.skin.helper.skinbackup\resources\language\resource.language.fr_fr\strings.po
22:21:11.508 T:18940 DEBUG: POParser: id:32012 was recently re-used in the English string file, which is not yet changed in the translated file. Using the English string instead
22:21:11.508 T:18940 DEBUG: LocalizeStrings: loaded 1 strings from file C:\Users\PC Nice\AppData\Roaming\Kodi\addons\script.skin.helper.skinbackup\resources\language\resource.language.en_gb\strings.po
22:21:11.508 T:18940 DEBUG: LocalizeStrings: loaded 206 strings from file C:\Users\PC Nice\AppData\Roaming\Kodi\addons\plugin.video.youtube\resources\language\resource.language.fr_fr\strings.po
22:21:11.508 T:18940 DEBUG: POParser: id:30100 was recently re-used in the English string file, which is not yet changed in the translated file. Using the English string instead
22:21:11.508 T:18940 DEBUG: POParser: id:30200 was recently re-used in the English string file, which is not yet changed in the translated file. Using the English string instead
22:21:11.508 T:18940 DEBUG: LocalizeStrings: loaded 66 strings from file C:\Users\PC Nice\AppData\Roaming\Kodi\addons\plugin.video.youtube\resources\language\resource.language.en_gb\strings.po
22:21:11.509 T:18940 DEBUG: POParser: PO file has Win Style Line Endings. Converted in memory to Linux LF for file: C:\Program Files\Kodi\addons\audioencoder.kodi.builtin.aac\resources\language\English\strings.po
22:21:11.509 T:18940 DEBUG: LocalizeStrings: loaded 1 strings from file C:\Program Files\Kodi\addons\audioencoder.kodi.builtin.aac\resources\language\English\strings.po
22:21:11.509 T:18940 DEBUG: POParser: PO file has Win Style Line Endings. Converted in memory to Linux LF for file: C:\Program Files\Kodi\addons\audioencoder.kodi.builtin.wma\resources\language\English\strings.po
22:21:11.509 T:18940 DEBUG: LocalizeStrings: loaded 1 strings from file C:\Program Files\Kodi\addons\audioencoder.kodi.builtin.wma\resources\language\English\strings.po
22:21:11.509 T:18940 DEBUG: POParser: PO file has Win Style Line Endings. Converted in memory to Linux LF for file: C:\Program Files\Kodi\addons\game.controller.snes\resources\language\resource.language.en_gb\strings.po
22:21:11.509 T:18940 DEBUG: LocalizeStrings: loaded 13 strings from file C:\Program Files\Kodi\addons\game.controller.snes\resources\language\resource.language.en_gb\strings.po
22:21:11.510 T:18940 DEBUG: LocalizeStrings: loaded 38 strings from file C:\Users\PC Nice\AppData\Roaming\Kodi\addons\script.module.youtube.dl\resources\language\English\strings.po
22:21:11.511 T:18940 DEBUG: LocalizeStrings: loaded 167 strings from file C:\Users\PC Nice\AppData\Roaming\Kodi\addons\script.extendedinfo\resources\language\resource.language.fr_fr\strings.po
22:21:11.511 T:18940 DEBUG: LocalizeStrings: loaded 0 strings from file C:\Users\PC Nice\AppData\Roaming\Kodi\addons\script.extendedinfo\resources\language\resource.language.en_gb\strings.po
22:21:11.512 T:18940 DEBUG: LocalizeStrings: loaded 7 strings from file C:\Users\PC Nice\AppData\Roaming\Kodi\addons\script.common.plugin.cache\resources\language\English\strings.xml
22:21:11.512 T:18940 DEBUG: LocalizeStrings: loaded 145 strings from file C:\Users\PC Nice\AppData\Roaming\Kodi\addons\script.artwork.beef\resources\language\French\strings.po
22:21:11.512 T:18940 DEBUG: POParser: id:32061 was recently re-used in the English string file, which is not yet changed in the translated file. Using the English string instead
22:21:11.512 T:18940 DEBUG: POParser: id:32426 was recently re-used in the English string file, which is not yet changed in the translated file. Using the English string instead
22:21:11.512 T:18940 DEBUG: POParser: id:32913 was recently re-used in the English string file, which is not yet changed in the translated file. Using the English string instead
22:21:11.512 T:18940 DEBUG: LocalizeStrings: loaded 31 strings from file C:\Users\PC Nice\AppData\Roaming\Kodi\addons\script.artwork.beef\resources\language\English\strings.po
22:21:11.513 T:18940 DEBUG: LocalizeStrings: loaded 24 strings from file C:\Users\PC Nice\AppData\Roaming\Kodi\addons\script.globalsearch\resources\language\resource.language.fr_fr\strings.po
22:21:11.513 T:18940 DEBUG: POParser: id:32009 was recently re-used in the English string file, which is not yet changed in the translated file. Using the English string instead
22:21:11.513 T:18940 DEBUG: POParser: id:32299 was recently re-used in the English string file, which is not yet changed in the translated file. Using the English string instead
22:21:11.513 T:18940 DEBUG: LocalizeStrings: loaded 4 strings from file C:\Users\PC Nice\AppData\Roaming\Kodi\addons\script.globalsearch\resources\language\resource.language.en_gb\strings.po
22:21:11.513 T:18940 DEBUG: POParser: PO file has Win Style Line Endings. Converted in memory to Linux LF for file: C:\Users\PC Nice\AppData\Roaming\Kodi\addons\script.module.urlresolver.yatse\resources\language\English\strings.po
22:21:11.513 T:18940 DEBUG: LocalizeStrings: loaded 47 strings from file C:\Users\PC Nice\AppData\Roaming\Kodi\addons\script.module.urlresolver.yatse\resources\language\English\strings.po
22:21:11.513 T:18940 DEBUG: POParser: PO file has Win Style Line Endings. Converted in memory to Linux LF for file: C:\Users\PC Nice\AppData\Roaming\Kodi\addons\script.yatse.kodi\resources\language\French\strings.po
22:21:11.513 T:18940 DEBUG: LocalizeStrings: loaded 6 strings from file C:\Users\PC Nice\AppData\Roaming\Kodi\addons\script.yatse.kodi\resources\language\French\strings.po
22:21:11.514 T:18940 DEBUG: POParser: PO file has Win Style Line Endings. Converted in memory to Linux LF for file: C:\Users\PC Nice\AppData\Roaming\Kodi\addons\script.yatse.kodi\resources\language\English\strings.po
22:21:11.514 T:18940 DEBUG: LocalizeStrings: loaded 1 strings from file C:\Users\PC Nice\AppData\Roaming\Kodi\addons\script.yatse.kodi\resources\language\English\strings.po
22:21:11.514 T:10092 DEBUG: Thread JobWorker start, auto delete: true
22:21:11.514 T:10092 DEBUG: CDatabaseManager::Initialize, updating databases...
22:21:11.518 T:10092 NOTICE: Running database version Addons27
22:21:11.518 T:10092 NOTICE: Running database version ViewModes6
22:21:11.519 T:10092 NOTICE: Running database version Textures13
22:21:11.519 T:10092 NOTICE: Running database version MyMusic72
22:21:11.520 T:10092 NOTICE: Running database version MyVideos113
22:21:11.521 T:10092 NOTICE: Running database version TV32
22:21:11.521 T:10092 NOTICE: Running database version Epg12
22:21:11.521 T:10092 DEBUG: CDatabaseManager::Initialize, updating databases... DONE
22:21:11.522 T:18940 DEBUG: DPMS: supported power-saving modes: OFF STANDBY
22:21:11.530 T:2104 DEBUG: CAnnouncementManager - Announcement: OnClear from xbmc
22:21:11.530 T:2104 DEBUG: GOT ANNOUNCEMENT, type: 2, from xbmc, message OnClear
22:21:11.535 T:18940 INFO: Unloading old skin ...
22:21:11.535 T:18940 NOTICE: load skin from: C:\Program Files\Kodi\addons\skin.estuary (version: 2.0.17)
22:21:11.535 T:18940 INFO: load fonts for skin...
22:21:11.536 T:18940 INFO: Loading skin includes from C:\Program Files\Kodi\addons\skin.estuary\xml\includes.xml
22:21:11.555 T:18940 INFO: Loading fonts from C:\Program Files\Kodi\addons\skin.estuary\xml\Font.xml
22:21:11.565 T:18940 DEBUG: POParser: PO file has Win Style Line Endings. Converted in memory to Linux LF for file: C:\Program Files\Kodi\addons\skin.estuary\language\resource.language.fr_fr\strings.po
22:21:11.565 T:18940 DEBUG: LocalizeStrings: loaded 140 strings from file C:\Program Files\Kodi\addons\skin.estuary\language\resource.language.fr_fr\strings.po
22:21:11.566 T:18940 DEBUG: POParser: PO file has Win Style Line Endings. Converted in memory to Linux LF for file: C:\Program Files\Kodi\addons\skin.estuary\language\resource.language.en_gb\strings.po
22:21:11.566 T:18940 DEBUG: LocalizeStrings: loaded 0 strings from file C:\Program Files\Kodi\addons\skin.estuary\language\resource.language.en_gb\strings.po
22:21:11.566 T:18940 INFO: load new skin...
22:21:11.566 T:18940 INFO: Loading custom window XMLs from skin path C:\Program Files\Kodi\addons\skin.estuary\xml
22:21:11.568 T:18940 DEBUG: Load Skin XML: 2.78ms
22:21:11.568 T:18940 INFO: initialize new skin...
22:21:11.568 T:18940 DEBUG: guilib: Fill viewport on change for solving rendering passes
22:21:11.569 T:18940 INFO: Loading skin file: DialogBusy.xml, load type: LOAD_ON_GUI_INIT
22:21:11.570 T:18940 DEBUG: CTextureBundleXBT::OpenBundle - Opened bundle C:\Program Files\Kodi\addons\skin.estuary\media\Textures.xbt
22:21:11.570 T:18940 INFO: Loading skin file: Pointer.xml, load type: LOAD_ON_GUI_INIT
22:21:11.571 T:18940 INFO: Loading skin file: DialogVolumeBar.xml, load type: LOAD_ON_GUI_INIT
22:21:11.571 T:18940 INFO: Loading skin file: DialogExtendedProgressBar.xml, load type: LOAD_ON_GUI_INIT
22:21:11.572 T:18940 INFO: Loading skin file: DialogSeekBar.xml, load type: LOAD_ON_GUI_INIT
22:21:11.576 T:18940 INFO: Loading skin file: DialogNotification.xml, load type: LOAD_ON_GUI_INIT
22:21:11.576 T:18940 INFO: Loading skin file: DialogBusy.xml, load type: LOAD_ON_GUI_INIT
22:21:11.577 T:18940 INFO: Loading skin file: Custom_1109_TopBarOverlay.xml, load type: LOAD_ON_GUI_INIT
22:21:11.578 T:18940 INFO: Loading resource://resource.uisounds.kodi/sounds.xml
22:21:11.587 T:18940 INFO: skin loaded...
22:21:11.587 T:18940 DEBUG: Activating window ID: 12997
22:21:11.587 T:18940 DEBUG: ------ Window Init () ------
22:21:11.587 T:18940 DEBUG: Activating window ID: 12999
22:21:11.587 T:18940 DEBUG: ------ Window Init (Startup.xml) ------
22:21:11.587 T:18940 INFO: Loading skin file: Startup.xml, load type: LOAD_EVERY_TIME
22:21:11.589 T:18940 DEBUG: Activating window ID: 10000
22:21:11.589 T:18940 DEBUG: ------ Window Deinit (Startup.xml) ------
22:21:11.589 T:18940 DEBUG: ------ Window Init (Home.xml) ------
22:21:11.589 T:18940 INFO: Loading skin file: Home.xml, load type: KEEP_IN_MEMORY
22:21:11.624 T:18940 DEBUG: CDirectoryProvider[library://video/movies/]: refreshing..
22:21:11.624 T:18940 DEBUG: CDirectoryProvider[special://skin/playlists/inprogress_movies.xsp]: refreshing..
22:21:11.624 T:18940 DEBUG: CDirectoryProvider[special://skin/playlists/recent_unwatched_movies.xsp]: refreshing..
22:21:11.624 T:18940 DEBUG: CDirectoryProvider[special://skin/playlists/unwatched_movies.xsp]: refreshing..
22:21:11.624 T:18940 DEBUG: CDirectoryProvider[special://skin/playlists/random_movies.xsp]: refreshing..
22:21:11.624 T:18940 DEBUG: CDirectoryProvider[videodb://movies/genres/]: refreshing..
22:21:11.624 T:18940 DEBUG: CDirectoryProvider[videodb://movies/sets/]: refreshing..
22:21:11.624 T:18940 DEBUG: CDirectoryProvider[library://video/tvshows/]: refreshing..
22:21:11.624 T:18940 DEBUG: CDirectoryProvider[videodb://inprogresstvshows]: refreshing..
22:21:11.624 T:18940 DEBUG: CDirectoryProvider[special://skin/playlists/recent_unwatched_episodes.xsp]: refreshing..
22:21:11.624 T:18940 DEBUG: CDirectoryProvider[special://skin/playlists/unwatched_tvshows.xsp]: refreshing..
22:21:11.624 T:18940 DEBUG: CDirectoryProvider[videodb://tvshows/genres/]: refreshing..
22:21:11.624 T:18940 DEBUG: CDirectoryProvider[videodb://tvshows/studios/]: refreshing..
22:21:11.624 T:608 DEBUG: Thread JobWorker start, auto delete: true
22:21:11.624 T:18940 DEBUG: CDirectoryProvider[addons://]: refreshing..
22:21:11.624 T:18940 DEBUG: CDirectoryProvider[addons://sources/video/]: refreshing..
22:21:11.624 T:18940 DEBUG: CDirectoryProvider[addons://sources/audio/]: refreshing..
22:21:11.624 T:18940 DEBUG: CDirectoryProvider[addons://sources/game/]: refreshing..
22:21:11.624 T:18940 DEBUG: CDirectoryProvider[addons://sources/executable/]: refreshing..
22:21:11.624 T:4792 DEBUG: Thread JobWorker start, auto delete: true
22:21:11.624 T:18940 DEBUG: CDirectoryProvider[addons://sources/image/]: refreshing..
22:21:11.624 T:18940 DEBUG: CDirectoryProvider[library://video/]: refreshing..
22:21:11.624 T:18940 DEBUG: CDirectoryProvider[sources://video/]: refreshing..
22:21:11.624 T:18940 DEBUG: CDirectoryProvider[special://videoplaylists/]: refreshing..
22:21:11.624 T:18940 DEBUG: CDirectoryProvider[favourites://]: refreshing..
22:21:11.624 T:18940 DEBUG: CDirectoryProvider[sources://pictures/]: refreshing..
22:21:11.624 T:18940 DEBUG: CDirectoryProvider[addons://sources/game/]: refreshing..
22:21:11.631 T:18940 DEBUG: JSONRPC: JSON schema type definition references an unknown type Setting.Details.Setting
22:21:11.631 T:18940 WARNING: JSONRPC: Could not parse type "Setting.Details.SettingList"
22:21:11.631 T:18940 INFO: JSONRPC: Adding type "Setting.Details.SettingList" to list of incomplete definitions (waiting for "Setting.Details.Setting")
22:21:11.631 T:18940 INFO: JSONRPC: Resolving incomplete types/methods referencing Setting.Details.Setting
22:21:11.641 T:18940 INFO: JSONRPC v10.0.1: Successfully initialized
22:21:11.642 T:18940 DEBUG: PERIPHERALS::CPeripherals::LoadMappings - loaded node "Motorola Nyxboard Hybrid"
22:21:11.642 T:18940 DEBUG: PERIPHERALS::CPeripherals::LoadMappings - loaded node "CEC Adapter"
22:21:11.642 T:18940 DEBUG: PERIPHERALS::CPeripherals::LoadMappings - loaded node "Pulse-Eight CEC Adapter"
22:21:11.642 T:18940 DEBUG: PERIPHERALS::CPeripherals::LoadMappings - loaded node "iMON HID device"
22:21:11.642 T:18940 DEBUG: PERIPHERALS::CPeripherals::LoadMappings - loaded node "WETEK Play remote"
22:21:11.642 T:18940 DEBUG: PERIPHERALS::CPeripherals::LoadMappings - loaded node ""
22:21:11.642 T:18940 DEBUG: Add-on bus: Registering add-on peripheral.joystick
22:21:11.642 T:18940 DEBUG: PERIPHERAL - PERIPHERALS::CPeripheralAddon::CreateAddon - creating peripheral add-on instance 'Joystick Support'
22:21:11.642 T:18940 DEBUG: ADDON: Dll Initializing - Joystick Support
22:21:11.642 T:18940 DEBUG: SECTION:LoadDLL(C:\Program Files\Kodi\addons\peripheral.joystick\peripheral.joystick.dll)
22:21:11.644 T:18940 DEBUG: AddOnLog: Joystick Support: Loaded 14 joystick families with 97 total joysticks
22:21:11.644 T:18940 DEBUG: Calling TransferSettings for: Joystick Support
22:21:11.644 T:18940 DEBUG: CAddonSettings[peripheral.joystick]: loading setting definitions
22:21:11.644 T:18940 INFO: AddOnLog: Joystick Support: Enabling joystick interface "xinput"
22:21:11.644 T:18940 DEBUG: AddOnLog: Joystick Support: Attempting to load XInput1_4.dll...
22:21:11.645 T:18940 DEBUG: AddOnLog: Joystick Support: Loaded XInput DLL version 1.4
22:21:11.645 T:18940 DEBUG: AddOnLog: Joystick Support: Loaded XInput symbols (GetState=00007FF805E216B0, GetStateEx=0000000000000000, SetState=00007FF805E21950, GetCaps=00007FF805E21C10, GetBatteryInformation=00007FF805E22010, PowerOff=0000000000000000)
22:21:11.645 T:18940 INFO: AddOnLog: Joystick Support: Enabling joystick interface "directinput"
22:21:11.645 T:17596 DEBUG: Thread PeripBusUSB start, auto delete: false
22:21:11.645 T:8200 DEBUG: Thread PeripBusCEC start, auto delete: false
22:21:11.645 T:18940 DEBUG: PERIPHERALS::CPeripheral::Initialise - initialised peripheral on 'keyboard' with 1 features and 0 sub devices
22:21:11.645 T:19688 DEBUG: Thread PeripBusAddon start, auto delete: false
22:21:11.645 T:18940 NOTICE: PERIPHERALS::CPeripheralBus::Register - new keyboard device registered on application->keyboard: Clavier (0000:0000)
22:21:11.645 T:18940 DEBUG: PERIPHERALS::CPeripheral::Initialise - initialised peripheral on 'mouse' with 1 features and 0 sub devices
22:21:11.645 T:18940 NOTICE: PERIPHERALS::CPeripheralBus::Register - new mouse device registered on application->mouse: Souris (0000:0000)
22:21:11.645 T:13308 DEBUG: Thread PeripEventScanner start, auto delete: false
22:21:11.647 T:18940 DEBUG: ContextMenuManager: addon menus reloaded.
22:21:11.647 T:18940 NOTICE: Loading player core factory settings from special://xbmc/system/playercorefactory.xml.
22:21:11.648 T:18940 DEBUG: CPlayerCoreConfig::: created player VideoPlayer
22:21:11.648 T:18940 DEBUG: CPlayerCoreConfig::: created player PAPlayer
22:21:11.648 T:18940 DEBUG: CPlayerCoreConfig::: created player RetroPlayer
22:21:11.648 T:18940 DEBUG: CPlayerSelectionRule::Initialize: creating rule: system rules
22:21:11.648 T:18940 DEBUG: CPlayerSelectionRule::Initialize: creating rule: mms/udp
22:21:11.648 T:18940 DEBUG: CPlayerSelectionRule::Initialize: creating rule: lastfm/shout
22:21:11.648 T:18940 DEBUG: CPlayerSelectionRule::Initialize: creating rule: rtmp
22:21:11.648 T:18940 DEBUG: CPlayerSelectionRule::Initialize: creating rule: rtsp
22:21:11.648 T:18940 DEBUG: CPlayerSelectionRule::Initialize: creating rule: streams
22:21:11.648 T:18940 DEBUG: CPlayerSelectionRule::Initialize: creating rule: aacp/sdp
22:21:11.648 T:18940 DEBUG: CPlayerSelectionRule::Initialize: creating rule: mp2
22:21:11.648 T:18940 DEBUG: CPlayerSelectionRule::Initialize: creating rule: dvd
22:21:11.648 T:18940 DEBUG: CPlayerSelectionRule::Initialize: creating rule: dvdimage
22:21:11.648 T:18940 DEBUG: CPlayerSelectionRule::Initialize: creating rule: sdp/asf
22:21:11.648 T:18940 DEBUG: CPlayerSelectionRule::Initialize: creating rule: nsv
22:21:11.648 T:18940 DEBUG: CPlayerSelectionRule::Initialize: creating rule: radio
22:21:11.648 T:18940 NOTICE: Loaded playercorefactory configuration
22:21:11.648 T:18940 NOTICE: Loading player core factory settings from special://masterprofile/playercorefactory.xml.
22:21:11.648 T:18940 NOTICE: special://masterprofile/playercorefactory.xml does not exist. Skipping.
22:21:11.648 T:18940 INFO: removing tempfiles
22:21:11.653 T:18940 DEBUG: CRepositoryUpdater: previous update at 02/01/2019
20:38:13, next at 03/01/2019
20:38:13
22:21:11.653 T:15512 DEBUG: Thread Timer start, auto delete: false
22:21:11.654 T:18940 DEBUG: CServiceAddonManager: starting service.xbmc.versioncheck
22:21:11.654 T:18940 DEBUG: CServiceAddonManager: starting plugin.video.vstream
22:21:11.655 T:18096 DEBUG: Thread LanguageInvoker start, auto delete: false
22:21:11.655 T:18940 DEBUG: CServiceAddonManager: starting script.skin.helper.service
22:21:11.655 T:18096 INFO: initializing python engine.
22:21:11.655 T:5868 DEBUG: Thread LanguageInvoker start, auto delete: false
22:21:11.655 T:18940 DEBUG: CServiceAddonManager: starting script.skin.helper.widgets
22:21:11.655 T:5868 INFO: initializing python engine.
22:21:11.655 T:7824 DEBUG: Thread LanguageInvoker start, auto delete: false
22:21:11.655 T:7824 INFO: initializing python engine.
22:21:11.655 T:18940 DEBUG: CServiceAddonManager: starting script.skin.helper.backgrounds
22:21:11.655 T:732 DEBUG: Thread LanguageInvoker start, auto delete: false
22:21:11.655 T:732 INFO: initializing python engine.
22:21:11.655 T:18940 DEBUG: CServiceAddonManager: starting script.user.rating
22:21:11.655 T:4828 DEBUG: Thread LanguageInvoker start, auto delete: false
22:21:11.655 T:4828 INFO: initializing python engine.
22:21:11.655 T:18940 DEBUG: CServiceAddonManager: starting script.skin.helper.skinbackup
22:21:11.655 T:15212 DEBUG: Thread LanguageInvoker start, auto delete: false
22:21:11.655 T:15212 INFO: initializing python engine.
22:21:11.655 T:18940 DEBUG: CServiceAddonManager: starting plugin.video.youtube
22:21:11.655 T:17840 DEBUG: Thread LanguageInvoker start, auto delete: false
22:21:11.655 T:17840 INFO: initializing python engine.
22:21:11.655 T:18940 DEBUG: CServiceAddonManager: starting script.common.plugin.cache
22:21:11.656 T:18940 DEBUG: CServiceAddonManager: starting script.artwork.beef
22:21:11.656 T:8504 DEBUG: Thread LanguageInvoker start, auto delete: false
22:21:11.656 T:8504 INFO: initializing python engine.
22:21:11.656 T:19112 DEBUG: Thread LanguageInvoker start, auto delete: false
22:21:11.656 T:18940 NOTICE: initialize done
22:21:11.656 T:19112 INFO: initializing python engine.
22:21:11.656 T:10552 DEBUG: Thread LanguageInvoker start, auto delete: false
22:21:11.656 T:10552 INFO: initializing python engine.
22:21:11.656 T:18940 NOTICE: Running the application...
22:21:11.657 T:18940 DEBUG: no profile autoexec.py (C:\Users\PC Nice\AppData\Roaming\Kodi\userdata\autoexec.py) found, skipping
22:21:11.657 T:18940 DEBUG: CNetworkBase::NetworkMessage - Starting network services
22:21:11.657 T:18940 NOTICE: starting zeroconf publishing
22:21:11.659 T:18940 DEBUG: ZeroconfMDNS:Bonjour version is 333.18
22:21:11.659 T:18940 NOTICE: CWebServer[8080]: Started
22:21:11.659 T:18940 INFO: JSONRPC Server: Unable to get bluetooth socket
22:21:11.659 T:19620 DEBUG: Thread EventServer start, auto delete: false
22:21:11.659 T:19620 NOTICE: ES: Starting UDP Event server on port 9777
22:21:11.659 T:18940 INFO: JSONRPC Server: Successfully initialized
22:21:11.660 T:19620 NOTICE: UDP: Listening on port 9777 (ipv6 : true)
22:21:11.660 T:19628 DEBUG: Thread TCPServer start, auto delete: false
22:21:11.706 T:11096 DEBUG: Thread JobWorker start, auto delete: true
22:21:11.710 T:18940 DEBUG: ------ Window Init () ------
22:21:11.710 T:11096 DEBUG: ffmpeg[2B58]: [swscaler] No accelerated colorspace conversion found from yuv420p to bgra.
22:21:11.710 T:10092 DEBUG: ffmpeg[276C]: [swscaler] No accelerated colorspace conversion found from yuv420p to bgra.
22:21:11.712 T:18940 DEBUG: ------ Window Init (Pointer.xml) ------
22:21:11.714 T:10092 DEBUG: ffmpeg[276C]: [swscaler] No accelerated colorspace conversion found from yuv420p to bgra.
22:21:11.716 T:11096 DEBUG: ffmpeg[2B58]: [swscaler] No accelerated colorspace conversion found from yuv420p to bgra.
22:21:11.732 T:10092 DEBUG: ffmpeg[276C]: [swscaler] No accelerated colorspace conversion found from yuv420p to bgra.
22:21:11.828 T:18096 DEBUG: Previous line repeats 1 times.
22:21:11.828 T:18096 DEBUG: CPythonInvoker(0, C:\Users\PC Nice\AppData\Roaming\Kodi\addons\service.xbmc.versioncheck\service.py): start processing
22:21:11.828 T:15212 DEBUG: CPythonInvoker(5, C:\Users\PC Nice\AppData\Roaming\Kodi\addons\script.user.rating\service.py): start processing
22:21:11.828 T:8504 DEBUG: CPythonInvoker(7, C:\Users\PC Nice\AppData\Roaming\Kodi\addons\plugin.video.youtube\resources\lib\startup.py): start processing
22:21:11.828 T:5868 DEBUG: CPythonInvoker(1, C:\Users\PC Nice\AppData\Roaming\Kodi\addons\plugin.video.vstream\service.py): start processing
22:21:11.828 T:4828 DEBUG: CPythonInvoker(4, C:\Users\PC Nice\AppData\Roaming\Kodi\addons\script.skin.helper.backgrounds\service.py): start processing
22:21:11.828 T:7824 DEBUG: CPythonInvoker(2, C:\Users\PC Nice\AppData\Roaming\Kodi\addons\script.skin.helper.service\service.py): start processing
22:21:11.828 T:732 DEBUG: CPythonInvoker(3, C:\Users\PC Nice\AppData\Roaming\Kodi\addons\script.skin.helper.widgets\service.py): start processing
22:21:11.828 T:17840 DEBUG: CPythonInvoker(6, C:\Users\PC Nice\AppData\Roaming\Kodi\addons\script.skin.helper.skinbackup\service.py): start processing
22:21:11.828 T:19112 DEBUG: CPythonInvoker(8, C:\Users\PC Nice\AppData\Roaming\Kodi\addons\script.common.plugin.cache\default.py): start processing
22:21:11.828 T:10552 DEBUG: CPythonInvoker(9, C:\Users\PC Nice\AppData\Roaming\Kodi\addons\script.artwork.beef\service.py): start processing
22:21:11.846 T:18096 DEBUG: -->Python Interpreter Initialized<--
22:21:11.846 T:18096 DEBUG: CPythonInvoker(0, C:\Users\PC Nice\AppData\Roaming\Kodi\addons\service.xbmc.versioncheck\service.py): the source file to load is "C:\Users\PC Nice\AppData\Roaming\Kodi\addons\service.xbmc.versioncheck\service.py"
22:21:11.846 T:18096 DEBUG: CPythonInvoker(0, C:\Users\PC Nice\AppData\Roaming\Kodi\addons\service.xbmc.versioncheck\service.py): setting the Python path to C:\Users\PC Nice\AppData\Roaming\Kodi\addons\service.xbmc.versioncheck;C:\Program Files\Kodi\system\python\DLLs;C:\Program Files\Kodi\system\python\Lib;C:\Program Files\Kodi\python27.zip;C:\Program Files\Kodi\system\python\lib\plat-win;C:\Program Files\Kodi\system\python\lib\lib-tk;C:\Program Files\Kodi;C:\Program Files\Kodi\system\python;C:\Program Files\Kodi\system\python\lib\site-packages
22:21:11.846 T:18096 DEBUG: CPythonInvoker(0, C:\Users\PC Nice\AppData\Roaming\Kodi\addons\service.xbmc.versioncheck\service.py): entering source directory C:\Users\PC Nice\AppData\Roaming\Kodi\addons\service.xbmc.versioncheck
22:21:11.846 T:18096 DEBUG: CPythonInvoker(0, C:\Users\PC Nice\AppData\Roaming\Kodi\addons\service.xbmc.versioncheck\service.py): instantiating addon using automatically obtained id of "service.xbmc.versioncheck" dependent on version 2.1.0 of the xbmc.python api
22:21:11.881 T:10092 ERROR: CImageLoader::DoWork - Direct texture file loading failed for special://masterprofile/Thumbnails/d/d2027b19.jpg
22:21:11.882 T:10092 INFO: XCURL::DllLibCurlGlobal::easy_acquire - Created session to http://image.tmdb.org
22:21:11.937 T:10092 DEBUG: CCurlFile::GetMimeType - http://image.tmdb.org/t/p/original/7QGdIJWWTkPhVjpQ0zA6z69khod.jpg -> image/jpeg
22:21:11.937 T:10092 DEBUG: CurlFile::Open(0x2335d1f0) http://image.tmdb.org/t/p/original/7QGdIJWWTkPhVjpQ0zA6z69khod.jpg
22:21:11.953 T:11096 ERROR: CImageLoader::DoWork - Direct texture file loading failed for special://masterprofile/Thumbnails/7/72a1cf4c.jpg
22:21:11.953 T:11096 INFO: XCURL::DllLibCurlGlobal::easy_acquire - Created session to http://image.tmdb.org
22:21:11.961 T:608 DEBUG: ffmpeg[260]: [swscaler] No accelerated colorspace conversion found from yuv420p to bgra.
22:21:11.971 T:608 DEBUG: Previous line repeats 1 times.
22:21:11.971 T:608 ERROR: CImageLoader::DoWork - Direct texture file loading failed for special://masterprofile/Thumbnails/c/c4d6632e.jpg
22:21:11.971 T:608 INFO: XCURL::DllLibCurlGlobal::easy_acquire - Created session to http://image.tmdb.org
22:21:11.974 T:4792 ERROR: CImageLoader::DoWork - Direct texture file loading failed for special://masterprofile/Thumbnails/a/a9aceab5.jpg
22:21:11.974 T:4792 INFO: XCURL::DllLibCurlGlobal::easy_acquire - Created session to http://image.tmdb.org
22:21:12.018 T:15212 DEBUG: -->Python Interpreter Initialized<--
22:21:12.018 T:15212 DEBUG: CPythonInvoker(5, C:\Users\PC Nice\AppData\Roaming\Kodi\addons\script.user.rating\service.py): the source file to load is "C:\Users\PC Nice\AppData\Roaming\Kodi\addons\script.user.rating\service.py"
22:21:12.018 T:5868 DEBUG: -->Python Interpreter Initialized<--
22:21:12.018 T:5868 DEBUG: CPythonInvoker(1, C:\Users\PC Nice\AppData\Roaming\Kodi\addons\plugin.video.vstream\service.py): the source file to load is "C:\Users\PC Nice\AppData\Roaming\Kodi\addons\plugin.video.vstream\service.py"
22:21:12.018 T:8504 DEBUG: -->Python Interpreter Initialized<--
22:21:12.018 T:8504 DEBUG: CPythonInvoker(7, C:\Users\PC Nice\AppData\Roaming\Kodi\addons\plugin.video.youtube\resources\lib\startup.py): the source file to load is "C:\Users\PC Nice\AppData\Roaming\Kodi\addons\plugin.video.youtube\resources\lib\startup.py"
22:21:12.019 T:4828 DEBUG: -->Python Interpreter Initialized<--
22:21:12.019 T:4828 DEBUG: CPythonInvoker(4, C:\Users\PC Nice\AppData\Roaming\Kodi\addons\script.skin.helper.backgrounds\service.py): the source file to load is "C:\Users\PC Nice\AppData\Roaming\Kodi\addons\script.skin.helper.backgrounds\service.py"
22:21:12.019 T:7824 DEBUG: -->Python Interpreter Initialized<--
22:21:12.019 T:7824 DEBUG: CPythonInvoker(2, C:\Users\PC Nice\AppData\Roaming\Kodi\addons\script.skin.helper.service\service.py): the source file to load is "C:\Users\PC Nice\AppData\Roaming\Kodi\addons\script.skin.helper.service\service.py"
22:21:12.019 T:732 DEBUG: -->Python Interpreter Initialized<--
22:21:12.019 T:732 DEBUG: CPythonInvoker(3, C:\Users\PC Nice\AppData\Roaming\Kodi\addons\script.skin.helper.widgets\service.py): the source file to load is "C:\Users\PC Nice\AppData\Roaming\Kodi\addons\script.skin.helper.widgets\service.py"
22:21:12.020 T:17840 DEBUG: -->Python Interpreter Initialized<--
22:21:12.020 T:17840 DEBUG: CPythonInvoker(6, C:\Users\PC Nice\AppData\Roaming\Kodi\addons\script.skin.helper.skinbackup\service.py): the source file to load is "C:\Users\PC Nice\AppData\Roaming\Kodi\addons\script.skin.helper.skinbackup\service.py"
22:21:12.020 T:19112 DEBUG: -->Python Interpreter Initialized<--
22:21:12.020 T:19112 DEBUG: CPythonInvoker(8, C:\Users\PC Nice\AppData\Roaming\Kodi\addons\script.common.plugin.cache\default.py): the source file to load is "C:\Users\PC Nice\AppData\Roaming\Kodi\addons\script.common.plugin.cache\default.py"
22:21:12.020 T:10552 DEBUG: -->Python Interpreter Initialized<--
22:21:12.020 T:10552 DEBUG: CPythonInvoker(9, C:\Users\PC Nice\AppData\Roaming\Kodi\addons\script.artwork.beef\service.py): the source file to load is "C:\Users\PC Nice\AppData\Roaming\Kodi\addons\script.artwork.beef\service.py"
22:21:12.022 T:15212 DEBUG: CPythonInvoker(5, C:\Users\PC Nice\AppData\Roaming\Kodi\addons\script.user.rating\service.py): setting the Python path to C:\Users\PC Nice\AppData\Roaming\Kodi\addons\script.user.rating;C:\Program Files\Kodi\system\python\DLLs;C:\Program Files\Kodi\system\python\Lib;C:\Program Files\Kodi\python27.zip;C:\Program Files\Kodi\system\python\lib\plat-win;C:\Program Files\Kodi\system\python\lib\lib-tk;C:\Program Files\Kodi;C:\Program Files\Kodi\system\python;C:\Program Files\Kodi\system\python\lib\site-packages
22:21:12.022 T:15212 DEBUG: CPythonInvoker(5, C:\Users\PC Nice\AppData\Roaming\Kodi\addons\script.user.rating\service.py): entering source directory C:\Users\PC Nice\AppData\Roaming\Kodi\addons\script.user.rating
22:21:12.023 T:5868 DEBUG: CPythonInvoker(1, C:\Users\PC Nice\AppData\Roaming\Kodi\addons\plugin.video.vstream\service.py): setting the Python path to C:\Users\PC Nice\AppData\Roaming\Kodi\addons\plugin.video.vstream;C:\Users\PC Nice\AppData\Roaming\Kodi\addons\script.module.certifi\lib;C:\Users\PC Nice\AppData\Roaming\Kodi\addons\script.module.chardet\lib;C:\Users\PC Nice\AppData\Roaming\Kodi\addons\script.module.idna\lib;C:\Users\PC Nice\AppData\Roaming\Kodi\addons\script.module.requests\lib;C:\Users\PC Nice\AppData\Roaming\Kodi\addons\script.module.simplejson\lib;C:\Users\PC Nice\AppData\Roaming\Kodi\addons\script.module.urllib3\lib;C:\Program Files\Kodi\system\python\DLLs;C:\Program Files\Kodi\system\python\Lib;C:\Program Files\Kodi\python27.zip;C:\Program Files\Kodi\system\python\lib\plat-win;C:\Program Files\Kodi\system\python\lib\lib-tk;C:\Program Files\Kodi;C:\Program Files\Kodi\system\python;C:\Program Files\Kodi\system\python\lib\site-packages
22:21:12.023 T:5868 DEBUG: CPythonInvoker(1, C:\Users\PC Nice\AppData\Roaming\Kodi\addons\plugin.video.vstream\service.py): entering source directory C:\Users\PC Nice\AppData\Roaming\Kodi\addons\plugin.video.vstream
22:21:12.023 T:8504 DEBUG: CPythonInvoker(7, C:\Users\PC Nice\AppData\Roaming\Kodi\addons\plugin.video.youtube\resources\lib\startup.py): setting the Python path to C:\Users\PC Nice\AppData\Roaming\Kodi\addons\plugin.video.youtube\resources\lib;C:\Users\PC Nice\AppData\Roaming\Kodi\addons\script.module.certifi\lib;C:\Users\PC Nice\AppData\Roaming\Kodi\addons\script.module.chardet\lib;C:\Users\PC Nice\AppData\Roaming\Kodi\addons\script.module.idna\lib;C:\Users\PC Nice\AppData\Roaming\Kodi\addons\script.module.requests\lib;C:\Users\PC Nice\AppData\Roaming\Kodi\addons\script.module.six\lib;C:\Users\PC Nice\AppData\Roaming\Kodi\addons\script.module.urllib3\lib;C:\Program Files\Kodi\system\python\DLLs;C:\Program Files\Kodi\system\python\Lib;C:\Program Files\Kodi\python27.zip;C:\Program Files\Kodi\system\python\lib\plat-win;C:\Program Files\Kodi\system\python\lib\lib-tk;C:\Program Files\Kodi;C:\Program Files\Kodi\system\python;C:\Program Files\Kodi\system\python\lib\site-packages
22:21:12.023 T:8504 DEBUG: CPythonInvoker(7, C:\Users\PC Nice\AppData\Roaming\Kodi\addons\plugin.video.youtube\resources\lib\startup.py): entering source directory C:\Users\PC Nice\AppData\Roaming\Kodi\addons\plugin.video.youtube\resources\lib
22:21:12.023 T:4828 DEBUG: CPythonInvoker(4, C:\Users\PC Nice\AppData\Roaming\Kodi\addons\script.skin.helper.backgrounds\service.py): setting the Python path to C:\Users\PC Nice\AppData\Roaming\Kodi\addons\script.skin.helper.backgrounds;C:\Program Files\Kodi\addons\script.module.pil\lib;C:\Users\PC Nice\AppData\Roaming\Kodi\addons\script.module.arrow\lib;C:\Users\PC Nice\AppData\Roaming\Kodi\addons\script.module.beautifulsoup\lib;C:\Users\PC Nice\AppData\Roaming\Kodi\addons\script.module.certifi\lib;C:\Users\PC Nice\AppData\Roaming\Kodi\addons\script.module.chardet\lib;C:\Users\PC Nice\AppData\Roaming\Kodi\addons\script.module.dateutil\lib;C:\Users\PC Nice\AppData\Roaming\Kodi\addons\script.module.idna\lib;C:\Users\PC Nice\AppData\Roaming\Kodi\addons\script.module.metadatautils\lib;C:\Users\PC Nice\AppData\Roaming\Kodi\addons\script.module.musicbrainz\lib;C:\Users\PC Nice\AppData\Roaming\Kodi\addons\script.module.requests\lib;C:\Users\PC Nice\AppData\Roaming\Kodi\addons\script.module.simplecache\lib;C:\Users\PC Nice\AppData\Roaming\Kodi\addons\script.module.simplejson\lib;C:\Users\PC Nice\AppData\Roaming\Kodi\addons\script.module.six\lib;C:\Users\PC Nice\AppData\Roaming\Kodi\addons\script.module.thetvdb\lib;C:\Users\PC Nice\AppData\Roaming\Kodi\addons\script.module.urllib3\lib;C:\Program Files\Kodi\system\python\DLLs;C:\Program Files\Kodi\system\python\Lib;C:\Program Files\Kodi\python27.zip;C:\Program Files\Kodi\system\python\lib\plat-win;C:\Program Files\Kodi\system\python\lib\lib-tk;C:\Program Files\Kodi;C:\Program Files\Kodi\system\python;C:\Program Files\Kodi\system\python\lib\site-packages
22:21:12.023 T:4828 DEBUG: CPythonInvoker(4, C:\Users\PC Nice\AppData\Roaming\Kodi\addons\script.skin.helper.backgrounds\service.py): entering source directory C:\Users\PC Nice\AppData\Roaming\Kodi\addons\script.skin.helper.backgrounds
22:21:12.023 T:15212 DEBUG: CPythonInvoker(5, C:\Users\PC Nice\AppData\Roaming\Kodi\addons\script.user.rating\service.py): instantiating addon using automatically obtained id of "script.user.rating" dependent on version 2.24.0 of the xbmc.python api
22:21:12.023 T:7824 DEBUG: CPythonInvoker(2, C:\Users\PC Nice\AppData\Roaming\Kodi\addons\script.skin.helper.service\service.py): setting the Python path to C:\Users\PC Nice\AppData\Roaming\Kodi\addons\script.skin.helper.service;C:\Users\PC Nice\AppData\Roaming\Kodi\addons\script.module.arrow\lib;C:\Users\PC Nice\AppData\Roaming\Kodi\addons\script.module.beautifulsoup\lib;C:\Users\PC Nice\AppData\Roaming\Kodi\addons\script.module.certifi\lib;C:\Users\PC Nice\AppData\Roaming\Kodi\addons\script.module.chardet\lib;C:\Users\PC Nice\AppData\Roaming\Kodi\addons\script.module.cherrypy\lib;C:\Users\PC Nice\AppData\Roaming\Kodi\addons\script.module.dateutil\lib;C:\Users\PC Nice\AppData\Roaming\Kodi\addons\script.module.idna\lib;C:\Users\PC Nice\AppData\Roaming\Kodi\addons\script.module.metadatautils\lib;C:\Users\PC Nice\AppData\Roaming\Kodi\addons\script.module.musicbrainz\lib;C:\Users\PC Nice\AppData\Roaming\Kodi\addons\script.module.requests\lib;C:\Users\PC Nice\AppData\Roaming\Kodi\addons\script.module.simplecache\lib;C:\Users\PC Nice\AppData\Roaming\Kodi\addons\script.module.simplejson\lib;C:\Users\PC Nice\AppData\Roaming\Kodi\addons\script.module.six\lib;C:\Users\PC Nice\AppData\Roaming\Kodi\addons\script.module.thetvdb\lib;C:\Users\PC Nice\AppData\Roaming\Kodi\addons\script.module.urllib3\lib;C:\Program Files\Kodi\system\python\DLLs;C:\Program Files\Kodi\system\python\Lib;C:\Program Files\Kodi\python27.zip;C:\Program Files\Kodi\system\python\lib\plat-win;C:\Program Files\Kodi\system\python\lib\lib-tk;C:\Program Files\Kodi;C:\Program Files\Kodi\system\python;C:\Program Files\Kodi\system\python\lib\site-packages
22:21:12.023 T:7824 DEBUG: CPythonInvoker(2, C:\Users\PC Nice\AppData\Roaming\Kodi\addons\script.skin.helper.service\service.py): entering source directory C:\Users\PC Nice\AppData\Roaming\Kodi\addons\script.skin.helper.service
22:21:12.023 T:5868 DEBUG: CPythonInvoker(1, C:\Users\PC Nice\AppData\Roaming\Kodi\addons\plugin.video.vstream\service.py): instantiating addon using automatically obtained id of "plugin.video.vstream" dependent on version 2.24.0 of the xbmc.python api
22:21:12.023 T:732 DEBUG: CPythonInvoker(3, C:\Users\PC Nice\AppData\Roaming\Kodi\addons\script.skin.helper.widgets\service.py): setting the Python path to C:\Users\PC Nice\AppData\Roaming\Kodi\addons\script.skin.helper.widgets;C:\Users\PC Nice\AppData\Roaming\Kodi\addons\script.module.arrow\lib;C:\Users\PC Nice\AppData\Roaming\Kodi\addons\script.module.beautifulsoup\lib;C:\Users\PC Nice\AppData\Roaming\Kodi\addons\script.module.certifi\lib;C:\Users\PC Nice\AppData\Roaming\Kodi\addons\script.module.chardet\lib;C:\Users\PC Nice\AppData\Roaming\Kodi\addons\script.module.dateutil\lib;C:\Users\PC Nice\AppData\Roaming\Kodi\addons\script.module.idna\lib;C:\Users\PC Nice\AppData\Roaming\Kodi\addons\script.module.metadatautils\lib;C:\Users\PC Nice\AppData\Roaming\Kodi\addons\script.module.musicbrainz\lib;C:\Users\PC Nice\AppData\Roaming\Kodi\addons\script.module.requests\lib;C:\Users\PC Nice\AppData\Roaming\Kodi\addons\script.module.simplecache\lib;C:\Users\PC Nice\AppData\Roaming\Kodi\addons\script.module.simplejson\lib;C:\Users\PC Nice\AppData\Roaming\Kodi\addons\script.module.six\lib;C:\Users\PC Nice\AppData\Roaming\Kodi\addons\script.module.thetvdb\lib;C:\Users\PC Nice\AppData\Roaming\Kodi\addons\script.module.urllib3\lib;C:\Program Files\Kodi\system\python\DLLs;C:\Program Files\Kodi\system\python\Lib;C:\Program Files\Kodi\python27.zip;C:\Program Files\Kodi\system\python\lib\plat-win;C:\Program Files\Kodi\system\python\lib\lib-tk;C:\Program Files\Kodi;C:\Program Files\Kodi\system\python;C:\Program Files\Kodi\system\python\lib\site-packages
22:21:12.023 T:732 DEBUG: CPythonInvoker(3, C:\Users\PC Nice\AppData\Roaming\Kodi\addons\script.skin.helper.widgets\service.py): entering source directory C:\Users\PC Nice\AppData\Roaming\Kodi\addons\script.skin.helper.widgets
22:21:12.023 T:8504 DEBUG: CPythonInvoker(7, C:\Users\PC Nice\AppData\Roaming\Kodi\addons\plugin.video.youtube\resources\lib\startup.py): instantiating addon using automatically obtained id of "plugin.video.youtube" dependent on version 2.20.0 of the xbmc.python api
22:21:12.023 T:17840 DEBUG: CPythonInvoker(6, C:\Users\PC Nice\AppData\Roaming\Kodi\addons\script.skin.helper.skinbackup\service.py): setting the Python path to C:\Users\PC Nice\AppData\Roaming\Kodi\addons\script.skin.helper.skinbackup;C:\Program Files\Kodi\system\python\DLLs;C:\Program Files\Kodi\system\python\Lib;C:\Program Files\Kodi\python27.zip;C:\Program Files\Kodi\system\python\lib\plat-win;C:\Program Files\Kodi\system\python\lib\lib-tk;C:\Program Files\Kodi;C:\Program Files\Kodi\system\python;C:\Program Files\Kodi\system\python\lib\site-packages
22:21:12.023 T:17840 DEBUG: CPythonInvoker(6, C:\Users\PC Nice\AppData\Roaming\Kodi\addons\script.skin.helper.skinbackup\service.py): entering source directory C:\Users\PC Nice\AppData\Roaming\Kodi\addons\script.skin.helper.skinbackup
22:21:12.024 T:4828 DEBUG: CPythonInvoker(4, C:\Users\PC Nice\AppData\Roaming\Kodi\addons\script.skin.helper.backgrounds\service.py): instantiating addon using automatically obtained id of "script.skin.helper.backgrounds" dependent on version 2.13.0 of the xbmc.python api
22:21:12.024 T:19112 DEBUG: CPythonInvoker(8, C:\Users\PC Nice\AppData\Roaming\Kodi\addons\script.common.plugin.cache\default.py): setting the Python path to C:\Users\PC Nice\AppData\Roaming\Kodi\addons\script.common.plugin.cache;C:\Program Files\Kodi\system\python\DLLs;C:\Program Files\Kodi\system\python\Lib;C:\Program Files\Kodi\python27.zip;C:\Program Files\Kodi\system\python\lib\plat-win;C:\Program Files\Kodi\system\python\lib\lib-tk;C:\Program Files\Kodi;C:\Program Files\Kodi\system\python;C:\Program Files\Kodi\system\python\lib\site-packages
22:21:12.024 T:19112 DEBUG: CPythonInvoker(8, C:\Users\PC Nice\AppData\Roaming\Kodi\addons\script.common.plugin.cache\default.py): entering source directory C:\Users\PC Nice\AppData\Roaming\Kodi\addons\script.common.plugin.cache
22:21:12.024 T:7824 DEBUG: CPythonInvoker(2, C:\Users\PC Nice\AppData\Roaming\Kodi\addons\script.skin.helper.service\service.py): instantiating addon using automatically obtained id of "script.skin.helper.service" dependent on version 2.13.0 of the xbmc.python api
22:21:12.024 T:732 DEBUG: CPythonInvoker(3, C:\Users\PC Nice\AppData\Roaming\Kodi\addons\script.skin.helper.widgets\service.py): instantiating addon using automatically obtained id of "script.skin.helper.widgets" dependent on version 2.24.0 of the xbmc.python api
22:21:12.024 T:17840 DEBUG: CPythonInvoker(6, C:\Users\PC Nice\AppData\Roaming\Kodi\addons\script.skin.helper.skinbackup\service.py): instantiating addon using automatically obtained id of "script.skin.helper.skinbackup" dependent on version 2.13.0 of the xbmc.python api
22:21:12.024 T:10552 DEBUG: CPythonInvoker(9, C:\Users\PC Nice\AppData\Roaming\Kodi\addons\script.artwork.beef\service.py): setting the Python path to C:\Users\PC Nice\AppData\Roaming\Kodi\addons\script.artwork.beef;C:\Users\PC Nice\AppData\Roaming\Kodi\addons\script.common.plugin.cache\lib;C:\Users\PC Nice\AppData\Roaming\Kodi\addons\script.module.certifi\lib;C:\Users\PC Nice\AppData\Roaming\Kodi\addons\script.module.chardet\lib;C:\Users\PC Nice\AppData\Roaming\Kodi\addons\script.module.idna\lib;C:\Users\PC Nice\AppData\Roaming\Kodi\addons\script.module.requests\lib;C:\Users\PC Nice\AppData\Roaming\Kodi\addons\script.module.simplejson\lib;C:\Users\PC Nice\AppData\Roaming\Kodi\addons\script.module.urllib3\lib;C:\Program Files\Kodi\system\python\DLLs;C:\Program Files\Kodi\system\python\Lib;C:\Program Files\Kodi\python27.zip;C:\Program Files\Kodi\system\python\lib\plat-win;C:\Program Files\Kodi\system\python\lib\lib-tk;C:\Program Files\Kodi;C:\Program Files\Kodi\system\python;C:\Program Files\Kodi\system\python\lib\site-packages
22:21:12.024 T:10552 DEBUG: CPythonInvoker(9, C:\Users\PC Nice\AppData\Roaming\Kodi\addons\script.artwork.beef\service.py): entering source directory C:\Users\PC Nice\AppData\Roaming\Kodi\addons\script.artwork.beef
22:21:12.024 T:19112 DEBUG: CPythonInvoker(8, C:\Users\PC Nice\AppData\Roaming\Kodi\addons\script.common.plugin.cache\default.py): instantiating addon using automatically obtained id of "script.common.plugin.cache" dependent on version 2.24.0 of the xbmc.python api
22:21:12.025 T:10552 DEBUG: CPythonInvoker(9, C:\Users\PC Nice\AppData\Roaming\Kodi\addons\script.artwork.beef\service.py): instantiating addon using automatically obtained id of "script.artwork.beef" dependent on version 2.19.0 of the xbmc.python api
22:21:12.106 T:10092 DEBUG: ffmpeg[276C]: [swscaler] No accelerated colorspace conversion found from yuv420p to bgra.
22:21:12.109 T:10092 DEBUG: Caching image 'http://image.tmdb.org/t/p/original/7QGdIJWWTkPhVjpQ0zA6z69khod.jpg' to 'd/d2027b19.jpg':
22:21:12.122 T:10092 DEBUG: cached image 'special://masterprofile/Thumbnails/d/d2027b19.jpg' size 480x720
22:21:12.162 T:10092 ERROR: CImageLoader::DoWork - Direct texture file loading failed for special://masterprofile/Thumbnails/f/fe4dc064.jpg
22:21:12.199 T:10764 DEBUG: CIRServerSuite::Connect: connecting to: 127.0.0.1:24000 ...
22:21:12.475 T:8504 DEBUG: [plugin.video.youtube] YouTube service initialization...
22:21:12.483 T:8504 DEBUG: [plugin.video.youtube] Cleared home window properties: []
22:21:12.484 T:8504 DEBUG: CAddonSettings[plugin.video.youtube]: loading setting definitions
22:21:12.484 T:8504 DEBUG: CAddonSettings[plugin.video.youtube]: trying to load setting definitions from old format...
22:21:12.485 T:8504 DEBUG: CAddonSettings[plugin.video.youtube]: loading setting values
22:21:12.546 T:4792 DEBUG: CCurlFile::GetMimeType - http://image.tmdb.org/t/p/original/9jlPu1gW4TgNmdrX2SOPbIVP25R.jpg -> image/jpeg
22:21:12.546 T:4792 DEBUG: CurlFile::Open(0x2335e570) http://image.tmdb.org/t/p/original/9jlPu1gW4TgNmdrX2SOPbIVP25R.jpg
22:21:12.678 T:4792 DEBUG: ffmpeg[12B8]: [swscaler] No accelerated colorspace conversion found from yuv420p to bgra.
22:21:12.679 T:4792 DEBUG: Caching image 'http://image.tmdb.org/t/p/original/9jlPu1gW4TgNmdrX2SOPbIVP25R.jpg' to 'a/a9aceab5.jpg':
22:21:12.679 T:4792 DEBUG: cached image 'special://masterprofile/Thumbnails/a/a9aceab5.jpg' size 450x600
22:21:12.685 T:608 DEBUG: CCurlFile::GetMimeType - http://image.tmdb.org/t/p/original/mOHDbHVjQyT8a4OhvMKt8R6fD8j.jpg -> image/jpeg
22:21:12.685 T:608 DEBUG: CurlFile::Open(0x2335bb30) http://image.tmdb.org/t/p/original/mOHDbHVjQyT8a4OhvMKt8R6fD8j.jpg
22:21:12.697 T:18940 DEBUG: Keyboard: scancode: 0x4b, sym: 0x0114, unicode: 0x0000, modifier: 0x0
22:21:12.697 T:18940 DEBUG: CInputManager::HandleKey: left (0xf082) pressed, action is Left
22:21:12.698 T:18940 DEBUG: ------ Window Deinit (Pointer.xml) ------
22:21:12.714 T:608 DEBUG: ffmpeg[260]: [swscaler] No accelerated colorspace conversion found from yuv420p to bgra.
22:21:12.718 T:608 DEBUG: Caching image 'http://image.tmdb.org/t/p/original/mOHDbHVjQyT8a4OhvMKt8R6fD8j.jpg' to 'c/c4d6632e.jpg':
22:21:12.718 T:11096 DEBUG: CCurlFile::GetMimeType - http://image.tmdb.org/t/p/original/8thxwJE1C7ZERJH4hgyBmAce4Ey.jpg -> image/jpeg
22:21:12.718 T:11096 DEBUG: CurlFile::Open(0x2335bb30) http://image.tmdb.org/t/p/original/8thxwJE1C7ZERJH4hgyBmAce4Ey.jpg
22:21:12.719 T:4792 DEBUG: ffmpeg[12B8]: [swscaler] No accelerated colorspace conversion found from yuv420p to bgra.
22:21:12.719 T:10092 DEBUG: CCurlFile::GetMimeType - http://image.tmdb.org/t/p/original/pudcFZfj4Gmp4MryiBXUTd5LkTZ.jpg -> image/jpeg
22:21:12.719 T:10092 DEBUG: CurlFile::Open(0x2335e570) http://image.tmdb.org/t/p/original/pudcFZfj4Gmp4MryiBXUTd5LkTZ.jpg
22:21:12.720 T:4792 ERROR: CImageLoader::DoWork - Direct texture file loading failed for special://masterprofile/Thumbnails/a/a8c13fe8.jpg
22:21:12.731 T:608 DEBUG: cached image 'special://masterprofile/Thumbnails/c/c4d6632e.jpg' size 480x720
22:21:12.741 T:4828 DEBUG: CAddonSettings[script.module.metadatautils]: loading setting definitions
22:21:12.741 T:4828 DEBUG: CAddonSettings[script.module.metadatautils]: trying to load setting definitions from old format...
22:21:12.749 T:4792 DEBUG: CCurlFile::GetMimeType - http://image.tmdb.org/t/p/original/qNBgjmZYSJVNDe1jGMjLEKjFflA.jpg -> image/jpeg
22:21:12.749 T:4792 DEBUG: CurlFile::Open(0x1b055d90) http://image.tmdb.org/t/p/original/qNBgjmZYSJVNDe1jGMjLEKjFflA.jpg
22:21:12.759 T:11096 DEBUG: ffmpeg[2B58]: [swscaler] No accelerated colorspace conversion found from yuv420p to bgra.
22:21:12.763 T:11096 DEBUG: Caching image 'http://image.tmdb.org/t/p/original/8thxwJE1C7ZERJH4hgyBmAce4Ey.jpg' to '7/72a1cf4c.jpg':
22:21:12.772 T:608 ERROR: CImageLoader::DoWork - Direct texture file loading failed for special://masterprofile/Thumbnails/b/b56b5ace.jpg
22:21:12.777 T:11096 DEBUG: cached image 'special://masterprofile/Thumbnails/7/72a1cf4c.jpg' size 480x720
22:21:12.814 T:18940 DEBUG: Keyboard: scancode: 0x4b, sym: 0x0114, unicode: 0x0000, modifier: 0x0
22:21:12.817 T:11096 DEBUG: ffmpeg[2B58]: [swscaler] No accelerated colorspace conversion found from yuv420p to bgra.
22:21:12.856 T:10092 DEBUG: Previous line repeats 6 times.
22:21:12.856 T:10092 DEBUG: ffmpeg[276C]: [swscaler] No accelerated colorspace conversion found from yuv420p to bgra.
22:21:12.857 T:10092 DEBUG: Caching image 'http://image.tmdb.org/t/p/original/pudcFZfj4Gmp4MryiBXUTd5LkTZ.jpg' to 'f/fe4dc064.jpg':
22:21:12.863 T:18940 DEBUG: Keyboard: scancode: 0x4b, sym: 0x0114, unicode: 0x0000, modifier: 0x0
22:21:12.864 T:18940 DEBUG: CInputManager::HandleKey: left (0xf082) pressed, action is Left
22:21:12.865 T:10092 DEBUG: cached image 'special://masterprofile/Thumbnails/f/fe4dc064.jpg' size 540x720
22:21:12.904 T:4792 DEBUG: ffmpeg[12B8]: [swscaler] No accelerated colorspace conversion found from yuv420p to bgra.
22:21:12.907 T:4792 DEBUG: Caching image 'http://image.tmdb.org/t/p/original/qNBgjmZYSJVNDe1jGMjLEKjFflA.jpg' to 'a/a8c13fe8.jpg':
22:21:12.925 T:4792 DEBUG: cached image 'special://masterprofile/Thumbnails/a/a8c13fe8.jpg' size 480x720
22:21:12.997 T:18940 DEBUG: Keyboard: scancode: 0x4b, sym: 0x0114, unicode: 0x0000, modifier: 0x0
22:21:13.047 T:18940 DEBUG: Previous line repeats 1 times.
22:21:13.047 T:18940 DEBUG: CInputManager::HandleKey: left (0xf082) pressed, action is Left
22:21:13.147 T:18940 DEBUG: Keyboard: scancode: 0x4b, sym: 0x0114, unicode: 0x0000, modifier: 0x0
22:21:13.148 T:11096 ERROR: CImageLoader::DoWork - Direct texture file loading failed for special://masterprofile/Thumbnails/a/afc7f5e7.jpg
22:21:13.178 T:10092 ERROR: CImageLoader::DoWork - Direct texture file loading failed for special://masterprofile/Thumbnails/a/a14b4d60.jpg
22:21:13.185 T:11096 DEBUG: CCurlFile::GetMimeType - http://image.tmdb.org/t/p/original/pqL9Ome1iG6Zz2vjsCosH6Ho3mc.jpg -> image/jpeg
22:21:13.185 T:11096 DEBUG: CurlFile::Open(0x1a1b2450) http://image.tmdb.org/t/p/original/pqL9Ome1iG6Zz2vjsCosH6Ho3mc.jpg
22:21:13.199 T:10764 DEBUG: CIRServerSuite::Connect: failed to connect
22:21:13.199 T:10764 INFO: CIRServerSuite::Process: failed to connect to irss, will keep retrying every 5 seconds
22:21:13.212 T:10092 DEBUG: CCurlFile::GetMimeType - http://image.tmdb.org/t/p/original/o1eyyUN2ZQ7jHYhA103dz1PszXp.jpg -> image/jpeg
22:21:13.213 T:10092 DEBUG: CurlFile::Open(0x1a1b0090) http://image.tmdb.org/t/p/original/o1eyyUN2ZQ7jHYhA103dz1PszXp.jpg
