2019-05-14 18:39:07.016 T:140518328624896 DEBUG: CWebServer[8081] [OUT] Expires: Tue, 21 May 2019 16:39:07 GMT
2019-05-14 18:39:07.016 T:140518328624896 DEBUG: CWebServer[8081] [OUT] Last-Modified: Thu, 05 Apr 2018 16:36:23 GMT
2019-05-14 18:39:07.016 T:140518328624896 DEBUG: CWebServer[8081] [OUT] HTTP/1.1 200 /image/image%3A%2F%2Fhttp%253a%252f%252fimage.tmdb.org%252ft%252fp%252foriginal%252fqrZ49dcenKqtRWSbOK8zWLQC6GG.jpg%2F
2019-05-14 18:39:07.016 T:140518328624896 DEBUG: CWebServer[8081] [OUT] Accept-Encoding: gzip
2019-05-14 18:39:07.016 T:140518328624896 DEBUG: CWebServer[8081] [OUT] Authorization: Basic YmV0bWVuOkJldG1lbjU1MjA5Mg==
2019-05-14 18:39:07.016 T:140518328624896 DEBUG: CWebServer[8081] [OUT] Connection: Keep-Alive
2019-05-14 18:39:07.016 T:140518328624896 DEBUG: CWebServer[8081] [OUT] Host: 192.168.1.100:8081
2019-05-14 18:39:07.016 T:140518328624896 DEBUG: CWebServer[8081] [OUT] User-Agent: okhttp/3.14.1
2019-05-14 18:39:07.016 T:140518328624896 DEBUG: CWebServer [OUT] write maximum 2048 bytes from 0 (0)
2019-05-14 18:39:07.017 T:140518328624896 DEBUG: CWebServer [OUT] wrote 2048 bytes from 0 in range (0 - 71250)
2019-05-14 18:39:07.017 T:140518328624896 DEBUG: CWebServer [OUT] write maximum 2048 bytes from 2048 (2048)
2019-05-14 18:39:07.017 T:140518328624896 DEBUG: CWebServer [OUT] wrote 2048 bytes from 2048 in range (0 - 71250)
2019-05-14 18:39:07.017 T:140518328624896 DEBUG: CWebServer [OUT] write maximum 2048 bytes from 4096 (4096)
2019-05-14 18:39:07.017 T:140518328624896 DEBUG: CWebServer [OUT] wrote 2048 bytes from 4096 in range (0 - 71250)
2019-05-14 18:39:07.017 T:140518328624896 DEBUG: CWebServer [OUT] write maximum 2048 bytes from 6144 (6144)
2019-05-14 18:39:07.017 T:140518328624896 DEBUG: CWebServer [OUT] wrote 2048 bytes from 6144 in range (0 - 71250)
2019-05-14 18:39:07.017 T:140518328624896 DEBUG: CWebServer [OUT] write maximum 2048 bytes from 8192 (8192)
2019-05-14 18:39:07.017 T:140518328624896 DEBUG: CWebServer [OUT] wrote 2048 bytes from 8192 in range (0 - 71250)
2019-05-14 18:39:07.018 T:140518328624896 DEBUG: CWebServer [OUT] write maximum 2048 bytes from 10240 (10240)
2019-05-14 18:39:07.018 T:140518328624896 DEBUG: CWebServer [OUT] wrote 2048 bytes from 10240 in range (0 - 71250)
2019-05-14 18:39:07.018 T:140518328624896 DEBUG: CWebServer [OUT] write maximum 2048 bytes from 12288 (12288)
2019-05-14 18:39:07.018 T:140518328624896 DEBUG: CWebServer [OUT] wrote 2048 bytes from 12288 in range (0 - 71250)
2019-05-14 18:39:07.018 T:140518328624896 DEBUG: CWebServer [OUT] write maximum 2048 bytes from 14336 (14336)
2019-05-14 18:39:07.018 T:140518328624896 DEBUG: CWebServer [OUT] wrote 2048 bytes from 14336 in range (0 - 71250)
2019-05-14 18:39:07.018 T:140518328624896 DEBUG: CWebServer [OUT] write maximum 2048 bytes from 16384 (16384)
2019-05-14 18:39:07.018 T:140518328624896 DEBUG: CWebServer [OUT] wrote 2048 bytes from 16384 in range (0 - 71250)
2019-05-14 18:39:07.018 T:140518328624896 DEBUG: CWebServer [OUT] write maximum 2048 bytes from 18432 (18432)
2019-05-14 18:39:07.018 T:140518328624896 DEBUG: CWebServer [OUT] wrote 2048 bytes from 18432 in range (0 - 71250)
2019-05-14 18:39:07.019 T:140518328624896 DEBUG: CWebServer [OUT] write maximum 2048 bytes from 20480 (20480)
2019-05-14 18:39:07.019 T:140518328624896 DEBUG: CWebServer [OUT] wrote 2048 bytes from 20480 in range (0 - 71250)
2019-05-14 18:39:07.019 T:140518328624896 DEBUG: CWebServer [OUT] write maximum 2048 bytes from 22528 (22528)
2019-05-14 18:39:07.019 T:140518328624896 DEBUG: CWebServer [OUT] wrote 2048 bytes from 22528 in range (0 - 71250)
2019-05-14 18:39:07.019 T:140518328624896 DEBUG: CWebServer [OUT] write maximum 2048 bytes from 24576 (24576)
2019-05-14 18:39:07.019 T:140518328624896 DEBUG: CWebServer [OUT] wrote 2048 bytes from 24576 in range (0 - 71250)
2019-05-14 18:39:07.019 T:140518328624896 DEBUG: CWebServer [OUT] write maximum 2048 bytes from 26624 (26624)
2019-05-14 18:39:07.019 T:140518328624896 DEBUG: CWebServer [OUT] wrote 2048 bytes from 26624 in range (0 - 71250)
2019-05-14 18:39:07.019 T:140518328624896 DEBUG: CWebServer [OUT] write maximum 2048 bytes from 28672 (28672)
2019-05-14 18:39:07.019 T:140518328624896 DEBUG: CWebServer [OUT] wrote 2048 bytes from 28672 in range (0 - 71250)
2019-05-14 18:39:07.019 T:140518328624896 DEBUG: CWebServer [OUT] write maximum 2048 bytes from 30720 (30720)
2019-05-14 18:39:07.019 T:140518328624896 DEBUG: CWebServer [OUT] wrote 2048 bytes from 30720 in range (0 - 71250)
2019-05-14 18:39:07.019 T:140518328624896 DEBUG: CWebServer [OUT] write maximum 2048 bytes from 32768 (32768)
2019-05-14 18:39:07.019 T:140518328624896 DEBUG: CWebServer [OUT] wrote 2048 bytes from 32768 in range (0 - 71250)
2019-05-14 18:39:07.019 T:140518328624896 DEBUG: CWebServer [OUT] write maximum 2048 bytes from 34816 (34816)
2019-05-14 18:39:07.019 T:140518328624896 DEBUG: CWebServer [OUT] wrote 2048 bytes from 34816 in range (0 - 71250)
2019-05-14 18:39:07.019 T:140518328624896 DEBUG: CWebServer [OUT] write maximum 2048 bytes from 36864 (36864)
2019-05-14 18:39:07.019 T:140518328624896 DEBUG: CWebServer [OUT] wrote 2048 bytes from 36864 in range (0 - 71250)
2019-05-14 18:39:07.019 T:140518328624896 DEBUG: CWebServer [OUT] write maximum 2048 bytes from 38912 (38912)
2019-05-14 18:39:07.019 T:140518328624896 DEBUG: CWebServer [OUT] wrote 2048 bytes from 38912 in range (0 - 71250)
2019-05-14 18:39:07.019 T:140518328624896 DEBUG: CWebServer [OUT] write maximum 2048 bytes from 40960 (40960)
2019-05-14 18:39:07.019 T:140518328624896 DEBUG: CWebServer [OUT] wrote 2048 bytes from 40960 in range (0 - 71250)
2019-05-14 18:39:07.019 T:140518328624896 DEBUG: CWebServer [OUT] write maximum 2048 bytes from 43008 (43008)
2019-05-14 18:39:07.020 T:140518328624896 DEBUG: CWebServer [OUT] wrote 2048 bytes from 43008 in range (0 - 71250)
2019-05-14 18:39:07.020 T:140518328624896 DEBUG: CWebServer [OUT] write maximum 2048 bytes from 45056 (45056)
2019-05-14 18:39:07.020 T:140518328624896 DEBUG: CWebServer [OUT] wrote 2048 bytes from 45056 in range (0 - 71250)
2019-05-14 18:39:07.020 T:140518328624896 DEBUG: CWebServer [OUT] write maximum 2048 bytes from 47104 (47104)
2019-05-14 18:39:07.020 T:140518328624896 DEBUG: CWebServer [OUT] wrote 2048 bytes from 47104 in range (0 - 71250)
2019-05-14 18:39:07.021 T:140518328624896 DEBUG: CWebServer [OUT] write maximum 2048 bytes from 49152 (49152)
2019-05-14 18:39:07.021 T:140518328624896 DEBUG: CWebServer [OUT] wrote 2048 bytes from 49152 in range (0 - 71250)
2019-05-14 18:39:07.021 T:140518328624896 DEBUG: CWebServer [OUT] write maximum 2048 bytes from 51200 (51200)
2019-05-14 18:39:07.021 T:140518328624896 DEBUG: CWebServer [OUT] wrote 2048 bytes from 51200 in range (0 - 71250)
2019-05-14 18:39:07.021 T:140518328624896 DEBUG: CWebServer [OUT] write maximum 2048 bytes from 53248 (53248)
2019-05-14 18:39:07.021 T:140518328624896 DEBUG: CWebServer [OUT] wrote 2048 bytes from 53248 in range (0 - 71250)
2019-05-14 18:39:07.021 T:140518328624896 DEBUG: CWebServer [OUT] write maximum 2048 bytes from 55296 (55296)
2019-05-14 18:39:07.021 T:140518328624896 DEBUG: CWebServer [OUT] wrote 2048 bytes from 55296 in range (0 - 71250)
2019-05-14 18:39:07.021 T:140518328624896 DEBUG: CWebServer [OUT] write maximum 2048 bytes from 57344 (57344)
2019-05-14 18:39:07.021 T:140518328624896 DEBUG: CWebServer [OUT] wrote 2048 bytes from 57344 in range (0 - 71250)
2019-05-14 18:39:07.021 T:140518328624896 DEBUG: CWebServer [OUT] write maximum 2048 bytes from 59392 (59392)
2019-05-14 18:39:07.021 T:140518328624896 DEBUG: CWebServer [OUT] wrote 2048 bytes from 59392 in range (0 - 71250)
2019-05-14 18:39:07.021 T:140518328624896 DEBUG: CWebServer [OUT] write maximum 2048 bytes from 61440 (61440)
2019-05-14 18:39:07.021 T:140518328624896 DEBUG: CWebServer [OUT] wrote 2048 bytes from 61440 in range (0 - 71250)
2019-05-14 18:39:07.025 T:140518328624896 DEBUG: CWebServer [OUT] write maximum 2048 bytes from 63488 (63488)
2019-05-14 18:39:07.025 T:140518328624896 DEBUG: CWebServer [OUT] wrote 2048 bytes from 63488 in range (0 - 71250)
2019-05-14 18:39:07.025 T:140518328624896 DEBUG: CWebServer [OUT] write maximum 2048 bytes from 65536 (65536)
2019-05-14 18:39:07.025 T:140518328624896 DEBUG: CWebServer [OUT] wrote 2048 bytes from 65536 in range (0 - 71250)
2019-05-14 18:39:07.025 T:140518328624896 DEBUG: CWebServer [OUT] write maximum 2048 bytes from 67584 (67584)
2019-05-14 18:39:07.025 T:140518328624896 DEBUG: CWebServer [OUT] wrote 2048 bytes from 67584 in range (0 - 71250)
2019-05-14 18:39:07.025 T:140518328624896 DEBUG: CWebServer [OUT] write maximum 1619 bytes from 69632 (69632)
2019-05-14 18:39:07.025 T:140518328624896 DEBUG: CWebServer [OUT] wrote 1619 bytes from 69632 in range (0 - 71250)
2019-05-14 18:39:07.025 T:140518328624896 DEBUG: CWebServer [OUT] done
2019-05-14 18:39:07.030 T:140518176581376 DEBUG: CWebServer[8081]: request received for /image/image%3A%2F%2Fhttp%253a%252f%252fimage.tmdb.org%252ft%252fp%252foriginal%252fi1DBPRDb0h3HmK4sDvF97hhAUPm.jpg%2F
2019-05-14 18:39:07.032 T:140518176581376 DEBUG: CWebServer[8081] [IN] HTTP/1.1 GET /image/image%3A%2F%2Fhttp%253a%252f%252fimage.tmdb.org%252ft%252fp%252foriginal%252fi1DBPRDb0h3HmK4sDvF97hhAUPm.jpg%2F
2019-05-14 18:39:07.033 T:140518176581376 DEBUG: CWebServer[8081] [IN] Accept-Encoding: gzip
2019-05-14 18:39:07.033 T:140518176581376 DEBUG: CWebServer[8081] [IN] Authorization: Basic YmV0bWVuOkJldG1lbjU1MjA5Mg==
2019-05-14 18:39:07.033 T:140518176581376 DEBUG: CWebServer[8081] [IN] Connection: Keep-Alive
2019-05-14 18:39:07.033 T:140518176581376 DEBUG: CWebServer[8081] [IN] Host: 192.168.1.100:8081
2019-05-14 18:39:07.033 T:140518176581376 DEBUG: CWebServer[8081] [IN] User-Agent: okhttp/3.14.1
2019-05-14 18:39:07.033 T:140518328624896 DEBUG: CWebServer[8081]: request received for /image/image%3A%2F%2Fhttp%253a%252f%252fwww.thetvdb.com%252fbanners%252ffanart%252foriginal%252f74608-29.jpg%2F
2019-05-14 18:39:07.033 T:140518328624896 DEBUG: CWebServer[8081] [IN] HTTP/1.1 GET /image/image%3A%2F%2Fhttp%253a%252f%252fwww.thetvdb.com%252fbanners%252ffanart%252foriginal%252f74608-29.jpg%2F
2019-05-14 18:39:07.033 T:140518328624896 DEBUG: CWebServer[8081] [IN] Accept-Encoding: gzip
2019-05-14 18:39:07.033 T:140518328624896 DEBUG: CWebServer[8081] [IN] Authorization: Basic YmV0bWVuOkJldG1lbjU1MjA5Mg==
2019-05-14 18:39:07.033 T:140518328624896 DEBUG: CWebServer[8081] [IN] Connection: Keep-Alive
2019-05-14 18:39:07.033 T:140518328624896 DEBUG: CWebServer[8081] [IN] Host: 192.168.1.100:8081
2019-05-14 18:39:07.033 T:140518328624896 DEBUG: CWebServer[8081] [IN] User-Agent: okhttp/3.14.1
2019-05-14 18:39:07.041 T:140518176581376 DEBUG: CWebServer[8081] [OUT] Accept-Ranges: bytes
2019-05-14 18:39:07.041 T:140518176581376 DEBUG: CWebServer[8081] [OUT] Cache-Control: public, max-age=604800
2019-05-14 18:39:07.041 T:140518176581376 DEBUG: CWebServer[8081] [OUT] Expires: Tue, 21 May 2019 16:39:07 GMT
2019-05-14 18:39:07.041 T:140518176581376 DEBUG: CWebServer[8081] [OUT] Last-Modified: Thu, 05 Apr 2018 16:40:28 GMT
2019-05-14 18:39:07.041 T:140518176581376 DEBUG: CWebServer[8081] [OUT] HTTP/1.1 200 /image/image%3A%2F%2Fhttp%253a%252f%252fimage.tmdb.org%252ft%252fp%252foriginal%252fi1DBPRDb0h3HmK4sDvF97hhAUPm.jpg%2F
2019-05-14 18:39:07.041 T:140518176581376 DEBUG: CWebServer[8081] [OUT] Accept-Encoding: gzip
2019-05-14 18:39:07.041 T:140518176581376 DEBUG: CWebServer[8081] [OUT] Authorization: Basic YmV0bWVuOkJldG1lbjU1MjA5Mg==
2019-05-14 18:39:07.041 T:140518176581376 DEBUG: CWebServer[8081] [OUT] Connection: Keep-Alive
2019-05-14 18:39:07.041 T:140518176581376 DEBUG: CWebServer[8081] [OUT] Host: 192.168.1.100:8081
2019-05-14 18:39:07.041 T:140518176581376 DEBUG: CWebServer[8081] [OUT] User-Agent: okhttp/3.14.1
2019-05-14 18:39:07.041 T:140518176581376 DEBUG: CWebServer [OUT] write maximum 2048 bytes from 0 (0)
2019-05-14 18:39:07.042 T:140518328624896 DEBUG: CWebServer[8081] [OUT] Accept-Ranges: bytes
2019-05-14 18:39:07.042 T:140518328624896 DEBUG: CWebServer[8081] [OUT] Cache-Control: public, max-age=604800
2019-05-14 18:39:07.042 T:140518328624896 DEBUG: CWebServer[8081] [OUT] Expires: Tue, 21 May 2019 16:39:07 GMT
2019-05-14 18:39:07.042 T:140518328624896 DEBUG: CWebServer[8081] [OUT] Last-Modified: Sun, 20 Jan 2019 12:39:46 GMT
2019-05-14 18:39:07.042 T:140518328624896 DEBUG: CWebServer[8081] [OUT] HTTP/1.1 200 /image/image%3A%2F%2Fhttp%253a%252f%252fwww.thetvdb.com%252fbanners%252ffanart%252foriginal%252f74608-29.jpg%2F
2019-05-14 18:39:07.042 T:140518328624896 DEBUG: CWebServer[8081] [OUT] Accept-Encoding: gzip
2019-05-14 18:39:07.042 T:140518328624896 DEBUG: CWebServer[8081] [OUT] Authorization: Basic YmV0bWVuOkJldG1lbjU1MjA5Mg==
2019-05-14 18:39:07.042 T:140518176581376 DEBUG: CWebServer [OUT] wrote 2048 bytes from 0 in range (0 - 108088)
2019-05-14 18:39:07.042 T:140518328624896 DEBUG: CWebServer[8081] [OUT] Connection: Keep-Alive
2019-05-14 18:39:07.042 T:140518176581376 DEBUG: CWebServer [OUT] write maximum 2048 bytes from 2048 (2048)
2019-05-14 18:39:07.042 T:140518328624896 DEBUG: CWebServer[8081] [OUT] Host: 192.168.1.100:8081
2019-05-14 18:39:07.042 T:140518176581376 DEBUG: CWebServer [OUT] wrote 2048 bytes from 2048 in range (0 - 108088)
2019-05-14 18:39:07.043 T:140518328624896 DEBUG: CWebServer[8081] [OUT] User-Agent: okhttp/3.14.1
2019-05-14 18:39:07.043 T:140518176581376 DEBUG: CWebServer [OUT] write maximum 2048 bytes from 4096 (4096)
2019-05-14 18:39:07.043 T:140518176581376 DEBUG: CWebServer [OUT] wrote 2048 bytes from 4096 in range (0 - 108088)
2019-05-14 18:39:07.043 T:140518328624896 DEBUG: CWebServer [OUT] write maximum 2048 bytes from 0 (0)
2019-05-14 18:39:07.043 T:140518176581376 DEBUG: CWebServer [OUT] write maximum 2048 bytes from 6144 (6144)
2019-05-14 18:39:07.043 T:140518176581376 DEBUG: CWebServer [OUT] wrote 2048 bytes from 6144 in range (0 - 108088)
2019-05-14 18:39:07.043 T:140518176581376 DEBUG: CWebServer [OUT] write maximum 2048 bytes from 8192 (8192)
2019-05-14 18:39:07.043 T:140518176581376 DEBUG: CWebServer [OUT] wrote 2048 bytes from 8192 in range (0 - 108088)
2019-05-14 18:39:07.043 T:140518176581376 DEBUG: CWebServer [OUT] write maximum 2048 bytes from 10240 (10240)
2019-05-14 18:39:07.043 T:140518176581376 DEBUG: CWebServer [OUT] wrote 2048 bytes from 10240 in range (0 - 108088)
2019-05-14 18:39:07.043 T:140518176581376 DEBUG: CWebServer [OUT] write maximum 2048 bytes from 12288 (12288)
2019-05-14 18:39:07.043 T:140518176581376 DEBUG: CWebServer [OUT] wrote 2048 bytes from 12288 in range (0 - 108088)
2019-05-14 18:39:07.043 T:140518176581376 DEBUG: CWebServer [OUT] write maximum 2048 bytes from 14336 (14336)
2019-05-14 18:39:07.043 T:140518176581376 DEBUG: CWebServer [OUT] wrote 2048 bytes from 14336 in range (0 - 108088)
2019-05-14 18:39:07.043 T:140518176581376 DEBUG: CWebServer [OUT] write maximum 2048 bytes from 16384 (16384)
2019-05-14 18:39:07.043 T:140518176581376 DEBUG: CWebServer [OUT] wrote 2048 bytes from 16384 in range (0 - 108088)
2019-05-14 18:39:07.043 T:140518176581376 DEBUG: CWebServer [OUT] write maximum 2048 bytes from 18432 (18432)
2019-05-14 18:39:07.043 T:140518176581376 DEBUG: CWebServer [OUT] wrote 2048 bytes from 18432 in range (0 - 108088)
2019-05-14 18:39:07.043 T:140518176581376 DEBUG: CWebServer [OUT] write maximum 2048 bytes from 20480 (20480)
2019-05-14 18:39:07.043 T:140518176581376 DEBUG: CWebServer [OUT] wrote 2048 bytes from 20480 in range (0 - 108088)
2019-05-14 18:39:07.044 T:140518176581376 DEBUG: CWebServer [OUT] write maximum 2048 bytes from 22528 (22528)
2019-05-14 18:39:07.044 T:140518176581376 DEBUG: CWebServer [OUT] wrote 2048 bytes from 22528 in range (0 - 108088)
2019-05-14 18:39:07.044 T:140518176581376 DEBUG: CWebServer [OUT] write maximum 2048 bytes from 24576 (24576)
2019-05-14 18:39:07.044 T:140518176581376 DEBUG: CWebServer [OUT] wrote 2048 bytes from 24576 in range (0 - 108088)
2019-05-14 18:39:07.044 T:140518328624896 DEBUG: CWebServer [OUT] wrote 2048 bytes from 0 in range (0 - 108251)
2019-05-14 18:39:07.044 T:140518176581376 DEBUG: CWebServer [OUT] write maximum 2048 bytes from 26624 (26624)
2019-05-14 18:39:07.044 T:140518176581376 DEBUG: CWebServer [OUT] wrote 2048 bytes from 26624 in range (0 - 108088)
2019-05-14 18:39:07.044 T:140518328624896 DEBUG: CWebServer [OUT] write maximum 2048 bytes from 2048 (2048)
2019-05-14 18:39:07.044 T:140518176581376 DEBUG: CWebServer [OUT] write maximum 2048 bytes from 28672 (28672)
2019-05-14 18:39:07.044 T:140518328624896 DEBUG: CWebServer [OUT] wrote 2048 bytes from 2048 in range (0 - 108251)
2019-05-14 18:39:07.044 T:140518176581376 DEBUG: CWebServer [OUT] wrote 2048 bytes from 28672 in range (0 - 108088)
2019-05-14 18:39:07.044 T:140518328624896 DEBUG: CWebServer [OUT] write maximum 2048 bytes from 4096 (4096)
2019-05-14 18:39:07.044 T:140518176581376 DEBUG: CWebServer [OUT] write maximum 2048 bytes from 30720 (30720)
2019-05-14 18:39:07.044 T:140518176581376 DEBUG: CWebServer [OUT] wrote 2048 bytes from 30720 in range (0 - 108088)
2019-05-14 18:39:07.044 T:140518176581376 DEBUG: CWebServer [OUT] write maximum 2048 bytes from 32768 (32768)
2019-05-14 18:39:07.044 T:140518176581376 DEBUG: CWebServer [OUT] wrote 2048 bytes from 32768 in range (0 - 108088)
2019-05-14 18:39:07.044 T:140518328624896 DEBUG: CWebServer [OUT] wrote 2048 bytes from 4096 in range (0 - 108251)
2019-05-14 18:39:07.044 T:140518176581376 DEBUG: CWebServer [OUT] write maximum 2048 bytes from 34816 (34816)
2019-05-14 18:39:07.044 T:140517346195200 DEBUG: CWebServer[8081]: request received for /jsonrpc
2019-05-14 18:39:07.044 T:140518176581376 DEBUG: CWebServer [OUT] wrote 2048 bytes from 34816 in range (0 - 108088)
2019-05-14 18:39:07.045 T:140518328624896 DEBUG: CWebServer [OUT] write maximum 2048 bytes from 6144 (6144)
2019-05-14 18:39:07.045 T:140517346195200 DEBUG: CWebServer[8081] [IN] HTTP/1.1 POST /jsonrpc
2019-05-14 18:39:07.045 T:140518176581376 DEBUG: CWebServer [OUT] write maximum 2048 bytes from 36864 (36864)
2019-05-14 18:39:07.045 T:140518328624896 DEBUG: CWebServer [OUT] wrote 2048 bytes from 6144 in range (0 - 108251)
2019-05-14 18:39:07.045 T:140517346195200 DEBUG: CWebServer[8081] [IN] Accept-Encoding: gzip
2019-05-14 18:39:07.045 T:140518176581376 DEBUG: CWebServer [OUT] wrote 2048 bytes from 36864 in range (0 - 108088)
2019-05-14 18:39:07.045 T:140518328624896 DEBUG: CWebServer [OUT] write maximum 2048 bytes from 8192 (8192)
2019-05-14 18:39:07.045 T:140517346195200 DEBUG: CWebServer[8081] [IN] Authorization: Basic YmV0bWVuOkJldG1lbjU1MjA5Mg==
2019-05-14 18:39:07.045 T:140518176581376 DEBUG: CWebServer [OUT] write maximum 2048 bytes from 38912 (38912)
2019-05-14 18:39:07.045 T:140518328624896 DEBUG: CWebServer [OUT] wrote 2048 bytes from 8192 in range (0 - 108251)
2019-05-14 18:39:07.046 T:140517346195200 DEBUG: CWebServer[8081] [IN] Connection: Keep-Alive
2019-05-14 18:39:07.046 T:140518176581376 DEBUG: CWebServer [OUT] wrote 2048 bytes from 38912 in range (0 - 108088)
2019-05-14 18:39:07.046 T:140518328624896 DEBUG: CWebServer [OUT] write maximum 2048 bytes from 10240 (10240)
2019-05-14 18:39:07.046 T:140517346195200 DEBUG: CWebServer[8081] [IN] Content-Length: 148
2019-05-14 18:39:07.046 T:140518176581376 DEBUG: CWebServer [OUT] write maximum 2048 bytes from 40960 (40960)
2019-05-14 18:39:07.046 T:140518328624896 DEBUG: CWebServer [OUT] wrote 2048 bytes from 10240 in range (0 - 108251)
2019-05-14 18:39:07.046 T:140517346195200 DEBUG: CWebServer[8081] [IN] Content-Type: application/json; charset=utf-8
2019-05-14 18:39:07.046 T:140518176581376 DEBUG: CWebServer [OUT] wrote 2048 bytes from 40960 in range (0 - 108088)
2019-05-14 18:39:07.046 T:140518328624896 DEBUG: CWebServer [OUT] write maximum 2048 bytes from 12288 (12288)
2019-05-14 18:39:07.047 T:140517346195200 DEBUG: CWebServer[8081] [IN] Host: 192.168.1.100:8081
2019-05-14 18:39:07.047 T:140518176581376 DEBUG: CWebServer [OUT] write maximum 2048 bytes from 43008 (43008)
2019-05-14 18:39:07.047 T:140518328624896 DEBUG: CWebServer [OUT] wrote 2048 bytes from 12288 in range (0 - 108251)
2019-05-14 18:39:07.047 T:140517346195200 DEBUG: CWebServer[8081] [IN] User-Agent: okhttp/3.14.1
2019-05-14 18:39:07.047 T:140518176581376 DEBUG: CWebServer [OUT] wrote 2048 bytes from 43008 in range (0 - 108088)
2019-05-14 18:39:07.047 T:140518328624896 DEBUG: CWebServer [OUT] write maximum 2048 bytes from 14336 (14336)
2019-05-14 18:39:07.047 T:140517346195200 DEBUG: JSONRPC: Incoming request: {"id":853,"jsonrpc":"2.0","method":"AudioLibrary.GetGenres","params":{"properties":["title","thumbnail","sourceid"],"limits":{"end":750,"start":0}}}
2019-05-14 18:39:07.047 T:140518176581376 DEBUG: CWebServer [OUT] write maximum 2048 bytes from 45056 (45056)
2019-05-14 18:39:07.047 T:140518328624896 DEBUG: CWebServer [OUT] wrote 2048 bytes from 14336 in range (0 - 108251)
2019-05-14 18:39:07.047 T:140518176581376 DEBUG: CWebServer [OUT] wrote 2048 bytes from 45056 in range (0 - 108088)
2019-05-14 18:39:07.047 T:140518328624896 DEBUG: CWebServer [OUT] write maximum 2048 bytes from 16384 (16384)
2019-05-14 18:39:07.047 T:140518176581376 DEBUG: CWebServer [OUT] write maximum 2048 bytes from 47104 (47104)
2019-05-14 18:39:07.047 T:140518176581376 DEBUG: CWebServer [OUT] wrote 2048 bytes from 47104 in range (0 - 108088)
2019-05-14 18:39:07.047 T:140518328624896 DEBUG: CWebServer [OUT] wrote 2048 bytes from 16384 in range (0 - 108251)
2019-05-14 18:39:07.047 T:140518176581376 DEBUG: CWebServer [OUT] write maximum 2048 bytes from 49152 (49152)
2019-05-14 18:39:07.047 T:140518328624896 DEBUG: CWebServer [OUT] write maximum 2048 bytes from 18432 (18432)
2019-05-14 18:39:07.047 T:140518176581376 DEBUG: CWebServer [OUT] wrote 2048 bytes from 49152 in range (0 - 108088)
2019-05-14 18:39:07.048 T:140518328624896 DEBUG: CWebServer [OUT] wrote 2048 bytes from 18432 in range (0 - 108251)
2019-05-14 18:39:07.048 T:140518176581376 DEBUG: CWebServer [OUT] write maximum 2048 bytes from 51200 (51200)
2019-05-14 18:39:07.048 T:140518176581376 DEBUG: CWebServer [OUT] wrote 2048 bytes from 51200 in range (0 - 108088)
2019-05-14 18:39:07.048 T:140518328624896 DEBUG: CWebServer [OUT] write maximum 2048 bytes from 20480 (20480)
2019-05-14 18:39:07.048 T:140518176581376 DEBUG: CWebServer [OUT] write maximum 2048 bytes from 53248 (53248)
2019-05-14 18:39:07.048 T:140518328624896 DEBUG: CWebServer [OUT] wrote 2048 bytes from 20480 in range (0 - 108251)
2019-05-14 18:39:07.048 T:140518176581376 DEBUG: CWebServer [OUT] wrote 2048 bytes from 53248 in range (0 - 108088)
2019-05-14 18:39:07.048 T:140518328624896 DEBUG: CWebServer [OUT] write maximum 2048 bytes from 22528 (22528)
2019-05-14 18:39:07.048 T:140518176581376 DEBUG: CWebServer [OUT] write maximum 2048 bytes from 55296 (55296)
2019-05-14 18:39:07.048 T:140518328624896 DEBUG: CWebServer [OUT] wrote 2048 bytes from 22528 in range (0 - 108251)
2019-05-14 18:39:07.048 T:140518176581376 DEBUG: CWebServer [OUT] wrote 2048 bytes from 55296 in range (0 - 108088)
2019-05-14 18:39:07.048 T:140518328624896 DEBUG: CWebServer [OUT] write maximum 2048 bytes from 24576 (24576)
2019-05-14 18:39:07.048 T:140518176581376 DEBUG: CWebServer [OUT] write maximum 2048 bytes from 57344 (57344)
2019-05-14 18:39:07.048 T:140518328624896 DEBUG: CWebServer [OUT] wrote 2048 bytes from 24576 in range (0 - 108251)
2019-05-14 18:39:07.048 T:140518176581376 DEBUG: CWebServer [OUT] wrote 2048 bytes from 57344 in range (0 - 108088)
2019-05-14 18:39:07.048 T:140518328624896 DEBUG: CWebServer [OUT] write maximum 2048 bytes from 26624 (26624)
2019-05-14 18:39:07.048 T:140518176581376 DEBUG: CWebServer [OUT] write maximum 2048 bytes from 59392 (59392)
2019-05-14 18:39:07.048 T:140518328624896 DEBUG: CWebServer [OUT] wrote 2048 bytes from 26624 in range (0 - 108251)
2019-05-14 18:39:07.048 T:140518176581376 DEBUG: CWebServer [OUT] wrote 2048 bytes from 59392 in range (0 - 108088)
2019-05-14 18:39:07.048 T:140518328624896 DEBUG: CWebServer [OUT] write maximum 2048 bytes from 28672 (28672)
2019-05-14 18:39:07.048 T:140518176581376 DEBUG: CWebServer [OUT] write maximum 2048 bytes from 61440 (61440)
2019-05-14 18:39:07.048 T:140518328624896 DEBUG: CWebServer [OUT] wrote 2048 bytes from 28672 in range (0 - 108251)
2019-05-14 18:39:07.048 T:140518176581376 DEBUG: CWebServer [OUT] wrote 2048 bytes from 61440 in range (0 - 108088)
2019-05-14 18:39:07.049 T:140518328624896 DEBUG: CWebServer [OUT] write maximum 2048 bytes from 30720 (30720)
2019-05-14 18:39:07.049 T:140518176581376 DEBUG: CWebServer [OUT] write maximum 2048 bytes from 63488 (63488)
2019-05-14 18:39:07.049 T:140518328624896 DEBUG: CWebServer [OUT] wrote 2048 bytes from 30720 in range (0 - 108251)
2019-05-14 18:39:07.049 T:140518176581376 DEBUG: CWebServer [OUT] wrote 2048 bytes from 63488 in range (0 - 108088)
2019-05-14 18:39:07.049 T:140518328624896 DEBUG: CWebServer [OUT] write maximum 2048 bytes from 32768 (32768)
2019-05-14 18:39:07.049 T:140518176581376 DEBUG: CWebServer [OUT] write maximum 2048 bytes from 65536 (65536)
2019-05-14 18:39:07.049 T:140518328624896 DEBUG: CWebServer [OUT] wrote 2048 bytes from 32768 in range (0 - 108251)
2019-05-14 18:39:07.049 T:140518176581376 DEBUG: CWebServer [OUT] wrote 2048 bytes from 65536 in range (0 - 108088)
2019-05-14 18:39:07.049 T:140518328624896 DEBUG: CWebServer [OUT] write maximum 2048 bytes from 34816 (34816)
2019-05-14 18:39:07.049 T:140518176581376 DEBUG: CWebServer [OUT] write maximum 2048 bytes from 67584 (67584)
2019-05-14 18:39:07.049 T:140518328624896 DEBUG: CWebServer [OUT] wrote 2048 bytes from 34816 in range (0 - 108251)
2019-05-14 18:39:07.049 T:140518176581376 DEBUG: CWebServer [OUT] wrote 2048 bytes from 67584 in range (0 - 108088)
2019-05-14 18:39:07.049 T:140518328624896 DEBUG: CWebServer [OUT] write maximum 2048 bytes from 36864 (36864)
2019-05-14 18:39:07.049 T:140518176581376 DEBUG: CWebServer [OUT] write maximum 2048 bytes from 69632 (69632)
2019-05-14 18:39:07.049 T:140518328624896 DEBUG: CWebServer [OUT] wrote 2048 bytes from 36864 in range (0 - 108251)
2019-05-14 18:39:07.049 T:140518176581376 DEBUG: CWebServer [OUT] wrote 2048 bytes from 69632 in range (0 - 108088)
2019-05-14 18:39:07.049 T:140518328624896 DEBUG: CWebServer [OUT] write maximum 2048 bytes from 38912 (38912)
2019-05-14 18:39:07.049 T:140518176581376 DEBUG: CWebServer [OUT] write maximum 2048 bytes from 71680 (71680)
2019-05-14 18:39:07.049 T:140518328624896 DEBUG: CWebServer [OUT] wrote 2048 bytes from 38912 in range (0 - 108251)
2019-05-14 18:39:07.049 T:140518176581376 DEBUG: CWebServer [OUT] wrote 2048 bytes from 71680 in range (0 - 108088)
2019-05-14 18:39:07.049 T:140518328624896 DEBUG: CWebServer [OUT] write maximum 2048 bytes from 40960 (40960)
2019-05-14 18:39:07.049 T:140518176581376 DEBUG: CWebServer [OUT] write maximum 2048 bytes from 73728 (73728)
2019-05-14 18:39:07.049 T:140518328624896 DEBUG: CWebServer [OUT] wrote 2048 bytes from 40960 in range (0 - 108251)
2019-05-14 18:39:07.049 T:140518176581376 DEBUG: CWebServer [OUT] wrote 2048 bytes from 73728 in range (0 - 108088)
2019-05-14 18:39:07.050 T:140518328624896 DEBUG: CWebServer [OUT] write maximum 2048 bytes from 43008 (43008)
2019-05-14 18:39:07.050 T:140518176581376 DEBUG: CWebServer [OUT] write maximum 2048 bytes from 75776 (75776)
2019-05-14 18:39:07.050 T:140518328624896 DEBUG: CWebServer [OUT] wrote 2048 bytes from 43008 in range (0 - 108251)
2019-05-14 18:39:07.050 T:140518176581376 DEBUG: CWebServer [OUT] wrote 2048 bytes from 75776 in range (0 - 108088)
2019-05-14 18:39:07.050 T:140518328624896 DEBUG: CWebServer [OUT] write maximum 2048 bytes from 45056 (45056)
2019-05-14 18:39:07.050 T:140518176581376 DEBUG: CWebServer [OUT] write maximum 2048 bytes from 77824 (77824)
2019-05-14 18:39:07.050 T:140518328624896 DEBUG: CWebServer [OUT] wrote 2048 bytes from 45056 in range (0 - 108251)
2019-05-14 18:39:07.050 T:140518176581376 DEBUG: CWebServer [OUT] wrote 2048 bytes from 77824 in range (0 - 108088)
2019-05-14 18:39:07.050 T:140518328624896 DEBUG: CWebServer [OUT] write maximum 2048 bytes from 47104 (47104)
2019-05-14 18:39:07.050 T:140518176581376 DEBUG: CWebServer [OUT] write maximum 2048 bytes from 79872 (79872)
2019-05-14 18:39:07.050 T:140518328624896 DEBUG: CWebServer [OUT] wrote 2048 bytes from 47104 in range (0 - 108251)
2019-05-14 18:39:07.050 T:140518176581376 DEBUG: CWebServer [OUT] wrote 2048 bytes from 79872 in range (0 - 108088)
2019-05-14 18:39:07.050 T:140518328624896 DEBUG: CWebServer [OUT] write maximum 2048 bytes from 49152 (49152)
2019-05-14 18:39:07.050 T:140518176581376 DEBUG: CWebServer [OUT] write maximum 2048 bytes from 81920 (81920)
2019-05-14 18:39:07.050 T:140517346195200 DEBUG: GetGenresJSON query: SELECT DISTINCT genre.idGenre, genre.strGenre, album_source.idSource FROM genre JOIN song_genre ON song_genre.idGenre = genre.idGenre JOIN song ON song.idSong = song_genre.idSong JOIN album ON album.idAlbum = song.idAlbum LEFT JOIN album_source on album_source.idAlbum = album.idAlbum WHERE genre.strGenre != '' ORDER BY genre.strGenre, album_source.idSource
2019-05-14 18:39:07.050 T:140518328624896 DEBUG: CWebServer [OUT] wrote 2048 bytes from 49152 in range (0 - 108251)
2019-05-14 18:39:07.051 T:140518176581376 DEBUG: CWebServer [OUT] wrote 2048 bytes from 81920 in range (0 - 108088)
2019-05-14 18:39:07.051 T:140518328624896 DEBUG: CWebServer [OUT] write maximum 2048 bytes from 51200 (51200)
2019-05-14 18:39:07.051 T:140518328624896 DEBUG: CWebServer [OUT] wrote 2048 bytes from 51200 in range (0 - 108251)
2019-05-14 18:39:07.051 T:140518328624896 DEBUG: CWebServer [OUT] write maximum 2048 bytes from 53248 (53248)
2019-05-14 18:39:07.051 T:140518328624896 DEBUG: CWebServer [OUT] wrote 2048 bytes from 53248 in range (0 - 108251)
2019-05-14 18:39:07.051 T:140518176581376 DEBUG: CWebServer [OUT] write maximum 2048 bytes from 83968 (83968)
2019-05-14 18:39:07.051 T:140518328624896 DEBUG: CWebServer [OUT] write maximum 2048 bytes from 55296 (55296)
2019-05-14 18:39:07.051 T:140518176581376 DEBUG: CWebServer [OUT] wrote 2048 bytes from 83968 in range (0 - 108088)
2019-05-14 18:39:07.051 T:140518328624896 DEBUG: CWebServer [OUT] wrote 2048 bytes from 55296 in range (0 - 108251)
2019-05-14 18:39:07.051 T:140518176581376 DEBUG: CWebServer [OUT] write maximum 2048 bytes from 86016 (86016)
2019-05-14 18:39:07.051 T:140518328624896 DEBUG: CWebServer [OUT] write maximum 2048 bytes from 57344 (57344)
2019-05-14 18:39:07.051 T:140518176581376 DEBUG: CWebServer [OUT] wrote 2048 bytes from 86016 in range (0 - 108088)
2019-05-14 18:39:07.051 T:140518328624896 DEBUG: CWebServer [OUT] wrote 2048 bytes from 57344 in range (0 - 108251)
2019-05-14 18:39:07.051 T:140518176581376 DEBUG: CWebServer [OUT] write maximum 2048 bytes from 88064 (88064)
2019-05-14 18:39:07.052 T:140518176581376 DEBUG: CWebServer [OUT] wrote 2048 bytes from 88064 in range (0 - 108088)
2019-05-14 18:39:07.052 T:140518176581376 DEBUG: CWebServer [OUT] write maximum 2048 bytes from 90112 (90112)
2019-05-14 18:39:07.052 T:140518176581376 DEBUG: CWebServer [OUT] wrote 2048 bytes from 90112 in range (0 - 108088)
2019-05-14 18:39:07.052 T:140518176581376 DEBUG: CWebServer [OUT] write maximum 2048 bytes from 92160 (92160)
2019-05-14 18:39:07.052 T:140518176581376 DEBUG: CWebServer [OUT] wrote 2048 bytes from 92160 in range (0 - 108088)
2019-05-14 18:39:07.052 T:140518176581376 DEBUG: CWebServer [OUT] write maximum 2048 bytes from 94208 (94208)
2019-05-14 18:39:07.052 T:140518176581376 DEBUG: CWebServer [OUT] wrote 2048 bytes from 94208 in range (0 - 108088)
2019-05-14 18:39:07.052 T:140518176581376 DEBUG: CWebServer [OUT] write maximum 2048 bytes from 96256 (96256)
2019-05-14 18:39:07.052 T:140518176581376 DEBUG: CWebServer [OUT] wrote 2048 bytes from 96256 in range (0 - 108088)
2019-05-14 18:39:07.052 T:140518176581376 DEBUG: CWebServer [OUT] write maximum 2048 bytes from 98304 (98304)
2019-05-14 18:39:07.052 T:140518176581376 DEBUG: CWebServer [OUT] wrote 2048 bytes from 98304 in range (0 - 108088)
2019-05-14 18:39:07.052 T:140518176581376 DEBUG: CWebServer [OUT] write maximum 2048 bytes from 100352 (100352)
2019-05-14 18:39:07.052 T:140518176581376 DEBUG: CWebServer [OUT] wrote 2048 bytes from 100352 in range (0 - 108088)
2019-05-14 18:39:07.052 T:140518176581376 DEBUG: CWebServer [OUT] write maximum 2048 bytes from 102400 (102400)
2019-05-14 18:39:07.052 T:140518176581376 DEBUG: CWebServer [OUT] wrote 2048 bytes from 102400 in range (0 - 108088)
2019-05-14 18:39:07.052 T:140518176581376 DEBUG: CWebServer [OUT] write maximum 2048 bytes from 104448 (104448)
2019-05-14 18:39:07.052 T:140518176581376 DEBUG: CWebServer [OUT] wrote 2048 bytes from 104448 in range (0 - 108088)
2019-05-14 18:39:07.052 T:140518176581376 DEBUG: CWebServer [OUT] write maximum 1593 bytes from 106496 (106496)
2019-05-14 18:39:07.052 T:140518176581376 DEBUG: CWebServer [OUT] wrote 1593 bytes from 106496 in range (0 - 108088)
2019-05-14 18:39:07.052 T:140518176581376 DEBUG: CWebServer [OUT] done
2019-05-14 18:39:07.057 T:140518328624896 DEBUG: CWebServer [OUT] write maximum 2048 bytes from 59392 (59392)
2019-05-14 18:39:07.057 T:140518328624896 DEBUG: CWebServer [OUT] wrote 2048 bytes from 59392 in range (0 - 108251)
2019-05-14 18:39:07.057 T:140518328624896 DEBUG: CWebServer [OUT] write maximum 2048 bytes from 61440 (61440)
2019-05-14 18:39:07.057 T:140518328624896 DEBUG: CWebServer [OUT] wrote 2048 bytes from 61440 in range (0 - 108251)
2019-05-14 18:39:07.057 T:140518328624896 DEBUG: CWebServer [OUT] write maximum 2048 bytes from 63488 (63488)
2019-05-14 18:39:07.057 T:140518328624896 DEBUG: CWebServer [OUT] wrote 2048 bytes from 63488 in range (0 - 108251)
2019-05-14 18:39:07.057 T:140518328624896 DEBUG: CWebServer [OUT] write maximum 2048 bytes from 65536 (65536)
2019-05-14 18:39:07.057 T:140518328624896 DEBUG: CWebServer [OUT] wrote 2048 bytes from 65536 in range (0 - 108251)
2019-05-14 18:39:07.057 T:140518328624896 DEBUG: CWebServer [OUT] write maximum 2048 bytes from 67584 (67584)
2019-05-14 18:39:07.058 T:140518328624896 DEBUG: CWebServer [OUT] wrote 2048 bytes from 67584 in range (0 - 108251)
2019-05-14 18:39:07.058 T:140518328624896 DEBUG: CWebServer [OUT] write maximum 2048 bytes from 69632 (69632)
2019-05-14 18:39:07.058 T:140518328624896 DEBUG: CWebServer [OUT] wrote 2048 bytes from 69632 in range (0 - 108251)
2019-05-14 18:39:07.058 T:140518328624896 DEBUG: CWebServer [OUT] write maximum 2048 bytes from 71680 (71680)
2019-05-14 18:39:07.058 T:140518328624896 DEBUG: CWebServer [OUT] wrote 2048 bytes from 71680 in range (0 - 108251)
2019-05-14 18:39:07.058 T:140518328624896 DEBUG: CWebServer [OUT] write maximum 2048 bytes from 73728 (73728)
2019-05-14 18:39:07.058 T:140518328624896 DEBUG: CWebServer [OUT] wrote 2048 bytes from 73728 in range (0 - 108251)
2019-05-14 18:39:07.058 T:140518328624896 DEBUG: CWebServer [OUT] write maximum 2048 bytes from 75776 (75776)
2019-05-14 18:39:07.058 T:140518328624896 DEBUG: CWebServer [OUT] wrote 2048 bytes from 75776 in range (0 - 108251)
2019-05-14 18:39:07.058 T:140518328624896 DEBUG: CWebServer [OUT] write maximum 2048 bytes from 77824 (77824)
2019-05-14 18:39:07.058 T:140518328624896 DEBUG: CWebServer [OUT] wrote 2048 bytes from 77824 in range (0 - 108251)
2019-05-14 18:39:07.058 T:140518328624896 DEBUG: CWebServer [OUT] write maximum 2048 bytes from 79872 (79872)
2019-05-14 18:39:07.058 T:140518328624896 DEBUG: CWebServer [OUT] wrote 2048 bytes from 79872 in range (0 - 108251)
2019-05-14 18:39:07.058 T:140518328624896 DEBUG: CWebServer [OUT] write maximum 2048 bytes from 81920 (81920)
2019-05-14 18:39:07.058 T:140518328624896 DEBUG: CWebServer [OUT] wrote 2048 bytes from 81920 in range (0 - 108251)
2019-05-14 18:39:07.058 T:140518328624896 DEBUG: CWebServer [OUT] write maximum 2048 bytes from 83968 (83968)
2019-05-14 18:39:07.058 T:140518328624896 DEBUG: CWebServer [OUT] wrote 2048 bytes from 83968 in range (0 - 108251)
2019-05-14 18:39:07.058 T:140518328624896 DEBUG: CWebServer [OUT] write maximum 2048 bytes from 86016 (86016)
2019-05-14 18:39:07.059 T:140518328624896 DEBUG: CWebServer [OUT] wrote 2048 bytes from 86016 in range (0 - 108251)
2019-05-14 18:39:07.059 T:140518328624896 DEBUG: CWebServer [OUT] write maximum 2048 bytes from 88064 (88064)
2019-05-14 18:39:07.059 T:140518328624896 DEBUG: CWebServer [OUT] wrote 2048 bytes from 88064 in range (0 - 108251)
2019-05-14 18:39:07.059 T:140518328624896 DEBUG: CWebServer [OUT] write maximum 2048 bytes from 90112 (90112)
2019-05-14 18:39:07.059 T:140518328624896 DEBUG: CWebServer [OUT] wrote 2048 bytes from 90112 in range (0 - 108251)
2019-05-14 18:39:07.059 T:140518328624896 DEBUG: CWebServer [OUT] write maximum 2048 bytes from 92160 (92160)
2019-05-14 18:39:07.059 T:140518328624896 DEBUG: CWebServer [OUT] wrote 2048 bytes from 92160 in range (0 - 108251)
2019-05-14 18:39:07.059 T:140518328624896 DEBUG: CWebServer [OUT] write maximum 2048 bytes from 94208 (94208)
2019-05-14 18:39:07.059 T:140518328624896 DEBUG: CWebServer [OUT] wrote 2048 bytes from 94208 in range (0 - 108251)
2019-05-14 18:39:07.059 T:140518328624896 DEBUG: CWebServer [OUT] write maximum 2048 bytes from 96256 (96256)
2019-05-14 18:39:07.059 T:140518328624896 DEBUG: CWebServer [OUT] wrote 2048 bytes from 96256 in range (0 - 108251)
2019-05-14 18:39:07.059 T:140518328624896 DEBUG: CWebServer [OUT] write maximum 2048 bytes from 98304 (98304)
2019-05-14 18:39:07.059 T:140518328624896 DEBUG: CWebServer [OUT] wrote 2048 bytes from 98304 in range (0 - 108251)
2019-05-14 18:39:07.059 T:140518328624896 DEBUG: CWebServer [OUT] write maximum 2048 bytes from 100352 (100352)
2019-05-14 18:39:07.059 T:140518328624896 DEBUG: CWebServer [OUT] wrote 2048 bytes from 100352 in range (0 - 108251)
2019-05-14 18:39:07.059 T:140518328624896 DEBUG: CWebServer [OUT] write maximum 2048 bytes from 102400 (102400)
2019-05-14 18:39:07.059 T:140518328624896 DEBUG: CWebServer [OUT] wrote 2048 bytes from 102400 in range (0 - 108251)
2019-05-14 18:39:07.063 T:140518328624896 DEBUG: CWebServer [OUT] write maximum 2048 bytes from 104448 (104448)
2019-05-14 18:39:07.063 T:140518328624896 DEBUG: CWebServer [OUT] wrote 2048 bytes from 104448 in range (0 - 108251)
2019-05-14 18:39:07.063 T:140518328624896 DEBUG: CWebServer [OUT] write maximum 1756 bytes from 106496 (106496)
2019-05-14 18:39:07.063 T:140518328624896 DEBUG: CWebServer [OUT] wrote 1756 bytes from 106496 in range (0 - 108251)
2019-05-14 18:39:07.063 T:140518328624896 DEBUG: CWebServer [OUT] done
2019-05-14 18:39:07.075 T:140518176581376 DEBUG: CWebServer[8081]: request received for /image/image%3A%2F%2Fhttp%253a%252f%252fwww.thetvdb.com%252fbanners%252ffanart%252foriginal%252f176941-41.jpg%2F
2019-05-14 18:39:07.075 T:140518176581376 DEBUG: CWebServer[8081] [IN] HTTP/1.1 GET /image/image%3A%2F%2Fhttp%253a%252f%252fwww.thetvdb.com%252fbanners%252ffanart%252foriginal%252f176941-41.jpg%2F
2019-05-14 18:39:07.075 T:140518176581376 DEBUG: CWebServer[8081] [IN] Accept-Encoding: gzip
2019-05-14 18:39:07.075 T:140518176581376 DEBUG: CWebServer[8081] [IN] Authorization: Basic YmV0bWVuOkJldG1lbjU1MjA5Mg==
2019-05-14 18:39:07.075 T:140518176581376 DEBUG: CWebServer[8081] [IN] Connection: Keep-Alive
2019-05-14 18:39:07.075 T:140518176581376 DEBUG: CWebServer[8081] [IN] Host: 192.168.1.100:8081
2019-05-14 18:39:07.075 T:140518176581376 DEBUG: CWebServer[8081] [IN] User-Agent: okhttp/3.14.1
2019-05-14 18:39:07.080 T:140518176581376 DEBUG: CWebServer[8081] [OUT] Accept-Ranges: bytes
2019-05-14 18:39:07.081 T:140518176581376 DEBUG: CWebServer[8081] [OUT] Cache-Control: public, max-age=604800
2019-05-14 18:39:07.081 T:140518176581376 DEBUG: CWebServer[8081] [OUT] Expires: Tue, 21 May 2019 16:39:07 GMT
2019-05-14 18:39:07.081 T:140518176581376 DEBUG: CWebServer[8081] [OUT] Last-Modified: Sun, 20 Jan 2019 12:39:25 GMT
2019-05-14 18:39:07.081 T:140518176581376 DEBUG: CWebServer[8081] [OUT] HTTP/1.1 200 /image/image%3A%2F%2Fhttp%253a%252f%252fwww.thetvdb.com%252fbanners%252ffanart%252foriginal%252f176941-41.jpg%2F
2019-05-14 18:39:07.081 T:140518176581376 DEBUG: CWebServer[8081] [OUT] Accept-Encoding: gzip
2019-05-14 18:39:07.081 T:140518176581376 DEBUG: CWebServer[8081] [OUT] Authorization: Basic YmV0bWVuOkJldG1lbjU1MjA5Mg==
2019-05-14 18:39:07.081 T:140518176581376 DEBUG: CWebServer[8081] [OUT] Connection: Keep-Alive
2019-05-14 18:39:07.081 T:140518176581376 DEBUG: CWebServer[8081] [OUT] Host: 192.168.1.100:8081
2019-05-14 18:39:07.081 T:140518176581376 DEBUG: CWebServer[8081] [OUT] User-Agent: okhttp/3.14.1
2019-05-14 18:39:07.081 T:140518176581376 DEBUG: CWebServer [OUT] write maximum 2048 bytes from 0 (0)
2019-05-14 18:39:07.082 T:140518176581376 DEBUG: CWebServer [OUT] wrote 2048 bytes from 0 in range (0 - 270312)
2019-05-14 18:39:07.082 T:140518176581376 DEBUG: CWebServer [OUT] write maximum 2048 bytes from 2048 (2048)
2019-05-14 18:39:07.082 T:140518176581376 DEBUG: CWebServer [OUT] wrote 2048 bytes from 2048 in range (0 - 270312)
2019-05-14 18:39:07.082 T:140518176581376 DEBUG: CWebServer [OUT] write maximum 2048 bytes from 4096 (4096)
2019-05-14 18:39:07.082 T:140518176581376 DEBUG: CWebServer [OUT] wrote 2048 bytes from 4096 in range (0 - 270312)
2019-05-14 18:39:07.082 T:140518176581376 DEBUG: CWebServer [OUT] write maximum 2048 bytes from 6144 (6144)
2019-05-14 18:39:07.082 T:140518176581376 DEBUG: CWebServer [OUT] wrote 2048 bytes from 6144 in range (0 - 270312)
2019-05-14 18:39:07.082 T:140518176581376 DEBUG: CWebServer [OUT] write maximum 2048 bytes from 8192 (8192)
2019-05-14 18:39:07.082 T:140518176581376 DEBUG: CWebServer [OUT] wrote 2048 bytes from 8192 in range (0 - 270312)
2019-05-14 18:39:07.082 T:140518176581376 DEBUG: CWebServer [OUT] write maximum 2048 bytes from 10240 (10240)
2019-05-14 18:39:07.082 T:140518176581376 DEBUG: CWebServer [OUT] wrote 2048 bytes from 10240 in range (0 - 270312)
2019-05-14 18:39:07.082 T:140518176581376 DEBUG: CWebServer [OUT] write maximum 2048 bytes from 12288 (12288)
2019-05-14 18:39:07.082 T:140518176581376 DEBUG: CWebServer [OUT] wrote 2048 bytes from 12288 in range (0 - 270312)
2019-05-14 18:39:07.082 T:140518176581376 DEBUG: CWebServer [OUT] write maximum 2048 bytes from 14336 (14336)
2019-05-14 18:39:07.082 T:140518176581376 DEBUG: CWebServer [OUT] wrote 2048 bytes from 14336 in range (0 - 270312)
2019-05-14 18:39:07.083 T:140518176581376 DEBUG: CWebServer [OUT] write maximum 2048 bytes from 16384 (16384)
2019-05-14 18:39:07.083 T:140518176581376 DEBUG: CWebServer [OUT] wrote 2048 bytes from 16384 in range (0 - 270312)
2019-05-14 18:39:07.083 T:140518176581376 DEBUG: CWebServer [OUT] write maximum 2048 bytes from 18432 (18432)
2019-05-14 18:39:07.083 T:140518176581376 DEBUG: CWebServer [OUT] wrote 2048 bytes from 18432 in range (0 - 270312)
2019-05-14 18:39:07.083 T:140518176581376 DEBUG: CWebServer [OUT] write maximum 2048 bytes from 20480 (20480)
2019-05-14 18:39:07.083 T:140518176581376 DEBUG: CWebServer [OUT] wrote 2048 bytes from 20480 in range (0 - 270312)
2019-05-14 18:39:07.083 T:140518176581376 DEBUG: CWebServer [OUT] write maximum 2048 bytes from 22528 (22528)
2019-05-14 18:39:07.083 T:140518176581376 DEBUG: CWebServer [OUT] wrote 2048 bytes from 22528 in range (0 - 270312)
2019-05-14 18:39:07.083 T:140518176581376 DEBUG: CWebServer [OUT] write maximum 2048 bytes from 24576 (24576)
2019-05-14 18:39:07.083 T:140518176581376 DEBUG: CWebServer [OUT] wrote 2048 bytes from 24576 in range (0 - 270312)
2019-05-14 18:39:07.083 T:140518176581376 DEBUG: CWebServer [OUT] write maximum 2048 bytes from 26624 (26624)
2019-05-14 18:39:07.083 T:140518176581376 DEBUG: CWebServer [OUT] wrote 2048 bytes from 26624 in range (0 - 270312)
2019-05-14 18:39:07.083 T:140518176581376 DEBUG: CWebServer [OUT] write maximum 2048 bytes from 28672 (28672)
2019-05-14 18:39:07.083 T:140518176581376 DEBUG: CWebServer [OUT] wrote 2048 bytes from 28672 in range (0 - 270312)
2019-05-14 18:39:07.083 T:140518176581376 DEBUG: CWebServer [OUT] write maximum 2048 bytes from 30720 (30720)
2019-05-14 18:39:07.083 T:140518176581376 DEBUG: CWebServer [OUT] wrote 2048 bytes from 30720 in range (0 - 270312)
2019-05-14 18:39:07.083 T:140518176581376 DEBUG: CWebServer [OUT] write maximum 2048 bytes from 32768 (32768)
2019-05-14 18:39:07.083 T:140518176581376 DEBUG: CWebServer [OUT] wrote 2048 bytes from 32768 in range (0 - 270312)
2019-05-14 18:39:07.083 T:140518176581376 DEBUG: CWebServer [OUT] write maximum 2048 bytes from 34816 (34816)
2019-05-14 18:39:07.083 T:140518176581376 DEBUG: CWebServer [OUT] wrote 2048 bytes from 34816 in range (0 - 270312)
2019-05-14 18:39:07.083 T:140518176581376 DEBUG: CWebServer [OUT] write maximum 2048 bytes from 36864 (36864)
2019-05-14 18:39:07.083 T:140518176581376 DEBUG: CWebServer [OUT] wrote 2048 bytes from 36864 in range (0 - 270312)
2019-05-14 18:39:07.083 T:140518176581376 DEBUG: CWebServer [OUT] write maximum 2048 bytes from 38912 (38912)
2019-05-14 18:39:07.083 T:140518176581376 DEBUG: CWebServer [OUT] wrote 2048 bytes from 38912 in range (0 - 270312)
2019-05-14 18:39:07.083 T:140518176581376 DEBUG: CWebServer [OUT] write maximum 2048 bytes from 40960 (40960)
2019-05-14 18:39:07.084 T:140518176581376 DEBUG: CWebServer [OUT] wrote 2048 bytes from 40960 in range (0 - 270312)
2019-05-14 18:39:07.084 T:140518176581376 DEBUG: CWebServer [OUT] write maximum 2048 bytes from 43008 (43008)
2019-05-14 18:39:07.084 T:140518176581376 DEBUG: CWebServer [OUT] wrote 2048 bytes from 43008 in range (0 - 270312)
2019-05-14 18:39:07.084 T:140518176581376 DEBUG: CWebServer [OUT] write maximum 2048 bytes from 45056 (45056)
2019-05-14 18:39:07.084 T:140518176581376 DEBUG: CWebServer [OUT] wrote 2048 bytes from 45056 in range (0 - 270312)
2019-05-14 18:39:07.084 T:140518176581376 DEBUG: CWebServer [OUT] write maximum 2048 bytes from 47104 (47104)
2019-05-14 18:39:07.084 T:140518176581376 DEBUG: CWebServer [OUT] wrote 2048 bytes from 47104 in range (0 - 270312)
2019-05-14 18:39:07.084 T:140518176581376 DEBUG: CWebServer [OUT] write maximum 2048 bytes from 49152 (49152)
2019-05-14 18:39:07.084 T:140518176581376 DEBUG: CWebServer [OUT] wrote 2048 bytes from 49152 in range (0 - 270312)
2019-05-14 18:39:07.084 T:140518176581376 DEBUG: CWebServer [OUT] write maximum 2048 bytes from 51200 (51200)
2019-05-14 18:39:07.084 T:140518176581376 DEBUG: CWebServer [OUT] wrote 2048 bytes from 51200 in range (0 - 270312)
2019-05-14 18:39:07.084 T:140518176581376 DEBUG: CWebServer [OUT] write maximum 2048 bytes from 53248 (53248)
2019-05-14 18:39:07.084 T:140518176581376 DEBUG: CWebServer [OUT] wrote 2048 bytes from 53248 in range (0 - 270312)
2019-05-14 18:39:07.084 T:140518176581376 DEBUG: CWebServer [OUT] write maximum 2048 bytes from 55296 (55296)
2019-05-14 18:39:07.084 T:140518176581376 DEBUG: CWebServer [OUT] wrote 2048 bytes from 55296 in range (0 - 270312)
2019-05-14 18:39:07.084 T:140518176581376 DEBUG: CWebServer [OUT] write maximum 2048 bytes from 57344 (57344)
2019-05-14 18:39:07.084 T:140518176581376 DEBUG: CWebServer [OUT] wrote 2048 bytes from 57344 in range (0 - 270312)
2019-05-14 18:39:07.084 T:140518176581376 DEBUG: CWebServer [OUT] write maximum 2048 bytes from 59392 (59392)
2019-05-14 18:39:07.084 T:140518176581376 DEBUG: CWebServer [OUT] wrote 2048 bytes from 59392 in range (0 - 270312)
2019-05-14 18:39:07.084 T:140518176581376 DEBUG: CWebServer [OUT] write maximum 2048 bytes from 61440 (61440)
2019-05-14 18:39:07.084 T:140518176581376 DEBUG: CWebServer [OUT] wrote 2048 bytes from 61440 in range (0 - 270312)
2019-05-14 18:39:07.084 T:140518176581376 DEBUG: CWebServer [OUT] write maximum 2048 bytes from 63488 (63488)
2019-05-14 18:39:07.084 T:140518176581376 DEBUG: CWebServer [OUT] wrote 2048 bytes from 63488 in range (0 - 270312)
2019-05-14 18:39:07.085 T:140518176581376 DEBUG: CWebServer [OUT] write maximum 2048 bytes from 65536 (65536)
2019-05-14 18:39:07.085 T:140518176581376 DEBUG: CWebServer [OUT] wrote 2048 bytes from 65536 in range (0 - 270312)
2019-05-14 18:39:07.085 T:140518176581376 DEBUG: CWebServer [OUT] write maximum 2048 bytes from 67584 (67584)
2019-05-14 18:39:07.085 T:140518176581376 DEBUG: CWebServer [OUT] wrote 2048 bytes from 67584 in range (0 - 270312)
2019-05-14 18:39:07.085 T:140518176581376 DEBUG: CWebServer [OUT] write maximum 2048 bytes from 69632 (69632)
2019-05-14 18:39:07.085 T:140518176581376 DEBUG: CWebServer [OUT] wrote 2048 bytes from 69632 in range (0 - 270312)
2019-05-14 18:39:07.085 T:140518176581376 DEBUG: CWebServer [OUT] write maximum 2048 bytes from 71680 (71680)
2019-05-14 18:39:07.085 T:140518176581376 DEBUG: CWebServer [OUT] wrote 2048 bytes from 71680 in range (0 - 270312)
2019-05-14 18:39:07.085 T:140518176581376 DEBUG: CWebServer [OUT] write maximum 2048 bytes from 73728 (73728)
2019-05-14 18:39:07.085 T:140518176581376 DEBUG: CWebServer [OUT] wrote 2048 bytes from 73728 in range (0 - 270312)
2019-05-14 18:39:07.085 T:140518176581376 DEBUG: CWebServer [OUT] write maximum 2048 bytes from 75776 (75776)
2019-05-14 18:39:07.085 T:140518176581376 DEBUG: CWebServer [OUT] wrote 2048 bytes from 75776 in range (0 - 270312)
2019-05-14 18:39:07.085 T:140518176581376 DEBUG: CWebServer [OUT] write maximum 2048 bytes from 77824 (77824)
2019-05-14 18:39:07.085 T:140518176581376 DEBUG: CWebServer [OUT] wrote 2048 bytes from 77824 in range (0 - 270312)
2019-05-14 18:39:07.085 T:140518176581376 DEBUG: CWebServer [OUT] write maximum 2048 bytes from 79872 (79872)
2019-05-14 18:39:07.085 T:140518176581376 DEBUG: CWebServer [OUT] wrote 2048 bytes from 79872 in range (0 - 270312)
2019-05-14 18:39:07.085 T:140518176581376 DEBUG: CWebServer [OUT] write maximum 2048 bytes from 81920 (81920)
2019-05-14 18:39:07.085 T:140518176581376 DEBUG: CWebServer [OUT] wrote 2048 bytes from 81920 in range (0 - 270312)
2019-05-14 18:39:07.086 T:140518176581376 DEBUG: CWebServer [OUT] write maximum 2048 bytes from 83968 (83968)
