2019-05-14 18:39:07.086 T:140518176581376 DEBUG: CWebServer [OUT] wrote 2048 bytes from 83968 in range (0 - 270312)
2019-05-14 18:39:07.087 T:140518176581376 DEBUG: CWebServer [OUT] write maximum 2048 bytes from 86016 (86016)
2019-05-14 18:39:07.087 T:140518176581376 DEBUG: CWebServer [OUT] wrote 2048 bytes from 86016 in range (0 - 270312)
2019-05-14 18:39:07.087 T:140518176581376 DEBUG: CWebServer [OUT] write maximum 2048 bytes from 88064 (88064)
2019-05-14 18:39:07.087 T:140518176581376 DEBUG: CWebServer [OUT] wrote 2048 bytes from 88064 in range (0 - 270312)
2019-05-14 18:39:07.087 T:140518176581376 DEBUG: CWebServer [OUT] write maximum 2048 bytes from 90112 (90112)
2019-05-14 18:39:07.087 T:140518176581376 DEBUG: CWebServer [OUT] wrote 2048 bytes from 90112 in range (0 - 270312)
2019-05-14 18:39:07.089 T:140518176581376 DEBUG: CWebServer [OUT] write maximum 2048 bytes from 92160 (92160)
2019-05-14 18:39:07.089 T:140518176581376 DEBUG: CWebServer [OUT] wrote 2048 bytes from 92160 in range (0 - 270312)
2019-05-14 18:39:07.090 T:140518176581376 DEBUG: CWebServer [OUT] write maximum 2048 bytes from 94208 (94208)
2019-05-14 18:39:07.090 T:140518176581376 DEBUG: CWebServer [OUT] wrote 2048 bytes from 94208 in range (0 - 270312)
2019-05-14 18:39:07.090 T:140518176581376 DEBUG: CWebServer [OUT] write maximum 2048 bytes from 96256 (96256)
2019-05-14 18:39:07.090 T:140518176581376 DEBUG: CWebServer [OUT] wrote 2048 bytes from 96256 in range (0 - 270312)
2019-05-14 18:39:07.090 T:140518176581376 DEBUG: CWebServer [OUT] write maximum 2048 bytes from 98304 (98304)
2019-05-14 18:39:07.090 T:140518176581376 DEBUG: CWebServer [OUT] wrote 2048 bytes from 98304 in range (0 - 270312)
2019-05-14 18:39:07.090 T:140518176581376 DEBUG: CWebServer [OUT] write maximum 2048 bytes from 100352 (100352)
2019-05-14 18:39:07.090 T:140518176581376 DEBUG: CWebServer [OUT] wrote 2048 bytes from 100352 in range (0 - 270312)
2019-05-14 18:39:07.090 T:140518176581376 DEBUG: CWebServer [OUT] write maximum 2048 bytes from 102400 (102400)
2019-05-14 18:39:07.090 T:140518176581376 DEBUG: CWebServer [OUT] wrote 2048 bytes from 102400 in range (0 - 270312)
2019-05-14 18:39:07.090 T:140518176581376 DEBUG: CWebServer [OUT] write maximum 2048 bytes from 104448 (104448)
2019-05-14 18:39:07.090 T:140518176581376 DEBUG: CWebServer [OUT] wrote 2048 bytes from 104448 in range (0 - 270312)
2019-05-14 18:39:07.090 T:140518176581376 DEBUG: CWebServer [OUT] write maximum 2048 bytes from 106496 (106496)
2019-05-14 18:39:07.090 T:140518176581376 DEBUG: CWebServer [OUT] wrote 2048 bytes from 106496 in range (0 - 270312)
2019-05-14 18:39:07.090 T:140518176581376 DEBUG: CWebServer [OUT] write maximum 2048 bytes from 108544 (108544)
2019-05-14 18:39:07.090 T:140518176581376 DEBUG: CWebServer [OUT] wrote 2048 bytes from 108544 in range (0 - 270312)
2019-05-14 18:39:07.090 T:140518176581376 DEBUG: CWebServer [OUT] write maximum 2048 bytes from 110592 (110592)
2019-05-14 18:39:07.090 T:140518176581376 DEBUG: CWebServer [OUT] wrote 2048 bytes from 110592 in range (0 - 270312)
2019-05-14 18:39:07.090 T:140518176581376 DEBUG: CWebServer [OUT] write maximum 2048 bytes from 112640 (112640)
2019-05-14 18:39:07.091 T:140518176581376 DEBUG: CWebServer [OUT] wrote 2048 bytes from 112640 in range (0 - 270312)
2019-05-14 18:39:07.092 T:140518176581376 DEBUG: CWebServer [OUT] write maximum 2048 bytes from 114688 (114688)
2019-05-14 18:39:07.092 T:140518176581376 DEBUG: CWebServer [OUT] wrote 2048 bytes from 114688 in range (0 - 270312)
2019-05-14 18:39:07.092 T:140518176581376 DEBUG: CWebServer [OUT] write maximum 2048 bytes from 116736 (116736)
2019-05-14 18:39:07.093 T:140518328624896 DEBUG: CWebServer[8081]: request received for /image/image%3A%2F%2Fmusic%40%252fmnt%252fhome_server%252fMedia%252fMusic%252fAnglicky%2520za%252030%2520dni%252f01%2520Skladba%25201.wma%2F
2019-05-14 18:39:07.094 T:140518176581376 DEBUG: CWebServer [OUT] wrote 2048 bytes from 116736 in range (0 - 270312)
2019-05-14 18:39:07.094 T:140518328624896 DEBUG: CWebServer[8081] [IN] HTTP/1.1 GET /image/image%3A%2F%2Fmusic%40%252fmnt%252fhome_server%252fMedia%252fMusic%252fAnglicky%2520za%252030%2520dni%252f01%2520Skladba%25201.wma%2F
2019-05-14 18:39:07.094 T:140517346195200 DEBUG: CWebServer[8081] [OUT] Accept-Ranges: none
2019-05-14 18:39:07.094 T:140518328624896 DEBUG: CWebServer[8081] [IN] Accept-Encoding: gzip
2019-05-14 18:39:07.094 T:140518176581376 DEBUG: CWebServer [OUT] write maximum 2048 bytes from 118784 (118784)
2019-05-14 18:39:07.094 T:140517346195200 DEBUG: CWebServer[8081] [OUT] Cache-Control: private, max-age=0, no-cache
2019-05-14 18:39:07.094 T:140518328624896 DEBUG: CWebServer[8081] [IN] Authorization: Basic YmV0bWVuOkJldG1lbjU1MjA5Mg==
2019-05-14 18:39:07.094 T:140518176581376 DEBUG: CWebServer [OUT] wrote 2048 bytes from 118784 in range (0 - 270312)
2019-05-14 18:39:07.094 T:140517346195200 DEBUG: CWebServer[8081] [OUT] Content-Length: 7915
2019-05-14 18:39:07.094 T:140518328624896 DEBUG: CWebServer[8081] [IN] Connection: Keep-Alive
2019-05-14 18:39:07.094 T:140518176581376 DEBUG: CWebServer [OUT] write maximum 2048 bytes from 120832 (120832)
2019-05-14 18:39:07.095 T:140517346195200 DEBUG: CWebServer[8081] [OUT] Content-Type: application/json
2019-05-14 18:39:07.095 T:140518328624896 DEBUG: CWebServer[8081] [IN] Host: 192.168.1.100:8081
2019-05-14 18:39:07.095 T:140518176581376 DEBUG: CWebServer [OUT] wrote 2048 bytes from 120832 in range (0 - 270312)
2019-05-14 18:39:07.095 T:140517346195200 DEBUG: CWebServer[8081] [OUT] HTTP/1.1 200 /jsonrpc
2019-05-14 18:39:07.095 T:140518328624896 DEBUG: CWebServer[8081] [IN] User-Agent: okhttp/3.14.1
2019-05-14 18:39:07.095 T:140517346195200 DEBUG: CWebServer[8081] [OUT] Accept-Encoding: gzip
2019-05-14 18:39:07.095 T:140518176581376 DEBUG: CWebServer [OUT] write maximum 2048 bytes from 122880 (122880)
2019-05-14 18:39:07.095 T:140517346195200 DEBUG: CWebServer[8081] [OUT] Authorization: Basic YmV0bWVuOkJldG1lbjU1MjA5Mg==
2019-05-14 18:39:07.095 T:140518176581376 DEBUG: CWebServer [OUT] wrote 2048 bytes from 122880 in range (0 - 270312)
2019-05-14 18:39:07.095 T:140517346195200 DEBUG: CWebServer[8081] [OUT] Connection: Keep-Alive
2019-05-14 18:39:07.095 T:140518176581376 DEBUG: CWebServer [OUT] write maximum 2048 bytes from 124928 (124928)
2019-05-14 18:39:07.095 T:140517346195200 DEBUG: CWebServer[8081] [OUT] Content-Length: 148
2019-05-14 18:39:07.095 T:140518176581376 DEBUG: CWebServer [OUT] wrote 2048 bytes from 124928 in range (0 - 270312)
2019-05-14 18:39:07.095 T:140517346195200 DEBUG: CWebServer[8081] [OUT] Content-Type: application/json; charset=utf-8
2019-05-14 18:39:07.096 T:140518176581376 DEBUG: CWebServer [OUT] write maximum 2048 bytes from 126976 (126976)
2019-05-14 18:39:07.096 T:140517346195200 DEBUG: CWebServer[8081] [OUT] Host: 192.168.1.100:8081
2019-05-14 18:39:07.096 T:140518176581376 DEBUG: CWebServer [OUT] wrote 2048 bytes from 126976 in range (0 - 270312)
2019-05-14 18:39:07.096 T:140517346195200 DEBUG: CWebServer[8081] [OUT] User-Agent: okhttp/3.14.1
2019-05-14 18:39:07.096 T:140518176581376 DEBUG: CWebServer [OUT] write maximum 2048 bytes from 129024 (129024)
2019-05-14 18:39:07.096 T:140518176581376 DEBUG: CWebServer [OUT] wrote 2048 bytes from 129024 in range (0 - 270312)
2019-05-14 18:39:07.096 T:140518176581376 DEBUG: CWebServer [OUT] write maximum 2048 bytes from 131072 (131072)
2019-05-14 18:39:07.096 T:140518176581376 DEBUG: CWebServer [OUT] wrote 2048 bytes from 131072 in range (0 - 270312)
2019-05-14 18:39:07.096 T:140518176581376 DEBUG: CWebServer [OUT] write maximum 2048 bytes from 133120 (133120)
2019-05-14 18:39:07.096 T:140518176581376 DEBUG: CWebServer [OUT] wrote 2048 bytes from 133120 in range (0 - 270312)
2019-05-14 18:39:07.096 T:140518176581376 DEBUG: CWebServer [OUT] write maximum 2048 bytes from 135168 (135168)
2019-05-14 18:39:07.096 T:140518176581376 DEBUG: CWebServer [OUT] wrote 2048 bytes from 135168 in range (0 - 270312)
2019-05-14 18:39:07.096 T:140518176581376 DEBUG: CWebServer [OUT] write maximum 2048 bytes from 137216 (137216)
2019-05-14 18:39:07.096 T:140518176581376 DEBUG: CWebServer [OUT] wrote 2048 bytes from 137216 in range (0 - 270312)
2019-05-14 18:39:07.096 T:140518176581376 DEBUG: CWebServer [OUT] write maximum 2048 bytes from 139264 (139264)
2019-05-14 18:39:07.096 T:140518176581376 DEBUG: CWebServer [OUT] wrote 2048 bytes from 139264 in range (0 - 270312)
2019-05-14 18:39:07.096 T:140518176581376 DEBUG: CWebServer [OUT] write maximum 2048 bytes from 141312 (141312)
2019-05-14 18:39:07.096 T:140518176581376 DEBUG: CWebServer [OUT] wrote 2048 bytes from 141312 in range (0 - 270312)
2019-05-14 18:39:07.096 T:140518176581376 DEBUG: CWebServer [OUT] write maximum 2048 bytes from 143360 (143360)
2019-05-14 18:39:07.096 T:140518176581376 DEBUG: CWebServer [OUT] wrote 2048 bytes from 143360 in range (0 - 270312)
2019-05-14 18:39:07.097 T:140518176581376 DEBUG: CWebServer [OUT] write maximum 2048 bytes from 145408 (145408)
2019-05-14 18:39:07.097 T:140518176581376 DEBUG: CWebServer [OUT] wrote 2048 bytes from 145408 in range (0 - 270312)
2019-05-14 18:39:07.097 T:140518176581376 DEBUG: CWebServer [OUT] write maximum 2048 bytes from 147456 (147456)
2019-05-14 18:39:07.097 T:140518176581376 DEBUG: CWebServer [OUT] wrote 2048 bytes from 147456 in range (0 - 270312)
2019-05-14 18:39:07.097 T:140518176581376 DEBUG: CWebServer [OUT] write maximum 2048 bytes from 149504 (149504)
2019-05-14 18:39:07.097 T:140518176581376 DEBUG: CWebServer [OUT] wrote 2048 bytes from 149504 in range (0 - 270312)
2019-05-14 18:39:07.097 T:140518176581376 DEBUG: CWebServer [OUT] write maximum 2048 bytes from 151552 (151552)
2019-05-14 18:39:07.097 T:140518176581376 DEBUG: CWebServer [OUT] wrote 2048 bytes from 151552 in range (0 - 270312)
2019-05-14 18:39:07.097 T:140518328624896 DEBUG: CUtil::GetMatchingSource: no matching source found for [/mnt/home_server/Media/Music/Anglicky za 30 dni/01 Skladba 1.wma]
2019-05-14 18:39:07.097 T:140518176581376 DEBUG: CWebServer [OUT] write maximum 2048 bytes from 153600 (153600)
2019-05-14 18:39:07.097 T:140518328624896 DEBUG: CUtil::GetMatchingSource: no matching source found for [/mnt/home_server/Media/Music/Anglicky za 30 dni/01 Skladba 1.wma]
2019-05-14 18:39:07.097 T:140518176581376 DEBUG: CWebServer [OUT] wrote 2048 bytes from 153600 in range (0 - 270312)
2019-05-14 18:39:07.097 T:140518328624896 DEBUG: CUtil::GetMatchingSource: no matching source found for [/mnt/home_server/Media/Music/Anglicky za 30 dni/01 Skladba 1.wma]
2019-05-14 18:39:07.097 T:140518176581376 DEBUG: CWebServer [OUT] write maximum 2048 bytes from 155648 (155648)
2019-05-14 18:39:07.097 T:140518176581376 DEBUG: CWebServer [OUT] wrote 2048 bytes from 155648 in range (0 - 270312)
2019-05-14 18:39:07.097 T:140518176581376 DEBUG: CWebServer [OUT] write maximum 2048 bytes from 157696 (157696)
2019-05-14 18:39:07.098 T:140518176581376 DEBUG: CWebServer [OUT] wrote 2048 bytes from 157696 in range (0 - 270312)
2019-05-14 18:39:07.098 T:140518176581376 DEBUG: CWebServer [OUT] write maximum 2048 bytes from 159744 (159744)
2019-05-14 18:39:07.098 T:140518176581376 DEBUG: CWebServer [OUT] wrote 2048 bytes from 159744 in range (0 - 270312)
2019-05-14 18:39:07.098 T:140518176581376 DEBUG: CWebServer [OUT] write maximum 2048 bytes from 161792 (161792)
2019-05-14 18:39:07.098 T:140518176581376 DEBUG: CWebServer [OUT] wrote 2048 bytes from 161792 in range (0 - 270312)
2019-05-14 18:39:07.098 T:140518176581376 DEBUG: CWebServer [OUT] write maximum 2048 bytes from 163840 (163840)
2019-05-14 18:39:07.098 T:140518176581376 DEBUG: CWebServer [OUT] wrote 2048 bytes from 163840 in range (0 - 270312)
2019-05-14 18:39:07.098 T:140518176581376 DEBUG: CWebServer [OUT] write maximum 2048 bytes from 165888 (165888)
2019-05-14 18:39:07.098 T:140518176581376 DEBUG: CWebServer [OUT] wrote 2048 bytes from 165888 in range (0 - 270312)
2019-05-14 18:39:07.098 T:140518176581376 DEBUG: CWebServer [OUT] write maximum 2048 bytes from 167936 (167936)
2019-05-14 18:39:07.098 T:140518176581376 DEBUG: CWebServer [OUT] wrote 2048 bytes from 167936 in range (0 - 270312)
2019-05-14 18:39:07.098 T:140518176581376 DEBUG: CWebServer [OUT] write maximum 2048 bytes from 169984 (169984)
2019-05-14 18:39:07.098 T:140518176581376 DEBUG: CWebServer [OUT] wrote 2048 bytes from 169984 in range (0 - 270312)
2019-05-14 18:39:07.098 T:140518176581376 DEBUG: CWebServer [OUT] write maximum 2048 bytes from 172032 (172032)
2019-05-14 18:39:07.098 T:140518176581376 DEBUG: CWebServer [OUT] wrote 2048 bytes from 172032 in range (0 - 270312)
2019-05-14 18:39:07.099 T:140518176581376 DEBUG: CWebServer [OUT] write maximum 2048 bytes from 174080 (174080)
2019-05-14 18:39:07.099 T:140518176581376 DEBUG: CWebServer [OUT] wrote 2048 bytes from 174080 in range (0 - 270312)
2019-05-14 18:39:07.099 T:140518176581376 DEBUG: CWebServer [OUT] write maximum 2048 bytes from 176128 (176128)
2019-05-14 18:39:07.099 T:140518328624896 DEBUG: CUtil::GetMatchingSource: no matching source found for [/mnt/home_server/Media/Music/Anglicky za 30 dni/01 Skladba 1.wma]
2019-05-14 18:39:07.099 T:140518176581376 DEBUG: CWebServer [OUT] wrote 2048 bytes from 176128 in range (0 - 270312)
2019-05-14 18:39:07.099 T:140518328624896 DEBUG: CUtil::GetMatchingSource: no matching source found for [/mnt/home_server/Media/Music/Anglicky za 30 dni/01 Skladba 1.wma]
2019-05-14 18:39:07.099 T:140518176581376 DEBUG: CWebServer [OUT] write maximum 2048 bytes from 178176 (178176)
2019-05-14 18:39:07.099 T:140518328624896 DEBUG: CUtil::GetMatchingSource: no matching source found for [/mnt/home_server/Media/Music/Anglicky za 30 dni/01 Skladba 1.wma]
2019-05-14 18:39:07.099 T:140518176581376 DEBUG: CWebServer [OUT] wrote 2048 bytes from 178176 in range (0 - 270312)
2019-05-14 18:39:07.099 T:140518176581376 DEBUG: CWebServer [OUT] write maximum 2048 bytes from 180224 (180224)
2019-05-14 18:39:07.099 T:140518176581376 DEBUG: CWebServer [OUT] wrote 2048 bytes from 180224 in range (0 - 270312)
2019-05-14 18:39:07.099 T:140518176581376 DEBUG: CWebServer [OUT] write maximum 2048 bytes from 182272 (182272)
2019-05-14 18:39:07.099 T:140518176581376 DEBUG: CWebServer [OUT] wrote 2048 bytes from 182272 in range (0 - 270312)
2019-05-14 18:39:07.099 T:140518176581376 DEBUG: CWebServer [OUT] write maximum 2048 bytes from 184320 (184320)
2019-05-14 18:39:07.099 T:140518176581376 DEBUG: CWebServer [OUT] wrote 2048 bytes from 184320 in range (0 - 270312)
2019-05-14 18:39:07.100 T:140518176581376 DEBUG: CWebServer [OUT] write maximum 2048 bytes from 186368 (186368)
2019-05-14 18:39:07.100 T:140518176581376 DEBUG: CWebServer [OUT] wrote 2048 bytes from 186368 in range (0 - 270312)
2019-05-14 18:39:07.100 T:140518176581376 DEBUG: CWebServer [OUT] write maximum 2048 bytes from 188416 (188416)
2019-05-14 18:39:07.100 T:140518176581376 DEBUG: CWebServer [OUT] wrote 2048 bytes from 188416 in range (0 - 270312)
2019-05-14 18:39:07.100 T:140518328624896 DEBUG: CWebServer[8081] [OUT] Accept-Ranges: bytes
2019-05-14 18:39:07.100 T:140518176581376 DEBUG: CWebServer [OUT] write maximum 2048 bytes from 190464 (190464)
2019-05-14 18:39:07.100 T:140518328624896 DEBUG: CWebServer[8081] [OUT] Cache-Control: public, max-age=604800
2019-05-14 18:39:07.100 T:140518176581376 DEBUG: CWebServer [OUT] wrote 2048 bytes from 190464 in range (0 - 270312)
2019-05-14 18:39:07.100 T:140518328624896 DEBUG: CWebServer[8081] [OUT] Expires: Tue, 21 May 2019 16:39:07 GMT
2019-05-14 18:39:07.100 T:140518176581376 DEBUG: CWebServer [OUT] write maximum 2048 bytes from 192512 (192512)
2019-05-14 18:39:07.100 T:140518328624896 DEBUG: CWebServer[8081] [OUT] Last-Modified: Thu, 05 Apr 2018 19:33:12 GMT
2019-05-14 18:39:07.100 T:140518176581376 DEBUG: CWebServer [OUT] wrote 2048 bytes from 192512 in range (0 - 270312)
2019-05-14 18:39:07.100 T:140518328624896 DEBUG: CWebServer[8081] [OUT] HTTP/1.1 200 /image/image%3A%2F%2Fmusic%40%252fmnt%252fhome_server%252fMedia%252fMusic%252fAnglicky%2520za%252030%2520dni%252f01%2520Skladba%25201.wma%2F
2019-05-14 18:39:07.100 T:140518176581376 DEBUG: CWebServer [OUT] write maximum 2048 bytes from 194560 (194560)
2019-05-14 18:39:07.100 T:140518328624896 DEBUG: CWebServer[8081] [OUT] Accept-Encoding: gzip
2019-05-14 18:39:07.100 T:140518176581376 DEBUG: CWebServer [OUT] wrote 2048 bytes from 194560 in range (0 - 270312)
2019-05-14 18:39:07.100 T:140518328624896 DEBUG: CWebServer[8081] [OUT] Authorization: Basic YmV0bWVuOkJldG1lbjU1MjA5Mg==
2019-05-14 18:39:07.100 T:140518176581376 DEBUG: CWebServer [OUT] write maximum 2048 bytes from 196608 (196608)
2019-05-14 18:39:07.101 T:140518328624896 DEBUG: CWebServer[8081] [OUT] Connection: Keep-Alive
2019-05-14 18:39:07.101 T:140518176581376 DEBUG: CWebServer [OUT] wrote 2048 bytes from 196608 in range (0 - 270312)
2019-05-14 18:39:07.101 T:140518328624896 DEBUG: CWebServer[8081] [OUT] Host: 192.168.1.100:8081
2019-05-14 18:39:07.101 T:140518328624896 DEBUG: CWebServer[8081] [OUT] User-Agent: okhttp/3.14.1
2019-05-14 18:39:07.101 T:140518176581376 DEBUG: CWebServer [OUT] write maximum 2048 bytes from 198656 (198656)
2019-05-14 18:39:07.101 T:140518328624896 DEBUG: CWebServer [OUT] write maximum 2048 bytes from 0 (0)
2019-05-14 18:39:07.101 T:140518176581376 DEBUG: CWebServer [OUT] wrote 2048 bytes from 198656 in range (0 - 270312)
2019-05-14 18:39:07.101 T:140518176581376 DEBUG: CWebServer [OUT] write maximum 2048 bytes from 200704 (200704)
2019-05-14 18:39:07.101 T:140518176581376 DEBUG: CWebServer [OUT] wrote 2048 bytes from 200704 in range (0 - 270312)
2019-05-14 18:39:07.101 T:140518328624896 DEBUG: CWebServer [OUT] wrote 2048 bytes from 0 in range (0 - 86273)
2019-05-14 18:39:07.102 T:140518328624896 DEBUG: CWebServer [OUT] write maximum 2048 bytes from 2048 (2048)
2019-05-14 18:39:07.102 T:140518328624896 DEBUG: CWebServer [OUT] wrote 2048 bytes from 2048 in range (0 - 86273)
2019-05-14 18:39:07.102 T:140518328624896 DEBUG: CWebServer [OUT] write maximum 2048 bytes from 4096 (4096)
2019-05-14 18:39:07.102 T:140518328624896 DEBUG: CWebServer [OUT] wrote 2048 bytes from 4096 in range (0 - 86273)
2019-05-14 18:39:07.102 T:140518328624896 DEBUG: CWebServer [OUT] write maximum 2048 bytes from 6144 (6144)
2019-05-14 18:39:07.102 T:140518328624896 DEBUG: CWebServer [OUT] wrote 2048 bytes from 6144 in range (0 - 86273)
2019-05-14 18:39:07.102 T:140518328624896 DEBUG: CWebServer [OUT] write maximum 2048 bytes from 8192 (8192)
2019-05-14 18:39:07.102 T:140518328624896 DEBUG: CWebServer [OUT] wrote 2048 bytes from 8192 in range (0 - 86273)
2019-05-14 18:39:07.102 T:140518328624896 DEBUG: CWebServer [OUT] write maximum 2048 bytes from 10240 (10240)
2019-05-14 18:39:07.102 T:140518328624896 DEBUG: CWebServer [OUT] wrote 2048 bytes from 10240 in range (0 - 86273)
2019-05-14 18:39:07.102 T:140518328624896 DEBUG: CWebServer [OUT] write maximum 2048 bytes from 12288 (12288)
2019-05-14 18:39:07.102 T:140518328624896 DEBUG: CWebServer [OUT] wrote 2048 bytes from 12288 in range (0 - 86273)
2019-05-14 18:39:07.102 T:140518328624896 DEBUG: CWebServer [OUT] write maximum 2048 bytes from 14336 (14336)
2019-05-14 18:39:07.103 T:140518328624896 DEBUG: CWebServer [OUT] wrote 2048 bytes from 14336 in range (0 - 86273)
2019-05-14 18:39:07.103 T:140518328624896 DEBUG: CWebServer [OUT] write maximum 2048 bytes from 16384 (16384)
2019-05-14 18:39:07.103 T:140518328624896 DEBUG: CWebServer [OUT] wrote 2048 bytes from 16384 in range (0 - 86273)
2019-05-14 18:39:07.103 T:140518328624896 DEBUG: CWebServer [OUT] write maximum 2048 bytes from 18432 (18432)
2019-05-14 18:39:07.103 T:140518328624896 DEBUG: CWebServer [OUT] wrote 2048 bytes from 18432 in range (0 - 86273)
2019-05-14 18:39:07.103 T:140518328624896 DEBUG: CWebServer [OUT] write maximum 2048 bytes from 20480 (20480)
2019-05-14 18:39:07.103 T:140518176581376 DEBUG: CWebServer [OUT] write maximum 2048 bytes from 202752 (202752)
2019-05-14 18:39:07.103 T:140518328624896 DEBUG: CWebServer [OUT] wrote 2048 bytes from 20480 in range (0 - 86273)
2019-05-14 18:39:07.103 T:140518176581376 DEBUG: CWebServer [OUT] wrote 2048 bytes from 202752 in range (0 - 270312)
2019-05-14 18:39:07.103 T:140518328624896 DEBUG: CWebServer [OUT] write maximum 2048 bytes from 22528 (22528)
2019-05-14 18:39:07.103 T:140518176581376 DEBUG: CWebServer [OUT] write maximum 2048 bytes from 204800 (204800)
2019-05-14 18:39:07.103 T:140518328624896 DEBUG: CWebServer [OUT] wrote 2048 bytes from 22528 in range (0 - 86273)
2019-05-14 18:39:07.103 T:140518176581376 DEBUG: CWebServer [OUT] wrote 2048 bytes from 204800 in range (0 - 270312)
2019-05-14 18:39:07.104 T:140518328624896 DEBUG: CWebServer [OUT] write maximum 2048 bytes from 24576 (24576)
2019-05-14 18:39:07.104 T:140518176581376 DEBUG: CWebServer [OUT] write maximum 2048 bytes from 206848 (206848)
2019-05-14 18:39:07.104 T:140518328624896 DEBUG: CWebServer [OUT] wrote 2048 bytes from 24576 in range (0 - 86273)
2019-05-14 18:39:07.104 T:140518176581376 DEBUG: CWebServer [OUT] wrote 2048 bytes from 206848 in range (0 - 270312)
2019-05-14 18:39:07.104 T:140518328624896 DEBUG: CWebServer [OUT] write maximum 2048 bytes from 26624 (26624)
2019-05-14 18:39:07.104 T:140518176581376 DEBUG: CWebServer [OUT] write maximum 2048 bytes from 208896 (208896)
2019-05-14 18:39:07.104 T:140518328624896 DEBUG: CWebServer [OUT] wrote 2048 bytes from 26624 in range (0 - 86273)
2019-05-14 18:39:07.104 T:140518176581376 DEBUG: CWebServer [OUT] wrote 2048 bytes from 208896 in range (0 - 270312)
2019-05-14 18:39:07.104 T:140518328624896 DEBUG: CWebServer [OUT] write maximum 2048 bytes from 28672 (28672)
2019-05-14 18:39:07.104 T:140518176581376 DEBUG: CWebServer [OUT] write maximum 2048 bytes from 210944 (210944)
2019-05-14 18:39:07.104 T:140518328624896 DEBUG: CWebServer [OUT] wrote 2048 bytes from 28672 in range (0 - 86273)
2019-05-14 18:39:07.104 T:140518176581376 DEBUG: CWebServer [OUT] wrote 2048 bytes from 210944 in range (0 - 270312)
2019-05-14 18:39:07.104 T:140518328624896 DEBUG: CWebServer [OUT] write maximum 2048 bytes from 30720 (30720)
2019-05-14 18:39:07.104 T:140518176581376 DEBUG: CWebServer [OUT] write maximum 2048 bytes from 212992 (212992)
2019-05-14 18:39:07.104 T:140518328624896 DEBUG: CWebServer [OUT] wrote 2048 bytes from 30720 in range (0 - 86273)
2019-05-14 18:39:07.104 T:140518176581376 DEBUG: CWebServer [OUT] wrote 2048 bytes from 212992 in range (0 - 270312)
2019-05-14 18:39:07.104 T:140518328624896 DEBUG: CWebServer [OUT] write maximum 2048 bytes from 32768 (32768)
2019-05-14 18:39:07.104 T:140518176581376 DEBUG: CWebServer [OUT] write maximum 2048 bytes from 215040 (215040)
2019-05-14 18:39:07.104 T:140518328624896 DEBUG: CWebServer [OUT] wrote 2048 bytes from 32768 in range (0 - 86273)
2019-05-14 18:39:07.104 T:140518176581376 DEBUG: CWebServer [OUT] wrote 2048 bytes from 215040 in range (0 - 270312)
2019-05-14 18:39:07.104 T:140518328624896 DEBUG: CWebServer [OUT] write maximum 2048 bytes from 34816 (34816)
2019-05-14 18:39:07.104 T:140518176581376 DEBUG: CWebServer [OUT] write maximum 2048 bytes from 217088 (217088)
2019-05-14 18:39:07.105 T:140518328624896 DEBUG: CWebServer [OUT] wrote 2048 bytes from 34816 in range (0 - 86273)
2019-05-14 18:39:07.105 T:140518176581376 DEBUG: CWebServer [OUT] wrote 2048 bytes from 217088 in range (0 - 270312)
2019-05-14 18:39:07.105 T:140518328624896 DEBUG: CWebServer [OUT] write maximum 2048 bytes from 36864 (36864)
2019-05-14 18:39:07.105 T:140518176581376 DEBUG: CWebServer [OUT] write maximum 2048 bytes from 219136 (219136)
2019-05-14 18:39:07.105 T:140518328624896 DEBUG: CWebServer [OUT] wrote 2048 bytes from 36864 in range (0 - 86273)
2019-05-14 18:39:07.105 T:140518176581376 DEBUG: CWebServer [OUT] wrote 2048 bytes from 219136 in range (0 - 270312)
2019-05-14 18:39:07.105 T:140518328624896 DEBUG: CWebServer [OUT] write maximum 2048 bytes from 38912 (38912)
2019-05-14 18:39:07.105 T:140518328624896 DEBUG: CWebServer [OUT] wrote 2048 bytes from 38912 in range (0 - 86273)
2019-05-14 18:39:07.105 T:140518328624896 DEBUG: CWebServer [OUT] write maximum 2048 bytes from 40960 (40960)
2019-05-14 18:39:07.105 T:140518328624896 DEBUG: CWebServer [OUT] wrote 2048 bytes from 40960 in range (0 - 86273)
2019-05-14 18:39:07.105 T:140518328624896 DEBUG: CWebServer [OUT] write maximum 2048 bytes from 43008 (43008)
2019-05-14 18:39:07.105 T:140518328624896 DEBUG: CWebServer [OUT] wrote 2048 bytes from 43008 in range (0 - 86273)
2019-05-14 18:39:07.105 T:140518328624896 DEBUG: CWebServer [OUT] write maximum 2048 bytes from 45056 (45056)
2019-05-14 18:39:07.105 T:140518328624896 DEBUG: CWebServer [OUT] wrote 2048 bytes from 45056 in range (0 - 86273)
2019-05-14 18:39:07.105 T:140518328624896 DEBUG: CWebServer [OUT] write maximum 2048 bytes from 47104 (47104)
2019-05-14 18:39:07.105 T:140518328624896 DEBUG: CWebServer [OUT] wrote 2048 bytes from 47104 in range (0 - 86273)
2019-05-14 18:39:07.105 T:140518328624896 DEBUG: CWebServer [OUT] write maximum 2048 bytes from 49152 (49152)
2019-05-14 18:39:07.105 T:140518328624896 DEBUG: CWebServer [OUT] wrote 2048 bytes from 49152 in range (0 - 86273)
2019-05-14 18:39:07.105 T:140518328624896 DEBUG: CWebServer [OUT] write maximum 2048 bytes from 51200 (51200)
2019-05-14 18:39:07.105 T:140518328624896 DEBUG: CWebServer [OUT] wrote 2048 bytes from 51200 in range (0 - 86273)
2019-05-14 18:39:07.106 T:140518328624896 DEBUG: CWebServer [OUT] write maximum 2048 bytes from 53248 (53248)
2019-05-14 18:39:07.106 T:140518328624896 DEBUG: CWebServer [OUT] wrote 2048 bytes from 53248 in range (0 - 86273)
2019-05-14 18:39:07.106 T:140518176581376 DEBUG: CWebServer [OUT] write maximum 2048 bytes from 221184 (221184)
2019-05-14 18:39:07.106 T:140518328624896 DEBUG: CWebServer [OUT] write maximum 2048 bytes from 55296 (55296)
2019-05-14 18:39:07.106 T:140518176581376 DEBUG: CWebServer [OUT] wrote 2048 bytes from 221184 in range (0 - 270312)
2019-05-14 18:39:07.106 T:140518328624896 DEBUG: CWebServer [OUT] wrote 2048 bytes from 55296 in range (0 - 86273)
2019-05-14 18:39:07.106 T:140518328624896 DEBUG: CWebServer [OUT] write maximum 2048 bytes from 57344 (57344)
2019-05-14 18:39:07.106 T:140518176581376 DEBUG: CWebServer [OUT] write maximum 2048 bytes from 223232 (223232)
2019-05-14 18:39:07.106 T:140518328624896 DEBUG: CWebServer [OUT] wrote 2048 bytes from 57344 in range (0 - 86273)
2019-05-14 18:39:07.106 T:140518176581376 DEBUG: CWebServer [OUT] wrote 2048 bytes from 223232 in range (0 - 270312)
2019-05-14 18:39:07.106 T:140518176581376 DEBUG: CWebServer [OUT] write maximum 2048 bytes from 225280 (225280)
2019-05-14 18:39:07.106 T:140518176581376 DEBUG: CWebServer [OUT] wrote 2048 bytes from 225280 in range (0 - 270312)
2019-05-14 18:39:07.106 T:140518176581376 DEBUG: CWebServer [OUT] write maximum 2048 bytes from 227328 (227328)
2019-05-14 18:39:07.106 T:140518176581376 DEBUG: CWebServer [OUT] wrote 2048 bytes from 227328 in range (0 - 270312)
2019-05-14 18:39:07.106 T:140518176581376 DEBUG: CWebServer [OUT] write maximum 2048 bytes from 229376 (229376)
2019-05-14 18:39:07.106 T:140518176581376 DEBUG: CWebServer [OUT] wrote 2048 bytes from 229376 in range (0 - 270312)
2019-05-14 18:39:07.107 T:140518176581376 DEBUG: CWebServer [OUT] write maximum 2048 bytes from 231424 (231424)
2019-05-14 18:39:07.107 T:140518176581376 DEBUG: CWebServer [OUT] wrote 2048 bytes from 231424 in range (0 - 270312)
2019-05-14 18:39:07.107 T:140518176581376 DEBUG: CWebServer [OUT] write maximum 2048 bytes from 233472 (233472)
2019-05-14 18:39:07.107 T:140518176581376 DEBUG: CWebServer [OUT] wrote 2048 bytes from 233472 in range (0 - 270312)
2019-05-14 18:39:07.107 T:140518176581376 DEBUG: CWebServer [OUT] write maximum 2048 bytes from 235520 (235520)
2019-05-14 18:39:07.107 T:140518176581376 DEBUG: CWebServer [OUT] wrote 2048 bytes from 235520 in range (0 - 270312)
2019-05-14 18:39:07.107 T:140518176581376 DEBUG: CWebServer [OUT] write maximum 2048 bytes from 237568 (237568)
2019-05-14 18:39:07.107 T:140518176581376 DEBUG: CWebServer [OUT] wrote 2048 bytes from 237568 in range (0 - 270312)
2019-05-14 18:39:07.107 T:140518176581376 DEBUG: CWebServer [OUT] write maximum 2048 bytes from 239616 (239616)
2019-05-14 18:39:07.107 T:140518176581376 DEBUG: CWebServer [OUT] wrote 2048 bytes from 239616 in range (0 - 270312)
2019-05-14 18:39:07.107 T:140518176581376 DEBUG: CWebServer [OUT] write maximum 2048 bytes from 241664 (241664)
2019-05-14 18:39:07.107 T:140518176581376 DEBUG: CWebServer [OUT] wrote 2048 bytes from 241664 in range (0 - 270312)
2019-05-14 18:39:07.107 T:140518176581376 DEBUG: CWebServer [OUT] write maximum 2048 bytes from 243712 (243712)
2019-05-14 18:39:07.107 T:140518176581376 DEBUG: CWebServer [OUT] wrote 2048 bytes from 243712 in range (0 - 270312)
2019-05-14 18:39:07.107 T:140518176581376 DEBUG: CWebServer [OUT] write maximum 2048 bytes from 245760 (245760)
2019-05-14 18:39:07.107 T:140518176581376 DEBUG: CWebServer [OUT] wrote 2048 bytes from 245760 in range (0 - 270312)
2019-05-14 18:39:07.107 T:140518176581376 DEBUG: CWebServer [OUT] write maximum 2048 bytes from 247808 (247808)
2019-05-14 18:39:07.107 T:140518176581376 DEBUG: CWebServer [OUT] wrote 2048 bytes from 247808 in range (0 - 270312)
2019-05-14 18:39:07.107 T:140518176581376 DEBUG: CWebServer [OUT] write maximum 2048 bytes from 249856 (249856)
2019-05-14 18:39:07.107 T:140518176581376 DEBUG: CWebServer [OUT] wrote 2048 bytes from 249856 in range (0 - 270312)
2019-05-14 18:39:07.107 T:140518176581376 DEBUG: CWebServer [OUT] write maximum 2048 bytes from 251904 (251904)
2019-05-14 18:39:07.107 T:140518176581376 DEBUG: CWebServer [OUT] wrote 2048 bytes from 251904 in range (0 - 270312)
2019-05-14 18:39:07.107 T:140518176581376 DEBUG: CWebServer [OUT] write maximum 2048 bytes from 253952 (253952)
2019-05-14 18:39:07.107 T:140518176581376 DEBUG: CWebServer [OUT] wrote 2048 bytes from 253952 in range (0 - 270312)
2019-05-14 18:39:07.107 T:140518176581376 DEBUG: CWebServer [OUT] write maximum 2048 bytes from 256000 (256000)
2019-05-14 18:39:07.108 T:140518176581376 DEBUG: CWebServer [OUT] wrote 2048 bytes from 256000 in range (0 - 270312)
2019-05-14 18:39:07.108 T:140518176581376 DEBUG: CWebServer [OUT] write maximum 2048 bytes from 258048 (258048)
2019-05-14 18:39:07.108 T:140518176581376 DEBUG: CWebServer [OUT] wrote 2048 bytes from 258048 in range (0 - 270312)
2019-05-14 18:39:07.109 T:140518176581376 DEBUG: CWebServer [OUT] write maximum 2048 bytes from 260096 (260096)
2019-05-14 18:39:07.109 T:140518176581376 DEBUG: CWebServer [OUT] wrote 2048 bytes from 260096 in range (0 - 270312)
2019-05-14 18:39:07.109 T:140518176581376 DEBUG: CWebServer [OUT] write maximum 2048 bytes from 262144 (262144)
2019-05-14 18:39:07.109 T:140518176581376 DEBUG: CWebServer [OUT] wrote 2048 bytes from 262144 in range (0 - 270312)
2019-05-14 18:39:07.109 T:140518176581376 DEBUG: CWebServer [OUT] write maximum 2048 bytes from 264192 (264192)
2019-05-14 18:39:07.109 T:140518176581376 DEBUG: CWebServer [OUT] wrote 2048 bytes from 264192 in range (0 - 270312)
2019-05-14 18:39:07.109 T:140518176581376 DEBUG: CWebServer [OUT] write maximum 2048 bytes from 266240 (266240)
2019-05-14 18:39:07.109 T:140518176581376 DEBUG: CWebServer [OUT] wrote 2048 bytes from 266240 in range (0 - 270312)
2019-05-14 18:39:07.109 T:140518176581376 DEBUG: CWebServer [OUT] write maximum 2025 bytes from 268288 (268288)
2019-05-14 18:39:07.109 T:140518176581376 DEBUG: CWebServer [OUT] wrote 2025 bytes from 268288 in range (0 - 270312)
2019-05-14 18:39:07.109 T:140518176581376 DEBUG: CWebServer [OUT] done
2019-05-14 18:39:07.112 T:140518328624896 DEBUG: CWebServer [OUT] write maximum 2048 bytes from 59392 (59392)
2019-05-14 18:39:07.112 T:140518328624896 DEBUG: CWebServer [OUT] wrote 2048 bytes from 59392 in range (0 - 86273)
2019-05-14 18:39:07.112 T:140518328624896 DEBUG: CWebServer [OUT] write maximum 2048 bytes from 61440 (61440)
2019-05-14 18:39:07.112 T:140518328624896 DEBUG: CWebServer [OUT] wrote 2048 bytes from 61440 in range (0 - 86273)
2019-05-14 18:39:07.112 T:140518328624896 DEBUG: CWebServer [OUT] write maximum 2048 bytes from 63488 (63488)
2019-05-14 18:39:07.112 T:140518328624896 DEBUG: CWebServer [OUT] wrote 2048 bytes from 63488 in range (0 - 86273)
2019-05-14 18:39:07.112 T:140518328624896 DEBUG: CWebServer [OUT] write maximum 2048 bytes from 65536 (65536)
2019-05-14 18:39:07.112 T:140518328624896 DEBUG: CWebServer [OUT] wrote 2048 bytes from 65536 in range (0 - 86273)
2019-05-14 18:39:07.113 T:140518328624896 DEBUG: CWebServer [OUT] write maximum 2048 bytes from 67584 (67584)
2019-05-14 18:39:07.113 T:140518328624896 DEBUG: CWebServer [OUT] wrote 2048 bytes from 67584 in range (0 - 86273)
2019-05-14 18:39:07.113 T:140518328624896 DEBUG: CWebServer [OUT] write maximum 2048 bytes from 69632 (69632)
2019-05-14 18:39:07.113 T:140518328624896 DEBUG: CWebServer [OUT] wrote 2048 bytes from 69632 in range (0 - 86273)
2019-05-14 18:39:07.113 T:140518328624896 DEBUG: CWebServer [OUT] write maximum 2048 bytes from 71680 (71680)
2019-05-14 18:39:07.113 T:140518328624896 DEBUG: CWebServer [OUT] wrote 2048 bytes from 71680 in range (0 - 86273)
2019-05-14 18:39:07.113 T:140518328624896 DEBUG: CWebServer [OUT] write maximum 2048 bytes from 73728 (73728)
2019-05-14 18:39:07.113 T:140518328624896 DEBUG: CWebServer [OUT] wrote 2048 bytes from 73728 in range (0 - 86273)
2019-05-14 18:39:07.113 T:140518328624896 DEBUG: CWebServer [OUT] write maximum 2048 bytes from 75776 (75776)
2019-05-14 18:39:07.113 T:140518328624896 DEBUG: CWebServer [OUT] wrote 2048 bytes from 75776 in range (0 - 86273)
2019-05-14 18:39:07.113 T:140518328624896 DEBUG: CWebServer [OUT] write maximum 2048 bytes from 77824 (77824)
2019-05-14 18:39:07.113 T:140518328624896 DEBUG: CWebServer [OUT] wrote 2048 bytes from 77824 in range (0 - 86273)
2019-05-14 18:39:07.113 T:140518328624896 DEBUG: CWebServer [OUT] write maximum 2048 bytes from 79872 (79872)
2019-05-14 18:39:07.113 T:140518328624896 DEBUG: CWebServer [OUT] wrote 2048 bytes from 79872 in range (0 - 86273)
2019-05-14 18:39:07.113 T:140518328624896 DEBUG: CWebServer [OUT] write maximum 2048 bytes from 81920 (81920)
2019-05-14 18:39:07.113 T:140518328624896 DEBUG: CWebServer [OUT] wrote 2048 bytes from 81920 in range (0 - 86273)
2019-05-14 18:39:07.113 T:140518328624896 DEBUG: CWebServer [OUT] write maximum 2048 bytes from 83968 (83968)
2019-05-14 18:39:07.113 T:140518328624896 DEBUG: CWebServer [OUT] wrote 2048 bytes from 83968 in range (0 - 86273)
2019-05-14 18:39:07.113 T:140518328624896 DEBUG: CWebServer [OUT] write maximum 258 bytes from 86016 (86016)
2019-05-14 18:39:07.113 T:140518328624896 DEBUG: CWebServer [OUT] wrote 258 bytes from 86016 in range (0 - 86273)
2019-05-14 18:39:07.113 T:140518328624896 DEBUG: CWebServer [OUT] done
2019-05-14 18:39:07.139 T:140518328624896 DEBUG: CWebServer[8081]: request received for /image/image%3A%2F%2Fmusic%40%252fmnt%252fhome_server%252fMedia%252fMusic%252fJohn%2520Mayer%2520-%2520Continuum%252f01%2520John%2520Mayer%2520-%2520Waiting%2520On%2520The%2520World%2520To%2520Change.mp3%2F
2019-05-14 18:39:07.139 T:140518328624896 DEBUG: CWebServer[8081] [IN] HTTP/1.1 GET /image/image%3A%2F%2Fmusic%40%252fmnt%252fhome_server%252fMedia%252fMusic%252fJohn%2520Mayer%2520-%2520Continuum%252f01%2520John%2520Mayer%2520-%2520Waiting%2520On%2520The%2520World%2520To%2520Change.mp3%2F
2019-05-14 18:39:07.139 T:140518328624896 DEBUG: CWebServer[8081] [IN] Accept-Encoding: gzip
2019-05-14 18:39:07.139 T:140518328624896 DEBUG: CWebServer[8081] [IN] Authorization: Basic YmV0bWVuOkJldG1lbjU1MjA5Mg==
2019-05-14 18:39:07.139 T:140518328624896 DEBUG: CWebServer[8081] [IN] Connection: Keep-Alive
2019-05-14 18:39:07.139 T:140518328624896 DEBUG: CWebServer[8081] [IN] Host: 192.168.1.100:8081
2019-05-14 18:39:07.139 T:140518328624896 DEBUG: CWebServer[8081] [IN] User-Agent: okhttp/3.14.1
2019-05-14 18:39:07.143 T:140518328624896 DEBUG: CUtil::GetMatchingSource: no matching source found for [/mnt/home_server/Media/Music/John Mayer - Continuum/01 John Mayer - Waiting On The World To Change.mp3]
2019-05-14 18:39:07.149 T:140518328624896 DEBUG: Previous line repeats 5 times.
2019-05-14 18:39:07.149 T:140518328624896 DEBUG: CWebServer[8081] [OUT] Accept-Ranges: bytes
2019-05-14 18:39:07.149 T:140518328624896 DEBUG: CWebServer[8081] [OUT] Cache-Control: public, max-age=604800
2019-05-14 18:39:07.149 T:140518328624896 DEBUG: CWebServer[8081] [OUT] Expires: Tue, 21 May 2019 16:39:07 GMT
2019-05-14 18:39:07.149 T:140518328624896 DEBUG: CWebServer[8081] [OUT] Last-Modified: Sat, 07 Apr 2018 06:59:33 GMT
2019-05-14 18:39:07.149 T:140518328624896 DEBUG: CWebServer[8081] [OUT] HTTP/1.1 200 /image/image%3A%2F%2Fmusic%40%252fmnt%252fhome_server%252fMedia%252fMusic%252fJohn%2520Mayer%2520-%2520Continuum%252f01%2520John%2520Mayer%2520-%2520Waiting%2520On%2520The%2520World%2520To%2520Change.mp3%2F
2019-05-14 18:39:07.149 T:140518328624896 DEBUG: CWebServer[8081] [OUT] Accept-Encoding: gzip
2019-05-14 18:39:07.149 T:140518328624896 DEBUG: CWebServer[8081] [OUT] Authorization: Basic YmV0bWVuOkJldG1lbjU1MjA5Mg==
2019-05-14 18:39:07.149 T:140518328624896 DEBUG: CWebServer[8081] [OUT] Connection: Keep-Alive
2019-05-14 18:39:07.149 T:140518328624896 DEBUG: CWebServer[8081] [OUT] Host: 192.168.1.100:8081
2019-05-14 18:39:07.149 T:140518328624896 DEBUG: CWebServer[8081] [OUT] User-Agent: okhttp/3.14.1
2019-05-14 18:39:07.149 T:140518328624896 DEBUG: CWebServer [OUT] write maximum 2048 bytes from 0 (0)
2019-05-14 18:39:07.150 T:140518328624896 DEBUG: CWebServer [OUT] wrote 2048 bytes from 0 in range (0 - 59433)
2019-05-14 18:39:07.150 T:140518328624896 DEBUG: CWebServer [OUT] write maximum 2048 bytes from 2048 (2048)
2019-05-14 18:39:07.150 T:140518328624896 DEBUG: CWebServer [OUT] wrote 2048 bytes from 2048 in range (0 - 59433)
2019-05-14 18:39:07.150 T:140518328624896 DEBUG: CWebServer [OUT] write maximum 2048 bytes from 4096 (4096)
2019-05-14 18:39:07.150 T:140518328624896 DEBUG: CWebServer [OUT] wrote 2048 bytes from 4096 in range (0 - 59433)
2019-05-14 18:39:07.150 T:140518328624896 DEBUG: CWebServer [OUT] write maximum 2048 bytes from 6144 (6144)
2019-05-14 18:39:07.150 T:140518328624896 DEBUG: CWebServer [OUT] wrote 2048 bytes from 6144 in range (0 - 59433)
2019-05-14 18:39:07.150 T:140518328624896 DEBUG: CWebServer [OUT] write maximum 2048 bytes from 8192 (8192)
2019-05-14 18:39:07.150 T:140518328624896 DEBUG: CWebServer [OUT] wrote 2048 bytes from 8192 in range (0 - 59433)
2019-05-14 18:39:07.151 T:140518328624896 DEBUG: CWebServer [OUT] write maximum 2048 bytes from 10240 (10240)
2019-05-14 18:39:07.151 T:140518328624896 DEBUG: CWebServer [OUT] wrote 2048 bytes from 10240 in range (0 - 59433)
2019-05-14 18:39:07.151 T:140518328624896 DEBUG: CWebServer [OUT] write maximum 2048 bytes from 12288 (12288)
2019-05-14 18:39:07.151 T:140518328624896 DEBUG: CWebServer [OUT] wrote 2048 bytes from 12288 in range (0 - 59433)
2019-05-14 18:39:07.151 T:140518328624896 DEBUG: CWebServer [OUT] write maximum 2048 bytes from 14336 (14336)
2019-05-14 18:39:07.151 T:140518328624896 DEBUG: CWebServer [OUT] wrote 2048 bytes from 14336 in range (0 - 59433)
2019-05-14 18:39:07.151 T:140518328624896 DEBUG: CWebServer [OUT] write maximum 2048 bytes from 16384 (16384)
2019-05-14 18:39:07.151 T:140518328624896 DEBUG: CWebServer [OUT] wrote 2048 bytes from 16384 in range (0 - 59433)
2019-05-14 18:39:07.151 T:140518328624896 DEBUG: CWebServer [OUT] write maximum 2048 bytes from 18432 (18432)
2019-05-14 18:39:07.151 T:140518328624896 DEBUG: CWebServer [OUT] wrote 2048 bytes from 18432 in range (0 - 59433)
2019-05-14 18:39:07.151 T:140518328624896 DEBUG: CWebServer [OUT] write maximum 2048 bytes from 20480 (20480)
2019-05-14 18:39:07.151 T:140518328624896 DEBUG: CWebServer [OUT] wrote 2048 bytes from 20480 in range (0 - 59433)
2019-05-14 18:39:07.151 T:140518328624896 DEBUG: CWebServer [OUT] write maximum 2048 bytes from 22528 (22528)
2019-05-14 18:39:07.151 T:140518328624896 DEBUG: CWebServer [OUT] wrote 2048 bytes from 22528 in range (0 - 59433)
2019-05-14 18:39:07.151 T:140518328624896 DEBUG: CWebServer [OUT] write maximum 2048 bytes from 24576 (24576)
2019-05-14 18:39:07.151 T:140518328624896 DEBUG: CWebServer [OUT] wrote 2048 bytes from 24576 in range (0 - 59433)
2019-05-14 18:39:07.151 T:140518328624896 DEBUG: CWebServer [OUT] write maximum 2048 bytes from 26624 (26624)
2019-05-14 18:39:07.151 T:140518328624896 DEBUG: CWebServer [OUT] wrote 2048 bytes from 26624 in range (0 - 59433)
2019-05-14 18:39:07.151 T:140518328624896 DEBUG: CWebServer [OUT] write maximum 2048 bytes from 28672 (28672)
2019-05-14 18:39:07.151 T:140518328624896 DEBUG: CWebServer [OUT] wrote 2048 bytes from 28672 in range (0 - 59433)
2019-05-14 18:39:07.151 T:140518328624896 DEBUG: CWebServer [OUT] write maximum 2048 bytes from 30720 (30720)
2019-05-14 18:39:07.152 T:140518328624896 DEBUG: CWebServer [OUT] wrote 2048 bytes from 30720 in range (0 - 59433)
2019-05-14 18:39:07.152 T:140518328624896 DEBUG: CWebServer [OUT] write maximum 2048 bytes from 32768 (32768)
2019-05-14 18:39:07.152 T:140518328624896 DEBUG: CWebServer [OUT] wrote 2048 bytes from 32768 in range (0 - 59433)
2019-05-14 18:39:07.152 T:140518328624896 DEBUG: CWebServer [OUT] write maximum 2048 bytes from 34816 (34816)
2019-05-14 18:39:07.152 T:140518328624896 DEBUG: CWebServer [OUT] wrote 2048 bytes from 34816 in range (0 - 59433)
2019-05-14 18:39:07.152 T:140518328624896 DEBUG: CWebServer [OUT] write maximum 2048 bytes from 36864 (36864)
2019-05-14 18:39:07.152 T:140518328624896 DEBUG: CWebServer [OUT] wrote 2048 bytes from 36864 in range (0 - 59433)
2019-05-14 18:39:07.152 T:140518328624896 DEBUG: CWebServer [OUT] write maximum 2048 bytes from 38912 (38912)
2019-05-14 18:39:07.152 T:140518328624896 DEBUG: CWebServer [OUT] wrote 2048 bytes from 38912 in range (0 - 59433)
2019-05-14 18:39:07.152 T:140518328624896 DEBUG: CWebServer [OUT] write maximum 2048 bytes from 40960 (40960)
2019-05-14 18:39:07.152 T:140518328624896 DEBUG: CWebServer [OUT] wrote 2048 bytes from 40960 in range (0 - 59433)
2019-05-14 18:39:07.152 T:140518328624896 DEBUG: CWebServer [OUT] write maximum 2048 bytes from 43008 (43008)
2019-05-14 18:39:07.152 T:140518328624896 DEBUG: CWebServer [OUT] wrote 2048 bytes from 43008 in range (0 - 59433)
2019-05-14 18:39:07.152 T:140518328624896 DEBUG: CWebServer [OUT] write maximum 2048 bytes from 45056 (45056)
2019-05-14 18:39:07.152 T:140518328624896 DEBUG: CWebServer [OUT] wrote 2048 bytes from 45056 in range (0 - 59433)
2019-05-14 18:39:07.152 T:140518328624896 DEBUG: CWebServer [OUT] write maximum 2048 bytes from 47104 (47104)
2019-05-14 18:39:07.152 T:140518328624896 DEBUG: CWebServer [OUT] wrote 2048 bytes from 47104 in range (0 - 59433)
2019-05-14 18:39:07.152 T:140518328624896 DEBUG: CWebServer [OUT] write maximum 2048 bytes from 49152 (49152)
2019-05-14 18:39:07.152 T:140518328624896 DEBUG: CWebServer [OUT] wrote 2048 bytes from 49152 in range (0 - 59433)
2019-05-14 18:39:07.152 T:140518328624896 DEBUG: CWebServer [OUT] write maximum 2048 bytes from 51200 (51200)
2019-05-14 18:39:07.152 T:140518328624896 DEBUG: CWebServer [OUT] wrote 2048 bytes from 51200 in range (0 - 59433)
2019-05-14 18:39:07.152 T:140518328624896 DEBUG: CWebServer [OUT] write maximum 2048 bytes from 53248 (53248)
2019-05-14 18:39:07.152 T:140518328624896 DEBUG: CWebServer [OUT] wrote 2048 bytes from 53248 in range (0 - 59433)
2019-05-14 18:39:07.153 T:140518328624896 DEBUG: CWebServer [OUT] write maximum 2048 bytes from 55296 (55296)
2019-05-14 18:39:07.153 T:140518328624896 DEBUG: CWebServer [OUT] wrote 2048 bytes from 55296 in range (0 - 59433)
2019-05-14 18:39:07.153 T:140518328624896 DEBUG: CWebServer [OUT] write maximum 2048 bytes from 57344 (57344)
2019-05-14 18:39:07.153 T:140518328624896 DEBUG: CWebServer [OUT] wrote 2048 bytes from 57344 in range (0 - 59433)
2019-05-14 18:39:07.153 T:140518328624896 DEBUG: CWebServer [OUT] write maximum 42 bytes from 59392 (59392)
2019-05-14 18:39:07.153 T:140518328624896 DEBUG: CWebServer [OUT] wrote 42 bytes from 59392 in range (0 - 59433)
2019-05-14 18:39:07.153 T:140518328624896 DEBUG: CWebServer [OUT] done
2019-05-14 18:39:07.188 T:140518328624896 DEBUG: CWebServer[8081]: request received for /jsonrpc
2019-05-14 18:39:07.188 T:140518328624896 DEBUG: CWebServer[8081] [IN] HTTP/1.1 POST /jsonrpc
2019-05-14 18:39:07.188 T:140518328624896 DEBUG: CWebServer[8081] [IN] Accept-Encoding: gzip
2019-05-14 18:39:07.188 T:140518328624896 DEBUG: CWebServer[8081] [IN] Authorization: Basic YmV0bWVuOkJldG1lbjU1MjA5Mg==
2019-05-14 18:39:07.188 T:140518328624896 DEBUG: CWebServer[8081] [IN] Connection: Keep-Alive
2019-05-14 18:39:07.188 T:140518328624896 DEBUG: CWebServer[8081] [IN] Content-Length: 114
2019-05-14 18:39:07.188 T:140518328624896 DEBUG: CWebServer[8081] [IN] Content-Type: application/json; charset=utf-8
2019-05-14 18:39:07.188 T:140518328624896 DEBUG: CWebServer[8081] [IN] Host: 192.168.1.100:8081
2019-05-14 18:39:07.188 T:140518328624896 DEBUG: CWebServer[8081] [IN] User-Agent: okhttp/3.14.1
2019-05-14 18:39:07.189 T:140518328624896 DEBUG: JSONRPC: Incoming request: {"id":3,"jsonrpc":"2.0","method":"Settings.GetSettingValue","params":{"setting":"musiclibrary.useartistsortname"}}
2019-05-14 18:39:07.189 T:140518328624896 DEBUG: CWebServer[8081] [OUT] Accept-Ranges: none
2019-05-14 18:39:07.189 T:140518328624896 DEBUG: CWebServer[8081] [OUT] Cache-Control: private, max-age=0, no-cache
2019-05-14 18:39:07.189 T:140518328624896 DEBUG: CWebServer[8081] [OUT] Content-Length: 49
2019-05-14 18:39:07.189 T:140518328624896 DEBUG: CWebServer[8081] [OUT] Content-Type: application/json
2019-05-14 18:39:07.189 T:140518328624896 DEBUG: CWebServer[8081] [OUT] HTTP/1.1 200 /jsonrpc
2019-05-14 18:39:07.189 T:140518328624896 DEBUG: CWebServer[8081] [OUT] Accept-Encoding: gzip
2019-05-14 18:39:07.189 T:140518328624896 DEBUG: CWebServer[8081] [OUT] Authorization: Basic YmV0bWVuOkJldG1lbjU1MjA5Mg==
2019-05-14 18:39:07.189 T:140518328624896 DEBUG: CWebServer[8081] [OUT] Connection: Keep-Alive
2019-05-14 18:39:07.189 T:140518328624896 DEBUG: CWebServer[8081] [OUT] Content-Length: 114
2019-05-14 18:39:07.189 T:140518328624896 DEBUG: CWebServer[8081] [OUT] Content-Type: application/json; charset=utf-8
2019-05-14 18:39:07.189 T:140518328624896 DEBUG: CWebServer[8081] [OUT] Host: 192.168.1.100:8081
2019-05-14 18:39:07.189 T:140518328624896 DEBUG: CWebServer[8081] [OUT] User-Agent: okhttp/3.14.1
2019-05-14 18:39:07.196 T:140517346195200 DEBUG: CWebServer[8081]: request received for /image/image%3A%2F%2Fmusic%40%252fmnt%252fhome_server%252fMedia%252fMusic%252fQueen%2520-%2520At%2520the%2520Beeb%2520(1989)%252f01%2520Queen%2520-%2520My%2520Fairy%2520King.mp3%2F
2019-05-14 18:39:07.197 T:140517346195200 DEBUG: CWebServer[8081] [IN] HTTP/1.1 GET /image/image%3A%2F%2Fmusic%40%252fmnt%252fhome_server%252fMedia%252fMusic%252fQueen%2520-%2520At%2520the%2520Beeb%2520(1989)%252f01%2520Queen%2520-%2520My%2520Fairy%2520King.mp3%2F
2019-05-14 18:39:07.197 T:140517346195200 DEBUG: CWebServer[8081] [IN] Accept-Encoding: gzip
2019-05-14 18:39:07.197 T:140517346195200 DEBUG: CWebServer[8081] [IN] Authorization: Basic YmV0bWVuOkJldG1lbjU1MjA5Mg==
2019-05-14 18:39:07.197 T:140517346195200 DEBUG: CWebServer[8081] [IN] Connection: Keep-Alive
2019-05-14 18:39:07.197 T:140517346195200 DEBUG: CWebServer[8081] [IN] Host: 192.168.1.100:8081
2019-05-14 18:39:07.197 T:140517346195200 DEBUG: CWebServer[8081] [IN] User-Agent: okhttp/3.14.1
2019-05-14 18:39:07.198 T:140517346195200 DEBUG: CUtil::GetMatchingSource: no matching source found for [/mnt/home_server/Media/Music/Queen - At the Beeb (1989)/01 Queen - My Fairy King.mp3]
2019-05-14 18:39:07.221 T:140518176581376 DEBUG: Previous line repeats 2 times.
2019-05-14 18:39:07.221 T:140518176581376 DEBUG: CWebServer[8081]: request received for /image/image%3A%2F%2Fmusic%40%252fmnt%252fhome_server%252fMedia%252fMusic%252fCechomor%2520-%2520Promeny%252f01%2520Cechomor%2520-%2520Zalinsky.mp3%2F
2019-05-14 18:39:07.222 T:140518176581376 DEBUG: CWebServer[8081] [IN] HTTP/1.1 GET /image/image%3A%2F%2Fmusic%40%252fmnt%252fhome_server%252fMedia%252fMusic%252fCechomor%2520-%2520Promeny%252f01%2520Cechomor%2520-%2520Zalinsky.mp3%2F
2019-05-14 18:39:07.222 T:140518176581376 DEBUG: CWebServer[8081] [IN] Accept-Encoding: gzip
2019-05-14 18:39:07.222 T:140518176581376 DEBUG: CWebServer[8081] [IN] Authorization: Basic YmV0bWVuOkJldG1lbjU1MjA5Mg==
2019-05-14 18:39:07.222 T:140518176581376 DEBUG: CWebServer[8081] [IN] Connection: Keep-Alive
2019-05-14 18:39:07.222 T:140518176581376 DEBUG: CWebServer[8081] [IN] Host: 192.168.1.100:8081
2019-05-14 18:39:07.222 T:140518176581376 DEBUG: CWebServer[8081] [IN] User-Agent: okhttp/3.14.1
2019-05-14 18:39:07.225 T:140518176581376 DEBUG: CUtil::GetMatchingSource: no matching source found for [/mnt/home_server/Media/Music/Cechomor - Promeny/01 Cechomor - Zalinsky.mp3]
2019-05-14 18:39:07.231 T:140518176581376 DEBUG: Previous line repeats 5 times.
2019-05-14 18:39:07.231 T:140518176581376 DEBUG: CWebServer[8081] [OUT] Accept-Ranges: bytes
2019-05-14 18:39:07.231 T:140518176581376 DEBUG: CWebServer[8081] [OUT] Cache-Control: public, max-age=604800
2019-05-14 18:39:07.231 T:140518176581376 DEBUG: CWebServer[8081] [OUT] Expires: Tue, 21 May 2019 16:39:07 GMT
2019-05-14 18:39:07.231 T:140518176581376 DEBUG: CWebServer[8081] [OUT] Last-Modified: Fri, 06 Apr 2018 14:07:03 GMT
2019-05-14 18:39:07.231 T:140518176581376 DEBUG: CWebServer[8081] [OUT] HTTP/1.1 200 /image/image%3A%2F%2Fmusic%40%252fmnt%252fhome_server%252fMedia%252fMusic%252fCechomor%2520-%2520Promeny%252f01%2520Cechomor%2520-%2520Zalinsky.mp3%2F
2019-05-14 18:39:07.231 T:140518176581376 DEBUG: CWebServer[8081] [OUT] Accept-Encoding: gzip
2019-05-14 18:39:07.231 T:140518176581376 DEBUG: CWebServer[8081] [OUT] Authorization: Basic YmV0bWVuOkJldG1lbjU1MjA5Mg==
