2019-05-14 18:39:06.694 T:140518176581376 DEBUG: CWebServer [OUT] write maximum 2048 bytes from 8192 (8192)
2019-05-14 18:39:06.694 T:140516322834176 DEBUG: CWebServer [OUT] write maximum 2048 bytes from 12288 (12288)
2019-05-14 18:39:06.694 T:140517346195200 DEBUG: CWebServer [OUT] write maximum 2048 bytes from 22528 (22528)
2019-05-14 18:39:06.694 T:140516339619584 DEBUG: CWebServer [OUT] write maximum 2048 bytes from 28672 (28672)
2019-05-14 18:39:06.694 T:140518176581376 DEBUG: CWebServer [OUT] wrote 2048 bytes from 8192 in range (0 - 71339)
2019-05-14 18:39:06.694 T:140516322834176 DEBUG: CWebServer [OUT] wrote 2048 bytes from 12288 in range (0 - 29896)
2019-05-14 18:39:06.694 T:140517346195200 DEBUG: CWebServer [OUT] wrote 2048 bytes from 22528 in range (0 - 129408)
2019-05-14 18:39:06.694 T:140516339619584 DEBUG: CWebServer [OUT] wrote 2048 bytes from 28672 in range (0 - 72388)
2019-05-14 18:39:06.694 T:140518176581376 DEBUG: CWebServer [OUT] write maximum 2048 bytes from 10240 (10240)
2019-05-14 18:39:06.694 T:140516322834176 DEBUG: CWebServer [OUT] write maximum 2048 bytes from 14336 (14336)
2019-05-14 18:39:06.694 T:140517346195200 DEBUG: CWebServer [OUT] write maximum 2048 bytes from 24576 (24576)
2019-05-14 18:39:06.695 T:140518176581376 DEBUG: CWebServer [OUT] wrote 2048 bytes from 10240 in range (0 - 71339)
2019-05-14 18:39:06.695 T:140516322834176 DEBUG: CWebServer [OUT] wrote 2048 bytes from 14336 in range (0 - 29896)
2019-05-14 18:39:06.695 T:140517346195200 DEBUG: CWebServer [OUT] wrote 2048 bytes from 24576 in range (0 - 129408)
2019-05-14 18:39:06.695 T:140518176581376 DEBUG: CWebServer [OUT] write maximum 2048 bytes from 12288 (12288)
2019-05-14 18:39:06.695 T:140516322834176 DEBUG: CWebServer [OUT] write maximum 2048 bytes from 16384 (16384)
2019-05-14 18:39:06.695 T:140517346195200 DEBUG: CWebServer [OUT] write maximum 2048 bytes from 26624 (26624)
2019-05-14 18:39:06.695 T:140518176581376 DEBUG: CWebServer [OUT] wrote 2048 bytes from 12288 in range (0 - 71339)
2019-05-14 18:39:06.695 T:140516322834176 DEBUG: CWebServer [OUT] wrote 2048 bytes from 16384 in range (0 - 29896)
2019-05-14 18:39:06.695 T:140517346195200 DEBUG: CWebServer [OUT] wrote 2048 bytes from 26624 in range (0 - 129408)
2019-05-14 18:39:06.695 T:140516339619584 DEBUG: CWebServer [OUT] write maximum 2048 bytes from 30720 (30720)
2019-05-14 18:39:06.695 T:140518176581376 DEBUG: CWebServer [OUT] write maximum 2048 bytes from 14336 (14336)
2019-05-14 18:39:06.695 T:140516322834176 DEBUG: CWebServer [OUT] write maximum 2048 bytes from 18432 (18432)
2019-05-14 18:39:06.695 T:140517346195200 DEBUG: CWebServer [OUT] write maximum 2048 bytes from 28672 (28672)
2019-05-14 18:39:06.695 T:140516339619584 DEBUG: CWebServer [OUT] wrote 2048 bytes from 30720 in range (0 - 72388)
2019-05-14 18:39:06.695 T:140518176581376 DEBUG: CWebServer [OUT] wrote 2048 bytes from 14336 in range (0 - 71339)
2019-05-14 18:39:06.696 T:140516322834176 DEBUG: CWebServer [OUT] wrote 2048 bytes from 18432 in range (0 - 29896)
2019-05-14 18:39:06.696 T:140517346195200 DEBUG: CWebServer [OUT] wrote 2048 bytes from 28672 in range (0 - 129408)
2019-05-14 18:39:06.696 T:140516339619584 DEBUG: CWebServer [OUT] write maximum 2048 bytes from 32768 (32768)
2019-05-14 18:39:06.696 T:140518176581376 DEBUG: CWebServer [OUT] write maximum 2048 bytes from 16384 (16384)
2019-05-14 18:39:06.696 T:140517346195200 DEBUG: CWebServer [OUT] write maximum 2048 bytes from 30720 (30720)
2019-05-14 18:39:06.696 T:140516339619584 DEBUG: CWebServer [OUT] wrote 2048 bytes from 32768 in range (0 - 72388)
2019-05-14 18:39:06.696 T:140517346195200 DEBUG: CWebServer [OUT] wrote 2048 bytes from 30720 in range (0 - 129408)
2019-05-14 18:39:06.696 T:140518176581376 DEBUG: CWebServer [OUT] wrote 2048 bytes from 16384 in range (0 - 71339)
2019-05-14 18:39:06.696 T:140516339619584 DEBUG: CWebServer [OUT] write maximum 2048 bytes from 34816 (34816)
2019-05-14 18:39:06.696 T:140518176581376 DEBUG: CWebServer [OUT] write maximum 2048 bytes from 18432 (18432)
2019-05-14 18:39:06.696 T:140516339619584 DEBUG: CWebServer [OUT] wrote 2048 bytes from 34816 in range (0 - 72388)
2019-05-14 18:39:06.696 T:140518176581376 DEBUG: CWebServer [OUT] wrote 2048 bytes from 18432 in range (0 - 71339)
2019-05-14 18:39:06.696 T:140516339619584 DEBUG: CWebServer [OUT] write maximum 2048 bytes from 36864 (36864)
2019-05-14 18:39:06.696 T:140516339619584 DEBUG: CWebServer [OUT] wrote 2048 bytes from 36864 in range (0 - 72388)
2019-05-14 18:39:06.696 T:140516339619584 DEBUG: CWebServer [OUT] write maximum 2048 bytes from 38912 (38912)
2019-05-14 18:39:06.696 T:140516339619584 DEBUG: CWebServer [OUT] wrote 2048 bytes from 38912 in range (0 - 72388)
2019-05-14 18:39:06.697 T:140517346195200 DEBUG: CWebServer [OUT] write maximum 2048 bytes from 32768 (32768)
2019-05-14 18:39:06.697 T:140516339619584 DEBUG: CWebServer [OUT] write maximum 2048 bytes from 40960 (40960)
2019-05-14 18:39:06.697 T:140517346195200 DEBUG: CWebServer [OUT] wrote 2048 bytes from 32768 in range (0 - 129408)
2019-05-14 18:39:06.697 T:140516339619584 DEBUG: CWebServer [OUT] wrote 2048 bytes from 40960 in range (0 - 72388)
2019-05-14 18:39:06.697 T:140518176581376 DEBUG: CWebServer [OUT] write maximum 2048 bytes from 20480 (20480)
2019-05-14 18:39:06.697 T:140517346195200 DEBUG: CWebServer [OUT] write maximum 2048 bytes from 34816 (34816)
2019-05-14 18:39:06.697 T:140516322834176 DEBUG: CWebServer [OUT] write maximum 2048 bytes from 20480 (20480)
2019-05-14 18:39:06.697 T:140516339619584 DEBUG: CWebServer [OUT] write maximum 2048 bytes from 43008 (43008)
2019-05-14 18:39:06.697 T:140518176581376 DEBUG: CWebServer [OUT] wrote 2048 bytes from 20480 in range (0 - 71339)
2019-05-14 18:39:06.697 T:140517346195200 DEBUG: CWebServer [OUT] wrote 2048 bytes from 34816 in range (0 - 129408)
2019-05-14 18:39:06.697 T:140516322834176 DEBUG: CWebServer [OUT] wrote 2048 bytes from 20480 in range (0 - 29896)
2019-05-14 18:39:06.697 T:140516339619584 DEBUG: CWebServer [OUT] wrote 2048 bytes from 43008 in range (0 - 72388)
2019-05-14 18:39:06.697 T:140518176581376 DEBUG: CWebServer [OUT] write maximum 2048 bytes from 22528 (22528)
2019-05-14 18:39:06.697 T:140517346195200 DEBUG: CWebServer [OUT] write maximum 2048 bytes from 36864 (36864)
2019-05-14 18:39:06.698 T:140516322834176 DEBUG: CWebServer [OUT] write maximum 2048 bytes from 22528 (22528)
2019-05-14 18:39:06.698 T:140516339619584 DEBUG: CWebServer [OUT] write maximum 2048 bytes from 45056 (45056)
2019-05-14 18:39:06.698 T:140518176581376 DEBUG: CWebServer [OUT] wrote 2048 bytes from 22528 in range (0 - 71339)
2019-05-14 18:39:06.698 T:140517346195200 DEBUG: CWebServer [OUT] wrote 2048 bytes from 36864 in range (0 - 129408)
2019-05-14 18:39:06.698 T:140516322834176 DEBUG: CWebServer [OUT] wrote 2048 bytes from 22528 in range (0 - 29896)
2019-05-14 18:39:06.698 T:140516339619584 DEBUG: CWebServer [OUT] wrote 2048 bytes from 45056 in range (0 - 72388)
2019-05-14 18:39:06.698 T:140517346195200 DEBUG: CWebServer [OUT] write maximum 2048 bytes from 38912 (38912)
2019-05-14 18:39:06.698 T:140516339619584 DEBUG: CWebServer [OUT] write maximum 2048 bytes from 47104 (47104)
2019-05-14 18:39:06.698 T:140517346195200 DEBUG: CWebServer [OUT] wrote 2048 bytes from 38912 in range (0 - 129408)
2019-05-14 18:39:06.698 T:140516339619584 DEBUG: CWebServer [OUT] wrote 2048 bytes from 47104 in range (0 - 72388)
2019-05-14 18:39:06.699 T:140517346195200 DEBUG: CWebServer [OUT] write maximum 2048 bytes from 40960 (40960)
2019-05-14 18:39:06.699 T:140517346195200 DEBUG: CWebServer [OUT] wrote 2048 bytes from 40960 in range (0 - 129408)
2019-05-14 18:39:06.699 T:140517346195200 DEBUG: CWebServer [OUT] write maximum 2048 bytes from 43008 (43008)
2019-05-14 18:39:06.700 T:140517346195200 DEBUG: CWebServer [OUT] wrote 2048 bytes from 43008 in range (0 - 129408)
2019-05-14 18:39:06.700 T:140517346195200 DEBUG: CWebServer [OUT] write maximum 2048 bytes from 45056 (45056)
2019-05-14 18:39:06.700 T:140517346195200 DEBUG: CWebServer [OUT] wrote 2048 bytes from 45056 in range (0 - 129408)
2019-05-14 18:39:06.700 T:140517346195200 DEBUG: CWebServer [OUT] write maximum 2048 bytes from 47104 (47104)
2019-05-14 18:39:06.700 T:140517346195200 DEBUG: CWebServer [OUT] wrote 2048 bytes from 47104 in range (0 - 129408)
2019-05-14 18:39:06.700 T:140517346195200 DEBUG: CWebServer [OUT] write maximum 2048 bytes from 49152 (49152)
2019-05-14 18:39:06.700 T:140517346195200 DEBUG: CWebServer [OUT] wrote 2048 bytes from 49152 in range (0 - 129408)
2019-05-14 18:39:06.700 T:140517346195200 DEBUG: CWebServer [OUT] write maximum 2048 bytes from 51200 (51200)
2019-05-14 18:39:06.700 T:140517346195200 DEBUG: CWebServer [OUT] wrote 2048 bytes from 51200 in range (0 - 129408)
2019-05-14 18:39:06.703 T:140516322834176 DEBUG: CWebServer [OUT] write maximum 2048 bytes from 24576 (24576)
2019-05-14 18:39:06.703 T:140516322834176 DEBUG: CWebServer [OUT] wrote 2048 bytes from 24576 in range (0 - 29896)
2019-05-14 18:39:06.703 T:140516322834176 DEBUG: CWebServer [OUT] write maximum 2048 bytes from 26624 (26624)
2019-05-14 18:39:06.703 T:140517346195200 DEBUG: CWebServer [OUT] write maximum 2048 bytes from 53248 (53248)
2019-05-14 18:39:06.703 T:140516322834176 DEBUG: CWebServer [OUT] wrote 2048 bytes from 26624 in range (0 - 29896)
2019-05-14 18:39:06.703 T:140517346195200 DEBUG: CWebServer [OUT] wrote 2048 bytes from 53248 in range (0 - 129408)
2019-05-14 18:39:06.703 T:140516322834176 DEBUG: CWebServer [OUT] write maximum 1225 bytes from 28672 (28672)
2019-05-14 18:39:06.703 T:140518176581376 DEBUG: CWebServer [OUT] write maximum 2048 bytes from 24576 (24576)
2019-05-14 18:39:06.703 T:140516322834176 DEBUG: CWebServer [OUT] wrote 1225 bytes from 28672 in range (0 - 29896)
2019-05-14 18:39:06.703 T:140518176581376 DEBUG: CWebServer [OUT] wrote 2048 bytes from 24576 in range (0 - 71339)
2019-05-14 18:39:06.703 T:140518328624896 DEBUG: CWebServer[8081]: request received for /jsonrpc
2019-05-14 18:39:06.703 T:140517346195200 DEBUG: CWebServer [OUT] write maximum 2048 bytes from 55296 (55296)
2019-05-14 18:39:06.703 T:140516322834176 DEBUG: CWebServer [OUT] done
2019-05-14 18:39:06.703 T:140516339619584 DEBUG: CWebServer [OUT] write maximum 2048 bytes from 49152 (49152)
2019-05-14 18:39:06.703 T:140518328624896 DEBUG: CWebServer[8081] [IN] HTTP/1.1 POST /jsonrpc
2019-05-14 18:39:06.703 T:140518176581376 DEBUG: CWebServer [OUT] write maximum 2048 bytes from 26624 (26624)
2019-05-14 18:39:06.703 T:140517346195200 DEBUG: CWebServer [OUT] wrote 2048 bytes from 55296 in range (0 - 129408)
2019-05-14 18:39:06.703 T:140516339619584 DEBUG: CWebServer [OUT] wrote 2048 bytes from 49152 in range (0 - 72388)
2019-05-14 18:39:06.704 T:140518328624896 DEBUG: CWebServer[8081] [IN] Accept-Encoding: gzip
2019-05-14 18:39:06.704 T:140518176581376 DEBUG: CWebServer [OUT] wrote 2048 bytes from 26624 in range (0 - 71339)
2019-05-14 18:39:06.704 T:140517346195200 DEBUG: CWebServer [OUT] write maximum 2048 bytes from 57344 (57344)
2019-05-14 18:39:06.704 T:140516339619584 DEBUG: CWebServer [OUT] write maximum 2048 bytes from 51200 (51200)
2019-05-14 18:39:06.704 T:140518328624896 DEBUG: CWebServer[8081] [IN] Authorization: Basic YmV0bWVuOkJldG1lbjU1MjA5Mg==
2019-05-14 18:39:06.704 T:140518176581376 DEBUG: CWebServer [OUT] write maximum 2048 bytes from 28672 (28672)
2019-05-14 18:39:06.704 T:140517346195200 DEBUG: CWebServer [OUT] wrote 2048 bytes from 57344 in range (0 - 129408)
2019-05-14 18:39:06.704 T:140516339619584 DEBUG: CWebServer [OUT] wrote 2048 bytes from 51200 in range (0 - 72388)
2019-05-14 18:39:06.704 T:140518328624896 DEBUG: CWebServer[8081] [IN] Connection: Keep-Alive
2019-05-14 18:39:06.704 T:140518176581376 DEBUG: CWebServer [OUT] wrote 2048 bytes from 28672 in range (0 - 71339)
2019-05-14 18:39:06.704 T:140517346195200 DEBUG: CWebServer [OUT] write maximum 2048 bytes from 59392 (59392)
2019-05-14 18:39:06.704 T:140518328624896 DEBUG: CWebServer[8081] [IN] Content-Length: 113
2019-05-14 18:39:06.704 T:140516339619584 DEBUG: CWebServer [OUT] write maximum 2048 bytes from 53248 (53248)
2019-05-14 18:39:06.704 T:140517346195200 DEBUG: CWebServer [OUT] wrote 2048 bytes from 59392 in range (0 - 129408)
2019-05-14 18:39:06.704 T:140518176581376 DEBUG: CWebServer [OUT] write maximum 2048 bytes from 30720 (30720)
2019-05-14 18:39:06.704 T:140518328624896 DEBUG: CWebServer[8081] [IN] Content-Type: application/json; charset=utf-8
2019-05-14 18:39:06.704 T:140516339619584 DEBUG: CWebServer [OUT] wrote 2048 bytes from 53248 in range (0 - 72388)
2019-05-14 18:39:06.704 T:140517346195200 DEBUG: CWebServer [OUT] write maximum 2048 bytes from 61440 (61440)
2019-05-14 18:39:06.705 T:140518176581376 DEBUG: CWebServer [OUT] wrote 2048 bytes from 30720 in range (0 - 71339)
2019-05-14 18:39:06.705 T:140518328624896 DEBUG: CWebServer[8081] [IN] Host: 192.168.1.100:8081
2019-05-14 18:39:06.705 T:140516339619584 DEBUG: CWebServer [OUT] write maximum 2048 bytes from 55296 (55296)
2019-05-14 18:39:06.705 T:140517346195200 DEBUG: CWebServer [OUT] wrote 2048 bytes from 61440 in range (0 - 129408)
2019-05-14 18:39:06.705 T:140518328624896 DEBUG: CWebServer[8081] [IN] User-Agent: okhttp/3.14.1
2019-05-14 18:39:06.705 T:140518176581376 DEBUG: CWebServer [OUT] write maximum 2048 bytes from 32768 (32768)
2019-05-14 18:39:06.705 T:140516339619584 DEBUG: CWebServer [OUT] wrote 2048 bytes from 55296 in range (0 - 72388)
2019-05-14 18:39:06.705 T:140517346195200 DEBUG: CWebServer [OUT] write maximum 2048 bytes from 63488 (63488)
2019-05-14 18:39:06.705 T:140518328624896 DEBUG: JSONRPC: Incoming request: {"id":793,"jsonrpc":"2.0","method":"Application.GetProperties","params":{"properties":["language","sorttokens"]}}
2019-05-14 18:39:06.705 T:140518176581376 DEBUG: CWebServer [OUT] wrote 2048 bytes from 32768 in range (0 - 71339)
2019-05-14 18:39:06.705 T:140516339619584 DEBUG: CWebServer [OUT] write maximum 2048 bytes from 57344 (57344)
2019-05-14 18:39:06.705 T:140517346195200 DEBUG: CWebServer [OUT] wrote 2048 bytes from 63488 in range (0 - 129408)
2019-05-14 18:39:06.705 T:140518328624896 DEBUG: CWebServer[8081] [OUT] Accept-Ranges: none
2019-05-14 18:39:06.705 T:140518176581376 DEBUG: CWebServer [OUT] write maximum 2048 bytes from 34816 (34816)
2019-05-14 18:39:06.705 T:140516339619584 DEBUG: CWebServer [OUT] wrote 2048 bytes from 57344 in range (0 - 72388)
2019-05-14 18:39:06.705 T:140517346195200 DEBUG: CWebServer [OUT] write maximum 2048 bytes from 65536 (65536)
2019-05-14 18:39:06.706 T:140518328624896 DEBUG: CWebServer[8081] [OUT] Cache-Control: private, max-age=0, no-cache
2019-05-14 18:39:06.706 T:140518176581376 DEBUG: CWebServer [OUT] wrote 2048 bytes from 34816 in range (0 - 71339)
2019-05-14 18:39:06.706 T:140516339619584 DEBUG: CWebServer [OUT] write maximum 2048 bytes from 59392 (59392)
2019-05-14 18:39:06.706 T:140517346195200 DEBUG: CWebServer [OUT] wrote 2048 bytes from 65536 in range (0 - 129408)
2019-05-14 18:39:06.706 T:140518328624896 DEBUG: CWebServer[8081] [OUT] Content-Length: 72
2019-05-14 18:39:06.706 T:140518176581376 DEBUG: CWebServer [OUT] write maximum 2048 bytes from 36864 (36864)
2019-05-14 18:39:06.706 T:140516339619584 DEBUG: CWebServer [OUT] wrote 2048 bytes from 59392 in range (0 - 72388)
2019-05-14 18:39:06.706 T:140517346195200 DEBUG: CWebServer [OUT] write maximum 2048 bytes from 67584 (67584)
2019-05-14 18:39:06.706 T:140518328624896 DEBUG: CWebServer[8081] [OUT] Content-Type: application/json
2019-05-14 18:39:06.706 T:140518176581376 DEBUG: CWebServer [OUT] wrote 2048 bytes from 36864 in range (0 - 71339)
2019-05-14 18:39:06.706 T:140516339619584 DEBUG: CWebServer [OUT] write maximum 2048 bytes from 61440 (61440)
2019-05-14 18:39:06.706 T:140517346195200 DEBUG: CWebServer [OUT] wrote 2048 bytes from 67584 in range (0 - 129408)
2019-05-14 18:39:06.706 T:140518328624896 DEBUG: CWebServer[8081] [OUT] HTTP/1.1 200 /jsonrpc
2019-05-14 18:39:06.706 T:140516339619584 DEBUG: CWebServer [OUT] wrote 2048 bytes from 61440 in range (0 - 72388)
2019-05-14 18:39:06.706 T:140518176581376 DEBUG: CWebServer [OUT] write maximum 2048 bytes from 38912 (38912)
2019-05-14 18:39:06.706 T:140517346195200 DEBUG: CWebServer [OUT] write maximum 2048 bytes from 69632 (69632)
2019-05-14 18:39:06.706 T:140518328624896 DEBUG: CWebServer[8081] [OUT] Accept-Encoding: gzip
2019-05-14 18:39:06.706 T:140516339619584 DEBUG: CWebServer [OUT] write maximum 2048 bytes from 63488 (63488)
2019-05-14 18:39:06.707 T:140518176581376 DEBUG: CWebServer [OUT] wrote 2048 bytes from 38912 in range (0 - 71339)
2019-05-14 18:39:06.707 T:140517346195200 DEBUG: CWebServer [OUT] wrote 2048 bytes from 69632 in range (0 - 129408)
2019-05-14 18:39:06.707 T:140518328624896 DEBUG: CWebServer[8081] [OUT] Authorization: Basic YmV0bWVuOkJldG1lbjU1MjA5Mg==
2019-05-14 18:39:06.707 T:140516339619584 DEBUG: CWebServer [OUT] wrote 2048 bytes from 63488 in range (0 - 72388)
2019-05-14 18:39:06.707 T:140517346195200 DEBUG: CWebServer [OUT] write maximum 2048 bytes from 71680 (71680)
2019-05-14 18:39:06.707 T:140518176581376 DEBUG: CWebServer [OUT] write maximum 2048 bytes from 40960 (40960)
2019-05-14 18:39:06.707 T:140518328624896 DEBUG: CWebServer[8081] [OUT] Connection: Keep-Alive
2019-05-14 18:39:06.707 T:140516339619584 DEBUG: CWebServer [OUT] write maximum 2048 bytes from 65536 (65536)
2019-05-14 18:39:06.707 T:140517346195200 DEBUG: CWebServer [OUT] wrote 2048 bytes from 71680 in range (0 - 129408)
2019-05-14 18:39:06.707 T:140518176581376 DEBUG: CWebServer [OUT] wrote 2048 bytes from 40960 in range (0 - 71339)
2019-05-14 18:39:06.708 T:140518328624896 DEBUG: CWebServer[8081] [OUT] Content-Length: 113
2019-05-14 18:39:06.708 T:140516339619584 DEBUG: CWebServer [OUT] wrote 2048 bytes from 65536 in range (0 - 72388)
2019-05-14 18:39:06.708 T:140517346195200 DEBUG: CWebServer [OUT] write maximum 2048 bytes from 73728 (73728)
2019-05-14 18:39:06.708 T:140518328624896 DEBUG: CWebServer[8081] [OUT] Content-Type: application/json; charset=utf-8
2019-05-14 18:39:06.708 T:140518176581376 DEBUG: CWebServer [OUT] write maximum 2048 bytes from 43008 (43008)
2019-05-14 18:39:06.708 T:140516339619584 DEBUG: CWebServer [OUT] write maximum 2048 bytes from 67584 (67584)
2019-05-14 18:39:06.708 T:140517346195200 DEBUG: CWebServer [OUT] wrote 2048 bytes from 73728 in range (0 - 129408)
2019-05-14 18:39:06.708 T:140518328624896 DEBUG: CWebServer[8081] [OUT] Host: 192.168.1.100:8081
2019-05-14 18:39:06.708 T:140518176581376 DEBUG: CWebServer [OUT] wrote 2048 bytes from 43008 in range (0 - 71339)
2019-05-14 18:39:06.708 T:140516339619584 DEBUG: CWebServer [OUT] wrote 2048 bytes from 67584 in range (0 - 72388)
2019-05-14 18:39:06.708 T:140517346195200 DEBUG: CWebServer [OUT] write maximum 2048 bytes from 75776 (75776)
2019-05-14 18:39:06.708 T:140518328624896 DEBUG: CWebServer[8081] [OUT] User-Agent: okhttp/3.14.1
2019-05-14 18:39:06.708 T:140518176581376 DEBUG: CWebServer [OUT] write maximum 2048 bytes from 45056 (45056)
2019-05-14 18:39:06.708 T:140516339619584 DEBUG: CWebServer [OUT] write maximum 2048 bytes from 69632 (69632)
2019-05-14 18:39:06.708 T:140518176581376 DEBUG: CWebServer [OUT] wrote 2048 bytes from 45056 in range (0 - 71339)
2019-05-14 18:39:06.708 T:140517346195200 DEBUG: CWebServer [OUT] wrote 2048 bytes from 75776 in range (0 - 129408)
2019-05-14 18:39:06.708 T:140516339619584 DEBUG: CWebServer [OUT] wrote 2048 bytes from 69632 in range (0 - 72388)
2019-05-14 18:39:06.708 T:140518176581376 DEBUG: CWebServer [OUT] write maximum 2048 bytes from 47104 (47104)
2019-05-14 18:39:06.708 T:140517346195200 DEBUG: CWebServer [OUT] write maximum 2048 bytes from 77824 (77824)
2019-05-14 18:39:06.708 T:140516339619584 DEBUG: CWebServer [OUT] write maximum 709 bytes from 71680 (71680)
2019-05-14 18:39:06.708 T:140518176581376 DEBUG: CWebServer [OUT] wrote 2048 bytes from 47104 in range (0 - 71339)
2019-05-14 18:39:06.709 T:140517346195200 DEBUG: CWebServer [OUT] wrote 2048 bytes from 77824 in range (0 - 129408)
2019-05-14 18:39:06.709 T:140516339619584 DEBUG: CWebServer [OUT] wrote 709 bytes from 71680 in range (0 - 72388)
2019-05-14 18:39:06.709 T:140516339619584 DEBUG: CWebServer [OUT] done
2019-05-14 18:39:06.711 T:140518176581376 DEBUG: CWebServer [OUT] write maximum 2048 bytes from 49152 (49152)
2019-05-14 18:39:06.711 T:140517346195200 DEBUG: CWebServer [OUT] write maximum 2048 bytes from 79872 (79872)
2019-05-14 18:39:06.711 T:140518176581376 DEBUG: CWebServer [OUT] wrote 2048 bytes from 49152 in range (0 - 71339)
2019-05-14 18:39:06.711 T:140517346195200 DEBUG: CWebServer [OUT] wrote 2048 bytes from 79872 in range (0 - 129408)
2019-05-14 18:39:06.711 T:140518176581376 DEBUG: CWebServer [OUT] write maximum 2048 bytes from 51200 (51200)
2019-05-14 18:39:06.712 T:140517346195200 DEBUG: CWebServer [OUT] write maximum 2048 bytes from 81920 (81920)
2019-05-14 18:39:06.712 T:140518176581376 DEBUG: CWebServer [OUT] wrote 2048 bytes from 51200 in range (0 - 71339)
2019-05-14 18:39:06.712 T:140517346195200 DEBUG: CWebServer [OUT] wrote 2048 bytes from 81920 in range (0 - 129408)
2019-05-14 18:39:06.712 T:140518176581376 DEBUG: CWebServer [OUT] write maximum 2048 bytes from 53248 (53248)
2019-05-14 18:39:06.712 T:140517346195200 DEBUG: CWebServer [OUT] write maximum 2048 bytes from 83968 (83968)
2019-05-14 18:39:06.712 T:140518176581376 DEBUG: CWebServer [OUT] wrote 2048 bytes from 53248 in range (0 - 71339)
2019-05-14 18:39:06.712 T:140517346195200 DEBUG: CWebServer [OUT] wrote 2048 bytes from 83968 in range (0 - 129408)
2019-05-14 18:39:06.712 T:140518176581376 DEBUG: CWebServer [OUT] write maximum 2048 bytes from 55296 (55296)
2019-05-14 18:39:06.712 T:140517346195200 DEBUG: CWebServer [OUT] write maximum 2048 bytes from 86016 (86016)
2019-05-14 18:39:06.712 T:140518176581376 DEBUG: CWebServer [OUT] wrote 2048 bytes from 55296 in range (0 - 71339)
2019-05-14 18:39:06.712 T:140517346195200 DEBUG: CWebServer [OUT] wrote 2048 bytes from 86016 in range (0 - 129408)
2019-05-14 18:39:06.712 T:140518176581376 DEBUG: CWebServer [OUT] write maximum 2048 bytes from 57344 (57344)
2019-05-14 18:39:06.712 T:140517346195200 DEBUG: CWebServer [OUT] write maximum 2048 bytes from 88064 (88064)
2019-05-14 18:39:06.712 T:140518176581376 DEBUG: CWebServer [OUT] wrote 2048 bytes from 57344 in range (0 - 71339)
2019-05-14 18:39:06.712 T:140517346195200 DEBUG: CWebServer [OUT] wrote 2048 bytes from 88064 in range (0 - 129408)
2019-05-14 18:39:06.712 T:140518176581376 DEBUG: CWebServer [OUT] write maximum 2048 bytes from 59392 (59392)
2019-05-14 18:39:06.712 T:140517346195200 DEBUG: CWebServer [OUT] write maximum 2048 bytes from 90112 (90112)
2019-05-14 18:39:06.712 T:140518176581376 DEBUG: CWebServer [OUT] wrote 2048 bytes from 59392 in range (0 - 71339)
2019-05-14 18:39:06.712 T:140517346195200 DEBUG: CWebServer [OUT] wrote 2048 bytes from 90112 in range (0 - 129408)
2019-05-14 18:39:06.712 T:140518176581376 DEBUG: CWebServer [OUT] write maximum 2048 bytes from 61440 (61440)
2019-05-14 18:39:06.713 T:140518176581376 DEBUG: CWebServer [OUT] wrote 2048 bytes from 61440 in range (0 - 71339)
2019-05-14 18:39:06.713 T:140518176581376 DEBUG: CWebServer [OUT] write maximum 2048 bytes from 63488 (63488)
2019-05-14 18:39:06.713 T:140518176581376 DEBUG: CWebServer [OUT] wrote 2048 bytes from 63488 in range (0 - 71339)
2019-05-14 18:39:06.713 T:140518176581376 DEBUG: CWebServer [OUT] write maximum 2048 bytes from 65536 (65536)
2019-05-14 18:39:06.713 T:140518176581376 DEBUG: CWebServer [OUT] wrote 2048 bytes from 65536 in range (0 - 71339)
2019-05-14 18:39:06.713 T:140518176581376 DEBUG: CWebServer [OUT] write maximum 2048 bytes from 67584 (67584)
2019-05-14 18:39:06.713 T:140518176581376 DEBUG: CWebServer [OUT] wrote 2048 bytes from 67584 in range (0 - 71339)
2019-05-14 18:39:06.713 T:140518176581376 DEBUG: CWebServer [OUT] write maximum 1708 bytes from 69632 (69632)
2019-05-14 18:39:06.713 T:140518176581376 DEBUG: CWebServer [OUT] wrote 1708 bytes from 69632 in range (0 - 71339)
2019-05-14 18:39:06.713 T:140517346195200 DEBUG: CWebServer [OUT] write maximum 2048 bytes from 92160 (92160)
2019-05-14 18:39:06.713 T:140518176581376 DEBUG: CWebServer [OUT] done
2019-05-14 18:39:06.713 T:140517346195200 DEBUG: CWebServer [OUT] wrote 2048 bytes from 92160 in range (0 - 129408)
2019-05-14 18:39:06.713 T:140517346195200 DEBUG: CWebServer [OUT] write maximum 2048 bytes from 94208 (94208)
2019-05-14 18:39:06.714 T:140517346195200 DEBUG: CWebServer [OUT] wrote 2048 bytes from 94208 in range (0 - 129408)
2019-05-14 18:39:06.714 T:140517346195200 DEBUG: CWebServer [OUT] write maximum 2048 bytes from 96256 (96256)
2019-05-14 18:39:06.714 T:140517346195200 DEBUG: CWebServer [OUT] wrote 2048 bytes from 96256 in range (0 - 129408)
2019-05-14 18:39:06.714 T:140517346195200 DEBUG: CWebServer [OUT] write maximum 2048 bytes from 98304 (98304)
2019-05-14 18:39:06.714 T:140517346195200 DEBUG: CWebServer [OUT] wrote 2048 bytes from 98304 in range (0 - 129408)
2019-05-14 18:39:06.714 T:140517346195200 DEBUG: CWebServer [OUT] write maximum 2048 bytes from 100352 (100352)
2019-05-14 18:39:06.714 T:140517346195200 DEBUG: CWebServer [OUT] wrote 2048 bytes from 100352 in range (0 - 129408)
2019-05-14 18:39:06.716 T:140517346195200 DEBUG: CWebServer [OUT] write maximum 2048 bytes from 102400 (102400)
2019-05-14 18:39:06.717 T:140517346195200 DEBUG: CWebServer [OUT] wrote 2048 bytes from 102400 in range (0 - 129408)
2019-05-14 18:39:06.718 T:140517346195200 DEBUG: CWebServer [OUT] write maximum 2048 bytes from 104448 (104448)
2019-05-14 18:39:06.718 T:140517346195200 DEBUG: CWebServer [OUT] wrote 2048 bytes from 104448 in range (0 - 129408)
2019-05-14 18:39:06.718 T:140517346195200 DEBUG: CWebServer [OUT] write maximum 2048 bytes from 106496 (106496)
2019-05-14 18:39:06.718 T:140517346195200 DEBUG: CWebServer [OUT] wrote 2048 bytes from 106496 in range (0 - 129408)
2019-05-14 18:39:06.719 T:140517346195200 DEBUG: CWebServer [OUT] write maximum 2048 bytes from 108544 (108544)
2019-05-14 18:39:06.719 T:140517346195200 DEBUG: CWebServer [OUT] wrote 2048 bytes from 108544 in range (0 - 129408)
2019-05-14 18:39:06.719 T:140517346195200 DEBUG: CWebServer [OUT] write maximum 2048 bytes from 110592 (110592)
2019-05-14 18:39:06.719 T:140517346195200 DEBUG: CWebServer [OUT] wrote 2048 bytes from 110592 in range (0 - 129408)
2019-05-14 18:39:06.719 T:140517346195200 DEBUG: CWebServer [OUT] write maximum 2048 bytes from 112640 (112640)
2019-05-14 18:39:06.719 T:140517346195200 DEBUG: CWebServer [OUT] wrote 2048 bytes from 112640 in range (0 - 129408)
2019-05-14 18:39:06.719 T:140517346195200 DEBUG: CWebServer [OUT] write maximum 2048 bytes from 114688 (114688)
2019-05-14 18:39:06.719 T:140517346195200 DEBUG: CWebServer [OUT] wrote 2048 bytes from 114688 in range (0 - 129408)
2019-05-14 18:39:06.719 T:140517346195200 DEBUG: CWebServer [OUT] write maximum 2048 bytes from 116736 (116736)
2019-05-14 18:39:06.719 T:140517346195200 DEBUG: CWebServer [OUT] wrote 2048 bytes from 116736 in range (0 - 129408)
2019-05-14 18:39:06.719 T:140517346195200 DEBUG: CWebServer [OUT] write maximum 2048 bytes from 118784 (118784)
2019-05-14 18:39:06.719 T:140517346195200 DEBUG: CWebServer [OUT] wrote 2048 bytes from 118784 in range (0 - 129408)
2019-05-14 18:39:06.719 T:140517346195200 DEBUG: CWebServer [OUT] write maximum 2048 bytes from 120832 (120832)
2019-05-14 18:39:06.719 T:140517346195200 DEBUG: CWebServer [OUT] wrote 2048 bytes from 120832 in range (0 - 129408)
2019-05-14 18:39:06.720 T:140517346195200 DEBUG: CWebServer [OUT] write maximum 2048 bytes from 122880 (122880)
2019-05-14 18:39:06.720 T:140517346195200 DEBUG: CWebServer [OUT] wrote 2048 bytes from 122880 in range (0 - 129408)
2019-05-14 18:39:06.720 T:140517346195200 DEBUG: CWebServer [OUT] write maximum 2048 bytes from 124928 (124928)
2019-05-14 18:39:06.720 T:140517346195200 DEBUG: CWebServer [OUT] wrote 2048 bytes from 124928 in range (0 - 129408)
2019-05-14 18:39:06.720 T:140517346195200 DEBUG: CWebServer [OUT] write maximum 2048 bytes from 126976 (126976)
2019-05-14 18:39:06.720 T:140517346195200 DEBUG: CWebServer [OUT] wrote 2048 bytes from 126976 in range (0 - 129408)
2019-05-14 18:39:06.723 T:140517346195200 DEBUG: CWebServer [OUT] write maximum 385 bytes from 129024 (129024)
2019-05-14 18:39:06.723 T:140517346195200 DEBUG: CWebServer [OUT] wrote 385 bytes from 129024 in range (0 - 129408)
2019-05-14 18:39:06.723 T:140517346195200 DEBUG: CWebServer [OUT] done
2019-05-14 18:39:06.761 T:140518328624896 DEBUG: CWebServer[8081]: request received for /image/image%3A%2F%2Fhttp%253a%252f%252fwww.thetvdb.com%252fbanners%252fepisodes%252f121361%252f3360391.jpg%2F
2019-05-14 18:39:06.761 T:140518328624896 DEBUG: CWebServer[8081] [IN] HTTP/1.1 GET /image/image%3A%2F%2Fhttp%253a%252f%252fwww.thetvdb.com%252fbanners%252fepisodes%252f121361%252f3360391.jpg%2F
2019-05-14 18:39:06.761 T:140518328624896 DEBUG: CWebServer[8081] [IN] Accept-Encoding: gzip
2019-05-14 18:39:06.761 T:140518328624896 DEBUG: CWebServer[8081] [IN] Authorization: Basic YmV0bWVuOkJldG1lbjU1MjA5Mg==
2019-05-14 18:39:06.761 T:140518328624896 DEBUG: CWebServer[8081] [IN] Connection: Keep-Alive
2019-05-14 18:39:06.761 T:140518328624896 DEBUG: CWebServer[8081] [IN] Host: 192.168.1.100:8081
2019-05-14 18:39:06.761 T:140518328624896 DEBUG: CWebServer[8081] [IN] User-Agent: okhttp/3.14.1
2019-05-14 18:39:06.764 T:140518328624896 DEBUG: CWebServer[8081] [OUT] Accept-Ranges: bytes
2019-05-14 18:39:06.764 T:140518328624896 DEBUG: CWebServer[8081] [OUT] Cache-Control: public, max-age=604800
2019-05-14 18:39:06.764 T:140518328624896 DEBUG: CWebServer[8081] [OUT] Expires: Tue, 21 May 2019 16:39:06 GMT
2019-05-14 18:39:06.764 T:140518328624896 DEBUG: CWebServer[8081] [OUT] Last-Modified: Thu, 05 Apr 2018 16:47:31 GMT
2019-05-14 18:39:06.764 T:140518328624896 DEBUG: CWebServer[8081] [OUT] HTTP/1.1 200 /image/image%3A%2F%2Fhttp%253a%252f%252fwww.thetvdb.com%252fbanners%252fepisodes%252f121361%252f3360391.jpg%2F
2019-05-14 18:39:06.764 T:140518328624896 DEBUG: CWebServer[8081] [OUT] Accept-Encoding: gzip
2019-05-14 18:39:06.764 T:140518328624896 DEBUG: CWebServer[8081] [OUT] Authorization: Basic YmV0bWVuOkJldG1lbjU1MjA5Mg==
2019-05-14 18:39:06.764 T:140518328624896 DEBUG: CWebServer[8081] [OUT] Connection: Keep-Alive
2019-05-14 18:39:06.764 T:140518328624896 DEBUG: CWebServer[8081] [OUT] Host: 192.168.1.100:8081
2019-05-14 18:39:06.764 T:140518328624896 DEBUG: CWebServer[8081] [OUT] User-Agent: okhttp/3.14.1
2019-05-14 18:39:06.765 T:140518328624896 DEBUG: CWebServer [OUT] write maximum 2048 bytes from 0 (0)
2019-05-14 18:39:06.765 T:140518328624896 DEBUG: CWebServer [OUT] wrote 2048 bytes from 0 in range (0 - 46593)
2019-05-14 18:39:06.765 T:140518328624896 DEBUG: CWebServer [OUT] write maximum 2048 bytes from 2048 (2048)
2019-05-14 18:39:06.765 T:140518328624896 DEBUG: CWebServer [OUT] wrote 2048 bytes from 2048 in range (0 - 46593)
2019-05-14 18:39:06.765 T:140518328624896 DEBUG: CWebServer [OUT] write maximum 2048 bytes from 4096 (4096)
2019-05-14 18:39:06.765 T:140518328624896 DEBUG: CWebServer [OUT] wrote 2048 bytes from 4096 in range (0 - 46593)
2019-05-14 18:39:06.765 T:140518328624896 DEBUG: CWebServer [OUT] write maximum 2048 bytes from 6144 (6144)
2019-05-14 18:39:06.765 T:140518328624896 DEBUG: CWebServer [OUT] wrote 2048 bytes from 6144 in range (0 - 46593)
2019-05-14 18:39:06.765 T:140518328624896 DEBUG: CWebServer [OUT] write maximum 2048 bytes from 8192 (8192)
2019-05-14 18:39:06.766 T:140518328624896 DEBUG: CWebServer [OUT] wrote 2048 bytes from 8192 in range (0 - 46593)
2019-05-14 18:39:06.766 T:140518328624896 DEBUG: CWebServer [OUT] write maximum 2048 bytes from 10240 (10240)
2019-05-14 18:39:06.766 T:140518328624896 DEBUG: CWebServer [OUT] wrote 2048 bytes from 10240 in range (0 - 46593)
2019-05-14 18:39:06.766 T:140518328624896 DEBUG: CWebServer [OUT] write maximum 2048 bytes from 12288 (12288)
2019-05-14 18:39:06.766 T:140518328624896 DEBUG: CWebServer [OUT] wrote 2048 bytes from 12288 in range (0 - 46593)
2019-05-14 18:39:06.766 T:140518328624896 DEBUG: CWebServer [OUT] write maximum 2048 bytes from 14336 (14336)
2019-05-14 18:39:06.766 T:140518328624896 DEBUG: CWebServer [OUT] wrote 2048 bytes from 14336 in range (0 - 46593)
2019-05-14 18:39:06.766 T:140518328624896 DEBUG: CWebServer [OUT] write maximum 2048 bytes from 16384 (16384)
2019-05-14 18:39:06.766 T:140518328624896 DEBUG: CWebServer [OUT] wrote 2048 bytes from 16384 in range (0 - 46593)
2019-05-14 18:39:06.766 T:140518328624896 DEBUG: CWebServer [OUT] write maximum 2048 bytes from 18432 (18432)
2019-05-14 18:39:06.766 T:140518328624896 DEBUG: CWebServer [OUT] wrote 2048 bytes from 18432 in range (0 - 46593)
2019-05-14 18:39:06.766 T:140518328624896 DEBUG: CWebServer [OUT] write maximum 2048 bytes from 20480 (20480)
2019-05-14 18:39:06.766 T:140518328624896 DEBUG: CWebServer [OUT] wrote 2048 bytes from 20480 in range (0 - 46593)
2019-05-14 18:39:06.766 T:140518328624896 DEBUG: CWebServer [OUT] write maximum 2048 bytes from 22528 (22528)
2019-05-14 18:39:06.766 T:140518328624896 DEBUG: CWebServer [OUT] wrote 2048 bytes from 22528 in range (0 - 46593)
2019-05-14 18:39:06.766 T:140518328624896 DEBUG: CWebServer [OUT] write maximum 2048 bytes from 24576 (24576)
2019-05-14 18:39:06.766 T:140518328624896 DEBUG: CWebServer [OUT] wrote 2048 bytes from 24576 in range (0 - 46593)
2019-05-14 18:39:06.766 T:140518328624896 DEBUG: CWebServer [OUT] write maximum 2048 bytes from 26624 (26624)
2019-05-14 18:39:06.766 T:140518328624896 DEBUG: CWebServer [OUT] wrote 2048 bytes from 26624 in range (0 - 46593)
2019-05-14 18:39:06.766 T:140518328624896 DEBUG: CWebServer [OUT] write maximum 2048 bytes from 28672 (28672)
2019-05-14 18:39:06.766 T:140518328624896 DEBUG: CWebServer [OUT] wrote 2048 bytes from 28672 in range (0 - 46593)
2019-05-14 18:39:06.766 T:140518328624896 DEBUG: CWebServer [OUT] write maximum 2048 bytes from 30720 (30720)
2019-05-14 18:39:06.766 T:140518328624896 DEBUG: CWebServer [OUT] wrote 2048 bytes from 30720 in range (0 - 46593)
2019-05-14 18:39:06.766 T:140518328624896 DEBUG: CWebServer [OUT] write maximum 2048 bytes from 32768 (32768)
2019-05-14 18:39:06.766 T:140518328624896 DEBUG: CWebServer [OUT] wrote 2048 bytes from 32768 in range (0 - 46593)
2019-05-14 18:39:06.767 T:140518328624896 DEBUG: CWebServer [OUT] write maximum 2048 bytes from 34816 (34816)
2019-05-14 18:39:06.767 T:140518328624896 DEBUG: CWebServer [OUT] wrote 2048 bytes from 34816 in range (0 - 46593)
2019-05-14 18:39:06.767 T:140518328624896 DEBUG: CWebServer [OUT] write maximum 2048 bytes from 36864 (36864)
2019-05-14 18:39:06.767 T:140518328624896 DEBUG: CWebServer [OUT] wrote 2048 bytes from 36864 in range (0 - 46593)
2019-05-14 18:39:06.768 T:140518328624896 DEBUG: CWebServer [OUT] write maximum 2048 bytes from 38912 (38912)
2019-05-14 18:39:06.768 T:140518328624896 DEBUG: CWebServer [OUT] wrote 2048 bytes from 38912 in range (0 - 46593)
2019-05-14 18:39:06.768 T:140518328624896 DEBUG: CWebServer [OUT] write maximum 2048 bytes from 40960 (40960)
2019-05-14 18:39:06.768 T:140518328624896 DEBUG: CWebServer [OUT] wrote 2048 bytes from 40960 in range (0 - 46593)
2019-05-14 18:39:06.768 T:140518328624896 DEBUG: CWebServer [OUT] write maximum 2048 bytes from 43008 (43008)
2019-05-14 18:39:06.769 T:140518328624896 DEBUG: CWebServer [OUT] wrote 2048 bytes from 43008 in range (0 - 46593)
2019-05-14 18:39:06.769 T:140518328624896 DEBUG: CWebServer [OUT] write maximum 1538 bytes from 45056 (45056)
2019-05-14 18:39:06.769 T:140518328624896 DEBUG: CWebServer [OUT] wrote 1538 bytes from 45056 in range (0 - 46593)
2019-05-14 18:39:06.769 T:140518328624896 DEBUG: CWebServer [OUT] done
2019-05-14 18:39:06.790 T:140518328624896 DEBUG: CWebServer[8081]: request received for /image/image%3A%2F%2Fhttp%253a%252f%252fwww.thetvdb.com%252fbanners%252fepisodes%252f121361%252f3254641.jpg%2F
2019-05-14 18:39:06.790 T:140518328624896 DEBUG: CWebServer[8081] [IN] HTTP/1.1 GET /image/image%3A%2F%2Fhttp%253a%252f%252fwww.thetvdb.com%252fbanners%252fepisodes%252f121361%252f3254641.jpg%2F
2019-05-14 18:39:06.790 T:140518328624896 DEBUG: CWebServer[8081] [IN] Accept-Encoding: gzip
2019-05-14 18:39:06.790 T:140518328624896 DEBUG: CWebServer[8081] [IN] Authorization: Basic YmV0bWVuOkJldG1lbjU1MjA5Mg==
2019-05-14 18:39:06.790 T:140518328624896 DEBUG: CWebServer[8081] [IN] Connection: Keep-Alive
2019-05-14 18:39:06.790 T:140518328624896 DEBUG: CWebServer[8081] [IN] Host: 192.168.1.100:8081
2019-05-14 18:39:06.790 T:140518328624896 DEBUG: CWebServer[8081] [IN] User-Agent: okhttp/3.14.1
2019-05-14 18:39:06.793 T:140518328624896 DEBUG: CWebServer[8081] [OUT] Accept-Ranges: bytes
2019-05-14 18:39:06.793 T:140518328624896 DEBUG: CWebServer[8081] [OUT] Cache-Control: public, max-age=604800
2019-05-14 18:39:06.793 T:140518328624896 DEBUG: CWebServer[8081] [OUT] Expires: Tue, 21 May 2019 16:39:06 GMT
2019-05-14 18:39:06.793 T:140518328624896 DEBUG: CWebServer[8081] [OUT] Last-Modified: Thu, 05 Apr 2018 16:47:29 GMT
2019-05-14 18:39:06.794 T:140518328624896 DEBUG: CWebServer[8081] [OUT] HTTP/1.1 200 /image/image%3A%2F%2Fhttp%253a%252f%252fwww.thetvdb.com%252fbanners%252fepisodes%252f121361%252f3254641.jpg%2F
2019-05-14 18:39:06.794 T:140518328624896 DEBUG: CWebServer[8081] [OUT] Accept-Encoding: gzip
2019-05-14 18:39:06.794 T:140518328624896 DEBUG: CWebServer[8081] [OUT] Authorization: Basic YmV0bWVuOkJldG1lbjU1MjA5Mg==
2019-05-14 18:39:06.794 T:140518328624896 DEBUG: CWebServer[8081] [OUT] Connection: Keep-Alive
2019-05-14 18:39:06.794 T:140518328624896 DEBUG: CWebServer[8081] [OUT] Host: 192.168.1.100:8081
2019-05-14 18:39:06.794 T:140518328624896 DEBUG: CWebServer[8081] [OUT] User-Agent: okhttp/3.14.1
2019-05-14 18:39:06.794 T:140518328624896 DEBUG: CWebServer [OUT] write maximum 2048 bytes from 0 (0)
2019-05-14 18:39:06.795 T:140518328624896 DEBUG: CWebServer [OUT] wrote 2048 bytes from 0 in range (0 - 37396)
2019-05-14 18:39:06.795 T:140518328624896 DEBUG: CWebServer [OUT] write maximum 2048 bytes from 2048 (2048)
2019-05-14 18:39:06.795 T:140518328624896 DEBUG: CWebServer [OUT] wrote 2048 bytes from 2048 in range (0 - 37396)
2019-05-14 18:39:06.795 T:140518328624896 DEBUG: CWebServer [OUT] write maximum 2048 bytes from 4096 (4096)
2019-05-14 18:39:06.795 T:140518328624896 DEBUG: CWebServer [OUT] wrote 2048 bytes from 4096 in range (0 - 37396)
2019-05-14 18:39:06.795 T:140518328624896 DEBUG: CWebServer [OUT] write maximum 2048 bytes from 6144 (6144)
2019-05-14 18:39:06.795 T:140518328624896 DEBUG: CWebServer [OUT] wrote 2048 bytes from 6144 in range (0 - 37396)
2019-05-14 18:39:06.795 T:140518328624896 DEBUG: CWebServer [OUT] write maximum 2048 bytes from 8192 (8192)
2019-05-14 18:39:06.795 T:140518328624896 DEBUG: CWebServer [OUT] wrote 2048 bytes from 8192 in range (0 - 37396)
2019-05-14 18:39:06.795 T:140518328624896 DEBUG: CWebServer [OUT] write maximum 2048 bytes from 10240 (10240)
2019-05-14 18:39:06.795 T:140518328624896 DEBUG: CWebServer [OUT] wrote 2048 bytes from 10240 in range (0 - 37396)
2019-05-14 18:39:06.795 T:140518328624896 DEBUG: CWebServer [OUT] write maximum 2048 bytes from 12288 (12288)
2019-05-14 18:39:06.795 T:140518328624896 DEBUG: CWebServer [OUT] wrote 2048 bytes from 12288 in range (0 - 37396)
2019-05-14 18:39:06.795 T:140518328624896 DEBUG: CWebServer [OUT] write maximum 2048 bytes from 14336 (14336)
2019-05-14 18:39:06.795 T:140518328624896 DEBUG: CWebServer [OUT] wrote 2048 bytes from 14336 in range (0 - 37396)
2019-05-14 18:39:06.795 T:140518328624896 DEBUG: CWebServer [OUT] write maximum 2048 bytes from 16384 (16384)
2019-05-14 18:39:06.796 T:140518328624896 DEBUG: CWebServer [OUT] wrote 2048 bytes from 16384 in range (0 - 37396)
2019-05-14 18:39:06.796 T:140518328624896 DEBUG: CWebServer [OUT] write maximum 2048 bytes from 18432 (18432)
2019-05-14 18:39:06.796 T:140518328624896 DEBUG: CWebServer [OUT] wrote 2048 bytes from 18432 in range (0 - 37396)
2019-05-14 18:39:06.796 T:140518328624896 DEBUG: CWebServer [OUT] write maximum 2048 bytes from 20480 (20480)
2019-05-14 18:39:06.796 T:140518328624896 DEBUG: CWebServer [OUT] wrote 2048 bytes from 20480 in range (0 - 37396)
2019-05-14 18:39:06.796 T:140518328624896 DEBUG: CWebServer [OUT] write maximum 2048 bytes from 22528 (22528)
2019-05-14 18:39:06.796 T:140518328624896 DEBUG: CWebServer [OUT] wrote 2048 bytes from 22528 in range (0 - 37396)
2019-05-14 18:39:06.796 T:140518328624896 DEBUG: CWebServer [OUT] write maximum 2048 bytes from 24576 (24576)
2019-05-14 18:39:06.796 T:140518328624896 DEBUG: CWebServer [OUT] wrote 2048 bytes from 24576 in range (0 - 37396)
2019-05-14 18:39:06.796 T:140518328624896 DEBUG: CWebServer [OUT] write maximum 2048 bytes from 26624 (26624)
2019-05-14 18:39:06.796 T:140518328624896 DEBUG: CWebServer [OUT] wrote 2048 bytes from 26624 in range (0 - 37396)
2019-05-14 18:39:06.796 T:140518328624896 DEBUG: CWebServer [OUT] write maximum 2048 bytes from 28672 (28672)
2019-05-14 18:39:06.796 T:140518328624896 DEBUG: CWebServer [OUT] wrote 2048 bytes from 28672 in range (0 - 37396)
2019-05-14 18:39:06.796 T:140518328624896 DEBUG: CWebServer [OUT] write maximum 2048 bytes from 30720 (30720)
2019-05-14 18:39:06.796 T:140518328624896 DEBUG: CWebServer [OUT] wrote 2048 bytes from 30720 in range (0 - 37396)
2019-05-14 18:39:06.796 T:140518328624896 DEBUG: CWebServer [OUT] write maximum 2048 bytes from 32768 (32768)
2019-05-14 18:39:06.796 T:140518328624896 DEBUG: CWebServer [OUT] wrote 2048 bytes from 32768 in range (0 - 37396)
2019-05-14 18:39:06.796 T:140518328624896 DEBUG: CWebServer [OUT] write maximum 2048 bytes from 34816 (34816)
2019-05-14 18:39:06.796 T:140518328624896 DEBUG: CWebServer [OUT] wrote 2048 bytes from 34816 in range (0 - 37396)
2019-05-14 18:39:06.796 T:140518328624896 DEBUG: CWebServer [OUT] write maximum 533 bytes from 36864 (36864)
2019-05-14 18:39:06.796 T:140518328624896 DEBUG: CWebServer [OUT] wrote 533 bytes from 36864 in range (0 - 37396)
2019-05-14 18:39:06.797 T:140518328624896 DEBUG: CWebServer [OUT] done
2019-05-14 18:39:06.812 T:140518328624896 DEBUG: CWebServer[8081]: request received for /image/image%3A%2F%2Fhttp%253a%252f%252fwww.thetvdb.com%252fbanners%252fepisodes%252f116091%252f1123861.jpg%2F
2019-05-14 18:39:06.812 T:140518328624896 DEBUG: CWebServer[8081] [IN] HTTP/1.1 GET /image/image%3A%2F%2Fhttp%253a%252f%252fwww.thetvdb.com%252fbanners%252fepisodes%252f116091%252f1123861.jpg%2F
2019-05-14 18:39:06.812 T:140518328624896 DEBUG: CWebServer[8081] [IN] Accept-Encoding: gzip
2019-05-14 18:39:06.812 T:140518328624896 DEBUG: CWebServer[8081] [IN] Authorization: Basic YmV0bWVuOkJldG1lbjU1MjA5Mg==
2019-05-14 18:39:06.812 T:140518328624896 DEBUG: CWebServer[8081] [IN] Connection: Keep-Alive
2019-05-14 18:39:06.812 T:140518328624896 DEBUG: CWebServer[8081] [IN] Host: 192.168.1.100:8081
2019-05-14 18:39:06.813 T:140518328624896 DEBUG: CWebServer[8081] [IN] User-Agent: okhttp/3.14.1
2019-05-14 18:39:06.819 T:140518328624896 DEBUG: CWebServer[8081] [OUT] Accept-Ranges: bytes
2019-05-14 18:39:06.819 T:140518328624896 DEBUG: CWebServer[8081] [OUT] Cache-Control: public, max-age=604800
2019-05-14 18:39:06.819 T:140518328624896 DEBUG: CWebServer[8081] [OUT] Expires: Tue, 21 May 2019 16:39:06 GMT
2019-05-14 18:39:06.819 T:140518328624896 DEBUG: CWebServer[8081] [OUT] Last-Modified: Thu, 05 Apr 2018 16:45:58 GMT
2019-05-14 18:39:06.819 T:140518328624896 DEBUG: CWebServer[8081] [OUT] HTTP/1.1 200 /image/image%3A%2F%2Fhttp%253a%252f%252fwww.thetvdb.com%252fbanners%252fepisodes%252f116091%252f1123861.jpg%2F
2019-05-14 18:39:06.819 T:140518328624896 DEBUG: CWebServer[8081] [OUT] Accept-Encoding: gzip
2019-05-14 18:39:06.819 T:140518328624896 DEBUG: CWebServer[8081] [OUT] Authorization: Basic YmV0bWVuOkJldG1lbjU1MjA5Mg==
2019-05-14 18:39:06.819 T:140518328624896 DEBUG: CWebServer[8081] [OUT] Connection: Keep-Alive
2019-05-14 18:39:06.819 T:140518328624896 DEBUG: CWebServer[8081] [OUT] Host: 192.168.1.100:8081
2019-05-14 18:39:06.819 T:140518328624896 DEBUG: CWebServer[8081] [OUT] User-Agent: okhttp/3.14.1
2019-05-14 18:39:06.820 T:140518328624896 DEBUG: CWebServer [OUT] write maximum 2048 bytes from 0 (0)
2019-05-14 18:39:06.820 T:140517346195200 DEBUG: CWebServer[8081]: request received for /image/image%3A%2F%2Fhttp%253a%252f%252fimage.tmdb.org%252ft%252fp%252foriginal%252ftf4BpcJhMmAZtt5ips9j8XRbNA3.jpg%2F
2019-05-14 18:39:06.820 T:140517346195200 DEBUG: CWebServer[8081] [IN] HTTP/1.1 GET /image/image%3A%2F%2Fhttp%253a%252f%252fimage.tmdb.org%252ft%252fp%252foriginal%252ftf4BpcJhMmAZtt5ips9j8XRbNA3.jpg%2F
2019-05-14 18:39:06.820 T:140517346195200 DEBUG: CWebServer[8081] [IN] Accept-Encoding: gzip
2019-05-14 18:39:06.820 T:140517346195200 DEBUG: CWebServer[8081] [IN] Authorization: Basic YmV0bWVuOkJldG1lbjU1MjA5Mg==
2019-05-14 18:39:06.820 T:140517346195200 DEBUG: CWebServer[8081] [IN] Connection: Keep-Alive
2019-05-14 18:39:06.821 T:140517346195200 DEBUG: CWebServer[8081] [IN] Host: 192.168.1.100:8081
2019-05-14 18:39:06.821 T:140518328624896 DEBUG: CWebServer [OUT] wrote 2048 bytes from 0 in range (0 - 35241)
2019-05-14 18:39:06.821 T:140517346195200 DEBUG: CWebServer[8081] [IN] User-Agent: okhttp/3.14.1
2019-05-14 18:39:06.821 T:140518328624896 DEBUG: CWebServer [OUT] write maximum 2048 bytes from 2048 (2048)
2019-05-14 18:39:06.821 T:140518328624896 DEBUG: CWebServer [OUT] wrote 2048 bytes from 2048 in range (0 - 35241)
2019-05-14 18:39:06.821 T:140518328624896 DEBUG: CWebServer [OUT] write maximum 2048 bytes from 4096 (4096)
2019-05-14 18:39:06.822 T:140518328624896 DEBUG: CWebServer [OUT] wrote 2048 bytes from 4096 in range (0 - 35241)
2019-05-14 18:39:06.822 T:140518328624896 DEBUG: CWebServer [OUT] write maximum 2048 bytes from 6144 (6144)
2019-05-14 18:39:06.822 T:140518328624896 DEBUG: CWebServer [OUT] wrote 2048 bytes from 6144 in range (0 - 35241)
2019-05-14 18:39:06.822 T:140518328624896 DEBUG: CWebServer [OUT] write maximum 2048 bytes from 8192 (8192)
2019-05-14 18:39:06.822 T:140518328624896 DEBUG: CWebServer [OUT] wrote 2048 bytes from 8192 in range (0 - 35241)
2019-05-14 18:39:06.822 T:140518328624896 DEBUG: CWebServer [OUT] write maximum 2048 bytes from 10240 (10240)
2019-05-14 18:39:06.822 T:140518328624896 DEBUG: CWebServer [OUT] wrote 2048 bytes from 10240 in range (0 - 35241)
2019-05-14 18:39:06.822 T:140518328624896 DEBUG: CWebServer [OUT] write maximum 2048 bytes from 12288 (12288)
2019-05-14 18:39:06.822 T:140518328624896 DEBUG: CWebServer [OUT] wrote 2048 bytes from 12288 in range (0 - 35241)
2019-05-14 18:39:06.822 T:140518328624896 DEBUG: CWebServer [OUT] write maximum 2048 bytes from 14336 (14336)
2019-05-14 18:39:06.823 T:140518328624896 DEBUG: CWebServer [OUT] wrote 2048 bytes from 14336 in range (0 - 35241)
2019-05-14 18:39:06.823 T:140518328624896 DEBUG: CWebServer [OUT] write maximum 2048 bytes from 16384 (16384)
2019-05-14 18:39:06.823 T:140518328624896 DEBUG: CWebServer [OUT] wrote 2048 bytes from 16384 in range (0 - 35241)
2019-05-14 18:39:06.823 T:140518328624896 DEBUG: CWebServer [OUT] write maximum 2048 bytes from 18432 (18432)
2019-05-14 18:39:06.823 T:140518328624896 DEBUG: CWebServer [OUT] wrote 2048 bytes from 18432 in range (0 - 35241)
2019-05-14 18:39:06.823 T:140518328624896 DEBUG: CWebServer [OUT] write maximum 2048 bytes from 20480 (20480)
2019-05-14 18:39:06.823 T:140518328624896 DEBUG: CWebServer [OUT] wrote 2048 bytes from 20480 in range (0 - 35241)
2019-05-14 18:39:06.823 T:140518328624896 DEBUG: CWebServer [OUT] write maximum 2048 bytes from 22528 (22528)
2019-05-14 18:39:06.824 T:140518328624896 DEBUG: CWebServer [OUT] wrote 2048 bytes from 22528 in range (0 - 35241)
2019-05-14 18:39:06.824 T:140518328624896 DEBUG: CWebServer [OUT] write maximum 2048 bytes from 24576 (24576)
2019-05-14 18:39:06.824 T:140518328624896 DEBUG: CWebServer [OUT] wrote 2048 bytes from 24576 in range (0 - 35241)
2019-05-14 18:39:06.824 T:140518328624896 DEBUG: CWebServer [OUT] write maximum 2048 bytes from 26624 (26624)
2019-05-14 18:39:06.824 T:140518328624896 DEBUG: CWebServer [OUT] wrote 2048 bytes from 26624 in range (0 - 35241)
2019-05-14 18:39:06.824 T:140518328624896 DEBUG: CWebServer [OUT] write maximum 2048 bytes from 28672 (28672)
2019-05-14 18:39:06.824 T:140518328624896 DEBUG: CWebServer [OUT] wrote 2048 bytes from 28672 in range (0 - 35241)
2019-05-14 18:39:06.824 T:140518328624896 DEBUG: CWebServer [OUT] write maximum 2048 bytes from 30720 (30720)
2019-05-14 18:39:06.824 T:140518328624896 DEBUG: CWebServer [OUT] wrote 2048 bytes from 30720 in range (0 - 35241)
2019-05-14 18:39:06.824 T:140518328624896 DEBUG: CWebServer [OUT] write maximum 2048 bytes from 32768 (32768)
2019-05-14 18:39:06.824 T:140518328624896 DEBUG: CWebServer [OUT] wrote 2048 bytes from 32768 in range (0 - 35241)
2019-05-14 18:39:06.824 T:140518328624896 DEBUG: CWebServer [OUT] write maximum 426 bytes from 34816 (34816)
2019-05-14 18:39:06.824 T:140518328624896 DEBUG: CWebServer [OUT] wrote 426 bytes from 34816 in range (0 - 35241)
2019-05-14 18:39:06.824 T:140518328624896 DEBUG: CWebServer [OUT] done
2019-05-14 18:39:06.828 T:140517346195200 DEBUG: CWebServer[8081] [OUT] Accept-Ranges: bytes
2019-05-14 18:39:06.828 T:140517346195200 DEBUG: CWebServer[8081] [OUT] Cache-Control: public, max-age=604800
2019-05-14 18:39:06.829 T:140517346195200 DEBUG: CWebServer[8081] [OUT] Expires: Tue, 21 May 2019 16:39:06 GMT
2019-05-14 18:39:06.829 T:140517346195200 DEBUG: CWebServer[8081] [OUT] Last-Modified: Sun, 12 May 2019 09:16:21 GMT
2019-05-14 18:39:06.829 T:140517346195200 DEBUG: CWebServer[8081] [OUT] HTTP/1.1 200 /image/image%3A%2F%2Fhttp%253a%252f%252fimage.tmdb.org%252ft%252fp%252foriginal%252ftf4BpcJhMmAZtt5ips9j8XRbNA3.jpg%2F
2019-05-14 18:39:06.829 T:140517346195200 DEBUG: CWebServer[8081] [OUT] Accept-Encoding: gzip
